{"id":1226,"date":"2022-09-06T15:34:21","date_gmt":"2022-09-06T20:34:21","guid":{"rendered":"https:\/\/www.ssaver.gob.mx\/proteccioncontrariesgossanitarios\/?page_id=1226"},"modified":"2026-03-03T18:48:01","modified_gmt":"2026-03-04T00:48:01","slug":"saneamiento-basico","status":"publish","type":"page","link":"https:\/\/www.ssaver.gob.mx\/proteccioncontrariesgossanitarios\/saneamiento-basico\/","title":{"rendered":"Saneamiento B\u00e1sico"},"content":{"rendered":"\n<div class=\"wp-block-group is-layout-constrained wp-container-core-group-is-layout-99939dce wp-block-group-is-layout-constrained\">\n<figure class=\"wp-block-image aligncenter size-large\"><img loading=\"lazy\" decoding=\"async\" width=\"1024\" height=\"368\" src=\"https:\/\/www.ssaver.gob.mx\/proteccioncontrariesgossanitarios\/wp-content\/uploads\/sites\/10\/2025\/08\/banner-saneamiento-basico-1024x368.png\" alt=\"\" class=\"wp-image-4982\" srcset=\"https:\/\/www.ssaver.gob.mx\/proteccioncontrariesgossanitarios\/wp-content\/uploads\/sites\/10\/2025\/08\/banner-saneamiento-basico-1024x368.png 1024w, https:\/\/www.ssaver.gob.mx\/proteccioncontrariesgossanitarios\/wp-content\/uploads\/sites\/10\/2025\/08\/banner-saneamiento-basico-300x108.png 300w, https:\/\/www.ssaver.gob.mx\/proteccioncontrariesgossanitarios\/wp-content\/uploads\/sites\/10\/2025\/08\/banner-saneamiento-basico-768x276.png 768w, https:\/\/www.ssaver.gob.mx\/proteccioncontrariesgossanitarios\/wp-content\/uploads\/sites\/10\/2025\/08\/banner-saneamiento-basico-1536x553.png 1536w, https:\/\/www.ssaver.gob.mx\/proteccioncontrariesgossanitarios\/wp-content\/uploads\/sites\/10\/2025\/08\/banner-saneamiento-basico-2048x737.png 2048w\" sizes=\"auto, (max-width: 1024px) 100vw, 1024px\" \/><\/figure>\n\n\n\n<h2 class=\"wp-block-heading has-text-align-center has-large-font-size\">OBJETIVO<\/h2>\n\n\n\n<hr class=\"wp-block-separator has-text-color has-alpha-channel-opacity has-background is-style-wide\" style=\"background-color:#9ed8b3;color:#9ed8b3\" \/>\n\n\n\n<p class=\"has-text-align-center\" style=\"font-size:15px\">Reducir riesgos sanitarios en la poblaci\u00f3n veracruzana, relacionados con factores f\u00edsicos, qu\u00edmicos, biol\u00f3gicos del agua y los alimentos, as\u00ed como el saneamiento insuficiente y las malas pr\u00e1cticas de higiene.<\/p>\n\n\n\n<p class=\"has-text-align-left has-white-color has-text-color has-background\" style=\"background-color:#9ed8b3;font-size:15px\"><strong>Poblaci\u00f3n objetivo<\/strong><\/p>\n\n\n\n<p class=\"has-text-align-left has-black-color has-white-background-color has-text-color has-background\" style=\"font-size:15px\">La poblaci\u00f3n abierta del estado de Veracruz, y en especial los habitantes de los municipios con hablantes ind\u00edgenas.<\/p>\n\n\n\n<p class=\"has-text-align-left has-white-color has-text-color has-background\" style=\"background-color:#9ed8b3;font-size:15px\"><strong>Actividades relevantes<\/strong><\/p>\n\n\n\n<ul style=\"font-size:15px\" class=\"wp-block-list has-black-color has-white-background-color has-text-color has-background\">\n<li>Capacitaci\u00f3n a personal de las 11 jurisdicciones sanitarias, as\u00ed como del sector educativo (BIENESTAR, CONAFE, INPI, TEBAEV, SEV, INEA, CECYTEV).&nbsp;<\/li>\n\n\n\n<li>Evaluaci\u00f3n del saneamiento b\u00e1sico en comunidades con rezago.&nbsp;<\/li>\n\n\n\n<li>Difusi\u00f3n del saneamiento b\u00e1sico a trav\u00e9s de la educaci\u00f3n para la salud.<\/li>\n\n\n\n<li>Concertaci\u00f3n con autoridades de nivel p\u00fablico, privado y el sector social.&nbsp;<\/li>\n<\/ul>\n\n\n\n<h2 class=\"wp-block-heading has-text-align-center has-large-font-size\">MATERIAL DE DIFUSI\u00d3N<\/h2>\n\n\n\n<hr class=\"wp-block-separator has-text-color has-alpha-channel-opacity has-background is-style-wide\" style=\"background-color:#9ed8b3;color:#9ed8b3\" \/>\n\n\n\n<div class=\"wp-block-columns is-layout-flex wp-container-core-columns-is-layout-28f84493 wp-block-columns-is-layout-flex\">\n<div class=\"wp-block-column is-layout-flow wp-block-column-is-layout-flow\" style=\"flex-basis:100%\"><\/div>\n<\/div>\n\n\n\n<p><\/p>\n\n\n\n<div class=\"wp-block-columns is-layout-flex wp-container-core-columns-is-layout-28f84493 wp-block-columns-is-layout-flex\">\n<div class=\"wp-block-column is-layout-flow wp-block-column-is-layout-flow\">\n<figure class=\"wp-block-image alignleft size-large is-resized\"><a href=\"https:\/\/www.ssaver.gob.mx\/proteccioncontrariesgossanitarios\/wp-content\/uploads\/sites\/10\/2025\/04\/DIPTICO-SANEAMIENTO-BASICO-2025.pdf\" target=\"_blank\"><img loading=\"lazy\" decoding=\"async\" width=\"919\" height=\"1024\" src=\"https:\/\/www.ssaver.gob.mx\/proteccioncontrariesgossanitarios\/wp-content\/uploads\/sites\/10\/2025\/06\/saneamiento-basico-61-919x1024.png\" alt=\"\" class=\"wp-image-4684\" style=\"width:322px;height:auto\" srcset=\"https:\/\/www.ssaver.gob.mx\/proteccioncontrariesgossanitarios\/wp-content\/uploads\/sites\/10\/2025\/06\/saneamiento-basico-61-919x1024.png 919w, https:\/\/www.ssaver.gob.mx\/proteccioncontrariesgossanitarios\/wp-content\/uploads\/sites\/10\/2025\/06\/saneamiento-basico-61-269x300.png 269w, https:\/\/www.ssaver.gob.mx\/proteccioncontrariesgossanitarios\/wp-content\/uploads\/sites\/10\/2025\/06\/saneamiento-basico-61-768x856.png 768w, https:\/\/www.ssaver.gob.mx\/proteccioncontrariesgossanitarios\/wp-content\/uploads\/sites\/10\/2025\/06\/saneamiento-basico-61-1379x1536.png 1379w, https:\/\/www.ssaver.gob.mx\/proteccioncontrariesgossanitarios\/wp-content\/uploads\/sites\/10\/2025\/06\/saneamiento-basico-61-1838x2048.png 1838w\" sizes=\"auto, (max-width: 919px) 100vw, 919px\" \/><\/a><\/figure>\n<\/div>\n\n\n\n<div class=\"wp-block-column is-layout-flow wp-block-column-is-layout-flow\">\n<figure class=\"wp-block-image aligncenter size-large is-resized\"><a href=\"https:\/\/www.ssaver.gob.mx\/proteccioncontrariesgossanitarios\/wp-content\/uploads\/sites\/10\/2025\/04\/CARTEL-BUENAS-PRACTICAS-DE-HIEGIENE-2025.pdf\" target=\"_blank\"><img loading=\"lazy\" decoding=\"async\" width=\"919\" height=\"1024\" src=\"https:\/\/www.ssaver.gob.mx\/proteccioncontrariesgossanitarios\/wp-content\/uploads\/sites\/10\/2025\/06\/saneamiento-basico-58-919x1024.png\" alt=\"\" class=\"wp-image-4681\" style=\"width:324px;height:auto\" srcset=\"https:\/\/www.ssaver.gob.mx\/proteccioncontrariesgossanitarios\/wp-content\/uploads\/sites\/10\/2025\/06\/saneamiento-basico-58-919x1024.png 919w, https:\/\/www.ssaver.gob.mx\/proteccioncontrariesgossanitarios\/wp-content\/uploads\/sites\/10\/2025\/06\/saneamiento-basico-58-269x300.png 269w, https:\/\/www.ssaver.gob.mx\/proteccioncontrariesgossanitarios\/wp-content\/uploads\/sites\/10\/2025\/06\/saneamiento-basico-58-768x856.png 768w, https:\/\/www.ssaver.gob.mx\/proteccioncontrariesgossanitarios\/wp-content\/uploads\/sites\/10\/2025\/06\/saneamiento-basico-58-1379x1536.png 1379w, https:\/\/www.ssaver.gob.mx\/proteccioncontrariesgossanitarios\/wp-content\/uploads\/sites\/10\/2025\/06\/saneamiento-basico-58-1838x2048.png 1838w\" sizes=\"auto, (max-width: 919px) 100vw, 919px\" \/><\/a><\/figure>\n<\/div>\n\n\n\n<div class=\"wp-block-column is-layout-flow wp-block-column-is-layout-flow\">\n<figure class=\"wp-block-image alignright size-large is-resized\"><a href=\"https:\/\/www.ssaver.gob.mx\/proteccioncontrariesgossanitarios\/wp-content\/uploads\/sites\/10\/2025\/03\/DIPTICO-ORDEN-Y-LIMPIEZA.-2025-pdf.pdf\" target=\"_blank\"><img loading=\"lazy\" decoding=\"async\" width=\"919\" height=\"1024\" src=\"https:\/\/www.ssaver.gob.mx\/proteccioncontrariesgossanitarios\/wp-content\/uploads\/sites\/10\/2025\/06\/saneamiento-basico-62-919x1024.png\" alt=\"\" class=\"wp-image-4685\" style=\"width:325px;height:auto\" srcset=\"https:\/\/www.ssaver.gob.mx\/proteccioncontrariesgossanitarios\/wp-content\/uploads\/sites\/10\/2025\/06\/saneamiento-basico-62-919x1024.png 919w, https:\/\/www.ssaver.gob.mx\/proteccioncontrariesgossanitarios\/wp-content\/uploads\/sites\/10\/2025\/06\/saneamiento-basico-62-269x300.png 269w, https:\/\/www.ssaver.gob.mx\/proteccioncontrariesgossanitarios\/wp-content\/uploads\/sites\/10\/2025\/06\/saneamiento-basico-62-768x856.png 768w, https:\/\/www.ssaver.gob.mx\/proteccioncontrariesgossanitarios\/wp-content\/uploads\/sites\/10\/2025\/06\/saneamiento-basico-62-1379x1536.png 1379w, https:\/\/www.ssaver.gob.mx\/proteccioncontrariesgossanitarios\/wp-content\/uploads\/sites\/10\/2025\/06\/saneamiento-basico-62-1838x2048.png 1838w\" sizes=\"auto, (max-width: 919px) 100vw, 919px\" \/><\/a><\/figure>\n<\/div>\n<\/div>\n\n\n\n<div style=\"height:63px\" aria-hidden=\"true\" class=\"wp-block-spacer\"><\/div>\n\n\n\n<div class=\"wp-block-columns is-layout-flex wp-container-core-columns-is-layout-28f84493 wp-block-columns-is-layout-flex\">\n<div class=\"wp-block-column is-layout-flow wp-block-column-is-layout-flow\" style=\"flex-basis:100%\">\n<div class=\"wp-block-columns is-layout-flex wp-container-core-columns-is-layout-28f84493 wp-block-columns-is-layout-flex\">\n<div class=\"wp-block-column is-layout-flow wp-block-column-is-layout-flow\">\n<figure class=\"wp-block-image aligncenter size-large is-resized\"><a href=\"https:\/\/www.ssaver.gob.mx\/proteccioncontrariesgossanitarios\/wp-content\/uploads\/sites\/10\/2025\/06\/CHECK-LIST_ESTRATEGIA-DENGUE_2025-pdf.pdf\" target=\"_blank\"><img loading=\"lazy\" decoding=\"async\" width=\"919\" height=\"1024\" src=\"https:\/\/www.ssaver.gob.mx\/proteccioncontrariesgossanitarios\/wp-content\/uploads\/sites\/10\/2025\/06\/saneamiento-basico-59-919x1024.png\" alt=\"\" class=\"wp-image-4687\" style=\"width:317px;height:auto\" srcset=\"https:\/\/www.ssaver.gob.mx\/proteccioncontrariesgossanitarios\/wp-content\/uploads\/sites\/10\/2025\/06\/saneamiento-basico-59-919x1024.png 919w, https:\/\/www.ssaver.gob.mx\/proteccioncontrariesgossanitarios\/wp-content\/uploads\/sites\/10\/2025\/06\/saneamiento-basico-59-269x300.png 269w, https:\/\/www.ssaver.gob.mx\/proteccioncontrariesgossanitarios\/wp-content\/uploads\/sites\/10\/2025\/06\/saneamiento-basico-59-768x856.png 768w, https:\/\/www.ssaver.gob.mx\/proteccioncontrariesgossanitarios\/wp-content\/uploads\/sites\/10\/2025\/06\/saneamiento-basico-59-1379x1536.png 1379w, https:\/\/www.ssaver.gob.mx\/proteccioncontrariesgossanitarios\/wp-content\/uploads\/sites\/10\/2025\/06\/saneamiento-basico-59-1838x2048.png 1838w\" sizes=\"auto, (max-width: 919px) 100vw, 919px\" \/><\/a><\/figure>\n<\/div>\n\n\n\n<div class=\"wp-block-column is-layout-flow wp-block-column-is-layout-flow\">\n<figure class=\"wp-block-image aligncenter size-large is-resized\"><a href=\"https:\/\/www.ssaver.gob.mx\/proteccioncontrariesgossanitarios\/wp-content\/uploads\/sites\/10\/2025\/03\/COMO-LAVARTE-LAS-MANOS_CARTEL-2025.pdf\" target=\"_blank\" rel=\" \"><img loading=\"lazy\" decoding=\"async\" width=\"919\" height=\"1024\" src=\"https:\/\/www.ssaver.gob.mx\/proteccioncontrariesgossanitarios\/wp-content\/uploads\/sites\/10\/2025\/06\/saneamiento-basico-60-919x1024.png\" alt=\"\" class=\"wp-image-4686\" style=\"width:314px;height:auto\" srcset=\"https:\/\/www.ssaver.gob.mx\/proteccioncontrariesgossanitarios\/wp-content\/uploads\/sites\/10\/2025\/06\/saneamiento-basico-60-919x1024.png 919w, https:\/\/www.ssaver.gob.mx\/proteccioncontrariesgossanitarios\/wp-content\/uploads\/sites\/10\/2025\/06\/saneamiento-basico-60-269x300.png 269w, https:\/\/www.ssaver.gob.mx\/proteccioncontrariesgossanitarios\/wp-content\/uploads\/sites\/10\/2025\/06\/saneamiento-basico-60-768x856.png 768w, https:\/\/www.ssaver.gob.mx\/proteccioncontrariesgossanitarios\/wp-content\/uploads\/sites\/10\/2025\/06\/saneamiento-basico-60-1379x1536.png 1379w, https:\/\/www.ssaver.gob.mx\/proteccioncontrariesgossanitarios\/wp-content\/uploads\/sites\/10\/2025\/06\/saneamiento-basico-60-1838x2048.png 1838w\" sizes=\"auto, (max-width: 919px) 100vw, 919px\" \/><\/a><\/figure>\n<\/div>\n<\/div>\n<\/div>\n<\/div>\n\n\n\n<p><\/p>\n<\/div>\n","protected":false},"excerpt":{"rendered":"<p>OBJETIVO Reducir riesgos sanitarios en la poblaci\u00f3n veracruzana, relacionados con factores f\u00edsicos, qu\u00edmicos, biol\u00f3gicos del agua y los alimentos, as\u00ed<\/p>\n","protected":false},"author":15,"featured_media":0,"parent":0,"menu_order":0,"comment_status":"closed","ping_status":"closed","template":"","meta":{"colormag_page_container_layout":"default_layout","colormag_page_sidebar_layout":"default_layout","footnotes":""},"class_list":["post-1226","page","type-page","status-publish","hentry"],"_links":{"self":[{"href":"https:\/\/www.ssaver.gob.mx\/proteccioncontrariesgossanitarios\/wp-json\/wp\/v2\/pages\/1226","targetHints":{"allow":["GET"]}}],"collection":[{"href":"https:\/\/www.ssaver.gob.mx\/proteccioncontrariesgossanitarios\/wp-json\/wp\/v2\/pages"}],"about":[{"href":"https:\/\/www.ssaver.gob.mx\/proteccioncontrariesgossanitarios\/wp-json\/wp\/v2\/types\/page"}],"author":[{"embeddable":true,"href":"https:\/\/www.ssaver.gob.mx\/proteccioncontrariesgossanitarios\/wp-json\/wp\/v2\/users\/15"}],"replies":[{"embeddable":true,"href":"https:\/\/www.ssaver.gob.mx\/proteccioncontrariesgossanitarios\/wp-json\/wp\/v2\/comments?post=1226"}],"version-history":[{"count":40,"href":"https:\/\/www.ssaver.gob.mx\/proteccioncontrariesgossanitarios\/wp-json\/wp\/v2\/pages\/1226\/revisions"}],"predecessor-version":[{"id":5750,"href":"https:\/\/www.ssaver.gob.mx\/proteccioncontrariesgossanitarios\/wp-json\/wp\/v2\/pages\/1226\/revisions\/5750"}],"wp:attachment":[{"href":"https:\/\/www.ssaver.gob.mx\/proteccioncontrariesgossanitarios\/wp-json\/wp\/v2\/media?parent=1226"}],"curies":[{"name":"wp","href":"https:\/\/api.w.org\/{rel}","templated":true}]}}

Saneamiento Básico

<div class="wp-block-group is-layout-constrained wp-container-core-group-is-layout-99939dce wp-block-group-is-layout-constrained">
<figure class="wp-block-image aligncenter size-large"><img loading="lazy" decoding="async" width="1024" height="368" src="https://www.ssaver.gob.mx/proteccioncontrariesgossanitarios/wp-content/uploads/sites/10/2025/08/banner-saneamiento-basico-1024x368.png" alt="" class="wp-image-4982" srcset="https://www.ssaver.gob.mx/proteccioncontrariesgossanitarios/wp-content/uploads/sites/10/2025/08/banner-saneamiento-basico-1024x368.png 1024w, https://www.ssaver.gob.mx/proteccioncontrariesgossanitarios/wp-content/uploads/sites/10/2025/08/banner-saneamiento-basico-300x108.png 300w, https://www.ssaver.gob.mx/proteccioncontrariesgossanitarios/wp-content/uploads/sites/10/2025/08/banner-saneamiento-basico-768x276.png 768w, https://www.ssaver.gob.mx/proteccioncontrariesgossanitarios/wp-content/uploads/sites/10/2025/08/banner-saneamiento-basico-1536x553.png 1536w, https://www.ssaver.gob.mx/proteccioncontrariesgossanitarios/wp-content/uploads/sites/10/2025/08/banner-saneamiento-basico-2048x737.png 2048w" sizes="auto, (max-width: 1024px) 100vw, 1024px" /></figure>



<h2 class="wp-block-heading has-text-align-center has-large-font-size">OBJETIVO</h2>



<hr class="wp-block-separator has-text-color has-alpha-channel-opacity has-background is-style-wide" style="background-color:#9ed8b3;color:#9ed8b3" />



<p class="has-text-align-center" style="font-size:15px">Reducir riesgos sanitarios en la población veracruzana, relacionados con factores físicos, químicos, biológicos del agua y los alimentos, así como el saneamiento insuficiente y las malas prácticas de higiene.</p>



<p class="has-text-align-left has-white-color has-text-color has-background" style="background-color:#9ed8b3;font-size:15px"><strong>Población objetivo</strong></p>



<p class="has-text-align-left has-black-color has-white-background-color has-text-color has-background" style="font-size:15px">La población abierta del estado de Veracruz, y en especial los habitantes de los municipios con hablantes indígenas.</p>



<p class="has-text-align-left has-white-color has-text-color has-background" style="background-color:#9ed8b3;font-size:15px"><strong>Actividades relevantes</strong></p>



<ul style="font-size:15px" class="wp-block-list has-black-color has-white-background-color has-text-color has-background">
<li>Capacitación a personal de las 11 jurisdicciones sanitarias, así como del sector educativo (BIENESTAR, CONAFE, INPI, TEBAEV, SEV, INEA, CECYTEV).&nbsp;</li>



<li>Evaluación del saneamiento básico en comunidades con rezago.&nbsp;</li>



<li>Difusión del saneamiento básico a través de la educación para la salud.</li>



<li>Concertación con autoridades de nivel público, privado y el sector social.&nbsp;</li>
</ul>



<h2 class="wp-block-heading has-text-align-center has-large-font-size">MATERIAL DE DIFUSIÓN</h2>



<hr class="wp-block-separator has-text-color has-alpha-channel-opacity has-background is-style-wide" style="background-color:#9ed8b3;color:#9ed8b3" />



<div class="wp-block-columns is-layout-flex wp-container-core-columns-is-layout-28f84493 wp-block-columns-is-layout-flex">
<div class="wp-block-column is-layout-flow wp-block-column-is-layout-flow" style="flex-basis:100%"></div>
</div>



<p></p>



<div class="wp-block-columns is-layout-flex wp-container-core-columns-is-layout-28f84493 wp-block-columns-is-layout-flex">
<div class="wp-block-column is-layout-flow wp-block-column-is-layout-flow">
<figure class="wp-block-image alignleft size-large is-resized"><a href="https://www.ssaver.gob.mx/proteccioncontrariesgossanitarios/wp-content/uploads/sites/10/2025/04/DIPTICO-SANEAMIENTO-BASICO-2025.pdf" target="_blank"><img loading="lazy" decoding="async" width="919" height="1024" src="https://www.ssaver.gob.mx/proteccioncontrariesgossanitarios/wp-content/uploads/sites/10/2025/06/saneamiento-basico-61-919x1024.png" alt="" class="wp-image-4684" style="width:322px;height:auto" srcset="https://www.ssaver.gob.mx/proteccioncontrariesgossanitarios/wp-content/uploads/sites/10/2025/06/saneamiento-basico-61-919x1024.png 919w, https://www.ssaver.gob.mx/proteccioncontrariesgossanitarios/wp-content/uploads/sites/10/2025/06/saneamiento-basico-61-269x300.png 269w, https://www.ssaver.gob.mx/proteccioncontrariesgossanitarios/wp-content/uploads/sites/10/2025/06/saneamiento-basico-61-768x856.png 768w, https://www.ssaver.gob.mx/proteccioncontrariesgossanitarios/wp-content/uploads/sites/10/2025/06/saneamiento-basico-61-1379x1536.png 1379w, https://www.ssaver.gob.mx/proteccioncontrariesgossanitarios/wp-content/uploads/sites/10/2025/06/saneamiento-basico-61-1838x2048.png 1838w" sizes="auto, (max-width: 919px) 100vw, 919px" /></a></figure>
</div>



<div class="wp-block-column is-layout-flow wp-block-column-is-layout-flow">
<figure class="wp-block-image aligncenter size-large is-resized"><a href="https://www.ssaver.gob.mx/proteccioncontrariesgossanitarios/wp-content/uploads/sites/10/2025/04/CARTEL-BUENAS-PRACTICAS-DE-HIEGIENE-2025.pdf" target="_blank"><img loading="lazy" decoding="async" width="919" height="1024" src="https://www.ssaver.gob.mx/proteccioncontrariesgossanitarios/wp-content/uploads/sites/10/2025/06/saneamiento-basico-58-919x1024.png" alt="" class="wp-image-4681" style="width:324px;height:auto" srcset="https://www.ssaver.gob.mx/proteccioncontrariesgossanitarios/wp-content/uploads/sites/10/2025/06/saneamiento-basico-58-919x1024.png 919w, https://www.ssaver.gob.mx/proteccioncontrariesgossanitarios/wp-content/uploads/sites/10/2025/06/saneamiento-basico-58-269x300.png 269w, https://www.ssaver.gob.mx/proteccioncontrariesgossanitarios/wp-content/uploads/sites/10/2025/06/saneamiento-basico-58-768x856.png 768w, https://www.ssaver.gob.mx/proteccioncontrariesgossanitarios/wp-content/uploads/sites/10/2025/06/saneamiento-basico-58-1379x1536.png 1379w, https://www.ssaver.gob.mx/proteccioncontrariesgossanitarios/wp-content/uploads/sites/10/2025/06/saneamiento-basico-58-1838x2048.png 1838w" sizes="auto, (max-width: 919px) 100vw, 919px" /></a></figure>
</div>



<div class="wp-block-column is-layout-flow wp-block-column-is-layout-flow">
<figure class="wp-block-image alignright size-large is-resized"><a href="https://www.ssaver.gob.mx/proteccioncontrariesgossanitarios/wp-content/uploads/sites/10/2025/03/DIPTICO-ORDEN-Y-LIMPIEZA.-2025-pdf.pdf" target="_blank"><img loading="lazy" decoding="async" width="919" height="1024" src="https://www.ssaver.gob.mx/proteccioncontrariesgossanitarios/wp-content/uploads/sites/10/2025/06/saneamiento-basico-62-919x1024.png" alt="" class="wp-image-4685" style="width:325px;height:auto" srcset="https://www.ssaver.gob.mx/proteccioncontrariesgossanitarios/wp-content/uploads/sites/10/2025/06/saneamiento-basico-62-919x1024.png 919w, https://www.ssaver.gob.mx/proteccioncontrariesgossanitarios/wp-content/uploads/sites/10/2025/06/saneamiento-basico-62-269x300.png 269w, https://www.ssaver.gob.mx/proteccioncontrariesgossanitarios/wp-content/uploads/sites/10/2025/06/saneamiento-basico-62-768x856.png 768w, https://www.ssaver.gob.mx/proteccioncontrariesgossanitarios/wp-content/uploads/sites/10/2025/06/saneamiento-basico-62-1379x1536.png 1379w, https://www.ssaver.gob.mx/proteccioncontrariesgossanitarios/wp-content/uploads/sites/10/2025/06/saneamiento-basico-62-1838x2048.png 1838w" sizes="auto, (max-width: 919px) 100vw, 919px" /></a></figure>
</div>
</div>



<div style="height:63px" aria-hidden="true" class="wp-block-spacer"></div>



<div class="wp-block-columns is-layout-flex wp-container-core-columns-is-layout-28f84493 wp-block-columns-is-layout-flex">
<div class="wp-block-column is-layout-flow wp-block-column-is-layout-flow" style="flex-basis:100%">
<div class="wp-block-columns is-layout-flex wp-container-core-columns-is-layout-28f84493 wp-block-columns-is-layout-flex">
<div class="wp-block-column is-layout-flow wp-block-column-is-layout-flow">
<figure class="wp-block-image aligncenter size-large is-resized"><a href="https://www.ssaver.gob.mx/proteccioncontrariesgossanitarios/wp-content/uploads/sites/10/2025/06/CHECK-LIST_ESTRATEGIA-DENGUE_2025-pdf.pdf" target="_blank"><img loading="lazy" decoding="async" width="919" height="1024" src="https://www.ssaver.gob.mx/proteccioncontrariesgossanitarios/wp-content/uploads/sites/10/2025/06/saneamiento-basico-59-919x1024.png" alt="" class="wp-image-4687" style="width:317px;height:auto" srcset="https://www.ssaver.gob.mx/proteccioncontrariesgossanitarios/wp-content/uploads/sites/10/2025/06/saneamiento-basico-59-919x1024.png 919w, https://www.ssaver.gob.mx/proteccioncontrariesgossanitarios/wp-content/uploads/sites/10/2025/06/saneamiento-basico-59-269x300.png 269w, https://www.ssaver.gob.mx/proteccioncontrariesgossanitarios/wp-content/uploads/sites/10/2025/06/saneamiento-basico-59-768x856.png 768w, https://www.ssaver.gob.mx/proteccioncontrariesgossanitarios/wp-content/uploads/sites/10/2025/06/saneamiento-basico-59-1379x1536.png 1379w, https://www.ssaver.gob.mx/proteccioncontrariesgossanitarios/wp-content/uploads/sites/10/2025/06/saneamiento-basico-59-1838x2048.png 1838w" sizes="auto, (max-width: 919px) 100vw, 919px" /></a></figure>
</div>



<div class="wp-block-column is-layout-flow wp-block-column-is-layout-flow">
<figure class="wp-block-image aligncenter size-large is-resized"><a href="https://www.ssaver.gob.mx/proteccioncontrariesgossanitarios/wp-content/uploads/sites/10/2025/03/COMO-LAVARTE-LAS-MANOS_CARTEL-2025.pdf" target="_blank" rel=" "><img loading="lazy" decoding="async" width="919" height="1024" src="https://www.ssaver.gob.mx/proteccioncontrariesgossanitarios/wp-content/uploads/sites/10/2025/06/saneamiento-basico-60-919x1024.png" alt="" class="wp-image-4686" style="width:314px;height:auto" srcset="https://www.ssaver.gob.mx/proteccioncontrariesgossanitarios/wp-content/uploads/sites/10/2025/06/saneamiento-basico-60-919x1024.png 919w, https://www.ssaver.gob.mx/proteccioncontrariesgossanitarios/wp-content/uploads/sites/10/2025/06/saneamiento-basico-60-269x300.png 269w, https://www.ssaver.gob.mx/proteccioncontrariesgossanitarios/wp-content/uploads/sites/10/2025/06/saneamiento-basico-60-768x856.png 768w, https://www.ssaver.gob.mx/proteccioncontrariesgossanitarios/wp-content/uploads/sites/10/2025/06/saneamiento-basico-60-1379x1536.png 1379w, https://www.ssaver.gob.mx/proteccioncontrariesgossanitarios/wp-content/uploads/sites/10/2025/06/saneamiento-basico-60-1838x2048.png 1838w" sizes="auto, (max-width: 919px) 100vw, 919px" /></a></figure>
</div>
</div>
</div>
</div>



<p></p>
</div>

<p>OBJETIVO Reducir riesgos sanitarios en la población veracruzana, relacionados con factores físicos, químicos, biológicos del agua y los alimentos, así</p>
