{"id":1232,"date":"2022-09-07T09:53:37","date_gmt":"2022-09-07T14:53:37","guid":{"rendered":"https:\/\/www.ssaver.gob.mx\/proteccioncontrariesgossanitarios\/?page_id=1232"},"modified":"2026-03-03T17:09:24","modified_gmt":"2026-03-03T23:09:24","slug":"agua-calidad","status":"publish","type":"page","link":"https:\/\/www.ssaver.gob.mx\/proteccioncontrariesgossanitarios\/agua-calidad\/","title":{"rendered":"Agua de Calidad"},"content":{"rendered":"\n<div class=\"wp-block-group is-layout-constrained wp-container-core-group-is-layout-9517baca wp-block-group-is-layout-constrained\">\n<figure class=\"wp-block-gallery has-nested-images columns-default is-cropped wp-block-gallery-1 is-layout-flex wp-block-gallery-is-layout-flex\">\n<figure class=\"wp-block-image size-large\"><img loading=\"lazy\" decoding=\"async\" width=\"1024\" height=\"368\" data-id=\"4972\" src=\"https:\/\/www.ssaver.gob.mx\/proteccioncontrariesgossanitarios\/wp-content\/uploads\/sites\/10\/2025\/08\/banner-agua-de-calidad-1024x368.png\" alt=\"\" class=\"wp-image-4972\" srcset=\"https:\/\/www.ssaver.gob.mx\/proteccioncontrariesgossanitarios\/wp-content\/uploads\/sites\/10\/2025\/08\/banner-agua-de-calidad-1024x368.png 1024w, https:\/\/www.ssaver.gob.mx\/proteccioncontrariesgossanitarios\/wp-content\/uploads\/sites\/10\/2025\/08\/banner-agua-de-calidad-300x108.png 300w, https:\/\/www.ssaver.gob.mx\/proteccioncontrariesgossanitarios\/wp-content\/uploads\/sites\/10\/2025\/08\/banner-agua-de-calidad-768x276.png 768w, https:\/\/www.ssaver.gob.mx\/proteccioncontrariesgossanitarios\/wp-content\/uploads\/sites\/10\/2025\/08\/banner-agua-de-calidad-1536x553.png 1536w, https:\/\/www.ssaver.gob.mx\/proteccioncontrariesgossanitarios\/wp-content\/uploads\/sites\/10\/2025\/08\/banner-agua-de-calidad-2048x737.png 2048w\" sizes=\"auto, (max-width: 1024px) 100vw, 1024px\" \/><\/figure>\n<\/figure>\n\n\n\n<h2 class=\"wp-block-heading has-text-align-center has-large-font-size\"><br>OBJETIVO<\/h2>\n\n\n\n<hr class=\"wp-block-separator has-text-color has-alpha-channel-opacity has-background is-style-wide\" style=\"background-color:#00a0df;color:#00a0df\" \/>\n\n\n\n<p class=\"has-text-align-left has-black-color has-text-color\" style=\"font-size:15px\"><br>Proteger a la poblaci\u00f3n de los riesgos f\u00edsicos, qu\u00edmicos y biol\u00f3gicos asociados al uso y consumo de agua a trav\u00e9s del fomento y vigilancia sanitaria en los sistemas de abastecimiento y la comunicaci\u00f3n de riesgos a la salud con la poblaci\u00f3n, para el autocuidado.<\/p>\n\n\n\n<p><br><\/p>\n\n\n\n<p class=\"has-text-align-left has-white-color has-text-color has-background\" style=\"background-color:#00a0df;font-size:15px\"><strong>Poblaci\u00f3n objetivo<\/strong><\/p>\n\n\n\n<p class=\"has-text-align-left has-black-color has-white-background-color has-text-color has-background\" style=\"font-size:15px\">Sistemas de abastecimiento de agua grandes y peque\u00f1os, comit\u00e9s y patronatos ubicados en los 212 municipios del estado de Veracruz.<\/p>\n\n\n\n<p class=\"has-text-align-left has-white-color has-text-color has-background\" style=\"background-color:#00a0df;font-size:15px\"><strong>Actividades relevantes<\/strong><\/p>\n\n\n\n<ul style=\"font-size:15px\" class=\"wp-block-list has-black-color has-white-background-color has-text-color has-background\">\n<li>Monitoreo de cloro residual en la red de abastecimiento.<\/li>\n\n\n\n<li>Aplicaci\u00f3n de c\u00e9dulas de evaluaci\u00f3n.<\/li>\n\n\n\n<li>Reuniones informativas con los responsables de la operaci\u00f3n de los sistemas.<\/li>\n\n\n\n<li>Visitas de verificaci\u00f3n sanitaria.<\/li>\n\n\n\n<li>Toma de muestras microbiol\u00f3gicas y fisicoqu\u00edmicas.<\/li>\n\n\n\n<li>Distribuci\u00f3n de material informativo.<\/li>\n<\/ul>\n\n\n\n<h2 class=\"wp-block-heading has-text-align-center has-large-font-size\"><br>MATERIAL DE DIFUSI\u00d3N<\/h2>\n\n\n\n<hr class=\"wp-block-separator has-text-color has-alpha-channel-opacity has-background is-style-wide\" style=\"background-color:#00a0df;color:#00a0df\" \/>\n\n\n\n<div class=\"wp-block-columns is-layout-flex wp-container-core-columns-is-layout-28f84493 wp-block-columns-is-layout-flex\">\n<div class=\"wp-block-column is-layout-flow wp-block-column-is-layout-flow\">\n<figure class=\"wp-block-image aligncenter size-full is-resized\"><a href=\"https:\/\/www.ssaver.gob.mx\/proteccioncontrariesgossanitarios\/wp-content\/uploads\/sites\/10\/2025\/03\/CARTEL-AGUA-DE-CALIDAD-PARA-CONSUMO-HUMANO-20025.pdf\" target=\"_blank\"><img loading=\"lazy\" decoding=\"async\" width=\"2298\" height=\"2560\" src=\"https:\/\/www.ssaver.gob.mx\/proteccioncontrariesgossanitarios\/wp-content\/uploads\/sites\/10\/2025\/05\/Cartel-agua-para-consumo-humano-agua-de-calidad-scaled.png\" alt=\"\" class=\"wp-image-4585\" style=\"width:268px;height:296px\" srcset=\"https:\/\/www.ssaver.gob.mx\/proteccioncontrariesgossanitarios\/wp-content\/uploads\/sites\/10\/2025\/05\/Cartel-agua-para-consumo-humano-agua-de-calidad-scaled.png 2298w, https:\/\/www.ssaver.gob.mx\/proteccioncontrariesgossanitarios\/wp-content\/uploads\/sites\/10\/2025\/05\/Cartel-agua-para-consumo-humano-agua-de-calidad-269x300.png 269w, https:\/\/www.ssaver.gob.mx\/proteccioncontrariesgossanitarios\/wp-content\/uploads\/sites\/10\/2025\/05\/Cartel-agua-para-consumo-humano-agua-de-calidad-919x1024.png 919w, https:\/\/www.ssaver.gob.mx\/proteccioncontrariesgossanitarios\/wp-content\/uploads\/sites\/10\/2025\/05\/Cartel-agua-para-consumo-humano-agua-de-calidad-768x856.png 768w, https:\/\/www.ssaver.gob.mx\/proteccioncontrariesgossanitarios\/wp-content\/uploads\/sites\/10\/2025\/05\/Cartel-agua-para-consumo-humano-agua-de-calidad-1379x1536.png 1379w, https:\/\/www.ssaver.gob.mx\/proteccioncontrariesgossanitarios\/wp-content\/uploads\/sites\/10\/2025\/05\/Cartel-agua-para-consumo-humano-agua-de-calidad-1838x2048.png 1838w\" sizes=\"auto, (max-width: 2298px) 100vw, 2298px\" \/><\/a><\/figure>\n<\/div>\n\n\n\n<div class=\"wp-block-column is-layout-flow wp-block-column-is-layout-flow\">\n<figure class=\"wp-block-image aligncenter size-full is-resized\"><a href=\"https:\/\/www.ssaver.gob.mx\/proteccioncontrariesgossanitarios\/wp-content\/uploads\/sites\/10\/2025\/04\/INFOGRAFIA_AGUA_DE-_CALIDAD-2025.pdf\" target=\"_blank\"><img loading=\"lazy\" decoding=\"async\" width=\"2298\" height=\"2560\" src=\"https:\/\/www.ssaver.gob.mx\/proteccioncontrariesgossanitarios\/wp-content\/uploads\/sites\/10\/2025\/05\/Cartel-Agua-de-calidad-consumo-humano-scaled.png\" alt=\"\" class=\"wp-image-4587\" style=\"width:254px;height:298px\" srcset=\"https:\/\/www.ssaver.gob.mx\/proteccioncontrariesgossanitarios\/wp-content\/uploads\/sites\/10\/2025\/05\/Cartel-Agua-de-calidad-consumo-humano-scaled.png 2298w, https:\/\/www.ssaver.gob.mx\/proteccioncontrariesgossanitarios\/wp-content\/uploads\/sites\/10\/2025\/05\/Cartel-Agua-de-calidad-consumo-humano-269x300.png 269w, https:\/\/www.ssaver.gob.mx\/proteccioncontrariesgossanitarios\/wp-content\/uploads\/sites\/10\/2025\/05\/Cartel-Agua-de-calidad-consumo-humano-919x1024.png 919w, https:\/\/www.ssaver.gob.mx\/proteccioncontrariesgossanitarios\/wp-content\/uploads\/sites\/10\/2025\/05\/Cartel-Agua-de-calidad-consumo-humano-768x856.png 768w, https:\/\/www.ssaver.gob.mx\/proteccioncontrariesgossanitarios\/wp-content\/uploads\/sites\/10\/2025\/05\/Cartel-Agua-de-calidad-consumo-humano-1379x1536.png 1379w, https:\/\/www.ssaver.gob.mx\/proteccioncontrariesgossanitarios\/wp-content\/uploads\/sites\/10\/2025\/05\/Cartel-Agua-de-calidad-consumo-humano-1838x2048.png 1838w\" sizes=\"auto, (max-width: 2298px) 100vw, 2298px\" \/><\/a><\/figure>\n<\/div>\n\n\n\n<div class=\"wp-block-column is-layout-flow wp-block-column-is-layout-flow\">\n<figure class=\"wp-block-image aligncenter size-large is-resized\"><a href=\"https:\/\/www.ssaver.gob.mx\/proteccioncontrariesgossanitarios\/wp-content\/uploads\/sites\/10\/2025\/04\/TRIPTICO-ABASTECIMIENTO-DE-AGUA-2025.pdf\" target=\"_blank\" rel=\" \"><img loading=\"lazy\" decoding=\"async\" width=\"919\" height=\"1024\" src=\"https:\/\/www.ssaver.gob.mx\/proteccioncontrariesgossanitarios\/wp-content\/uploads\/sites\/10\/2025\/05\/Triptico-agua-de-calidad-919x1024.png\" alt=\"\" class=\"wp-image-4589\" style=\"width:240px;height:300px\" srcset=\"https:\/\/www.ssaver.gob.mx\/proteccioncontrariesgossanitarios\/wp-content\/uploads\/sites\/10\/2025\/05\/Triptico-agua-de-calidad-919x1024.png 919w, https:\/\/www.ssaver.gob.mx\/proteccioncontrariesgossanitarios\/wp-content\/uploads\/sites\/10\/2025\/05\/Triptico-agua-de-calidad-269x300.png 269w, https:\/\/www.ssaver.gob.mx\/proteccioncontrariesgossanitarios\/wp-content\/uploads\/sites\/10\/2025\/05\/Triptico-agua-de-calidad-768x856.png 768w, https:\/\/www.ssaver.gob.mx\/proteccioncontrariesgossanitarios\/wp-content\/uploads\/sites\/10\/2025\/05\/Triptico-agua-de-calidad-1379x1536.png 1379w, https:\/\/www.ssaver.gob.mx\/proteccioncontrariesgossanitarios\/wp-content\/uploads\/sites\/10\/2025\/05\/Triptico-agua-de-calidad-1838x2048.png 1838w\" sizes=\"auto, (max-width: 919px) 100vw, 919px\" \/><\/a><\/figure>\n<\/div>\n<\/div>\n\n\n\n<figure class=\"wp-block-image aligncenter size-full is-resized\"><a href=\"https:\/\/www.ssaver.gob.mx\/proteccioncontrariesgossanitarios\/wp-content\/uploads\/sites\/10\/2025\/05\/INFOGRAFIA-GUIA-PARA-LAVADO-DE-TINACO.pdf\" target=\"_blank\"><img loading=\"lazy\" decoding=\"async\" width=\"2298\" height=\"2560\" src=\"https:\/\/www.ssaver.gob.mx\/proteccioncontrariesgossanitarios\/wp-content\/uploads\/sites\/10\/2025\/05\/Lavado-tinaco-agua-de-calidad-scaled.png\" alt=\"\" class=\"wp-image-4591\" style=\"width:259px;height:auto\" srcset=\"https:\/\/www.ssaver.gob.mx\/proteccioncontrariesgossanitarios\/wp-content\/uploads\/sites\/10\/2025\/05\/Lavado-tinaco-agua-de-calidad-scaled.png 2298w, https:\/\/www.ssaver.gob.mx\/proteccioncontrariesgossanitarios\/wp-content\/uploads\/sites\/10\/2025\/05\/Lavado-tinaco-agua-de-calidad-269x300.png 269w, https:\/\/www.ssaver.gob.mx\/proteccioncontrariesgossanitarios\/wp-content\/uploads\/sites\/10\/2025\/05\/Lavado-tinaco-agua-de-calidad-919x1024.png 919w, https:\/\/www.ssaver.gob.mx\/proteccioncontrariesgossanitarios\/wp-content\/uploads\/sites\/10\/2025\/05\/Lavado-tinaco-agua-de-calidad-768x856.png 768w, https:\/\/www.ssaver.gob.mx\/proteccioncontrariesgossanitarios\/wp-content\/uploads\/sites\/10\/2025\/05\/Lavado-tinaco-agua-de-calidad-1379x1536.png 1379w, https:\/\/www.ssaver.gob.mx\/proteccioncontrariesgossanitarios\/wp-content\/uploads\/sites\/10\/2025\/05\/Lavado-tinaco-agua-de-calidad-1838x2048.png 1838w\" sizes=\"auto, (max-width: 2298px) 100vw, 2298px\" \/><\/a><\/figure>\n\n\n\n<p><\/p>\n<\/div>\n","protected":false},"excerpt":{"rendered":"<p>OBJETIVO Proteger a la poblaci\u00f3n de los riesgos f\u00edsicos, qu\u00edmicos y biol\u00f3gicos asociados al uso y consumo de agua a<\/p>\n","protected":false},"author":15,"featured_media":0,"parent":0,"menu_order":0,"comment_status":"closed","ping_status":"closed","template":"","meta":{"colormag_page_container_layout":"default_layout","colormag_page_sidebar_layout":"default_layout","footnotes":""},"class_list":["post-1232","page","type-page","status-publish","hentry"],"_links":{"self":[{"href":"https:\/\/www.ssaver.gob.mx\/proteccioncontrariesgossanitarios\/wp-json\/wp\/v2\/pages\/1232","targetHints":{"allow":["GET"]}}],"collection":[{"href":"https:\/\/www.ssaver.gob.mx\/proteccioncontrariesgossanitarios\/wp-json\/wp\/v2\/pages"}],"about":[{"href":"https:\/\/www.ssaver.gob.mx\/proteccioncontrariesgossanitarios\/wp-json\/wp\/v2\/types\/page"}],"author":[{"embeddable":true,"href":"https:\/\/www.ssaver.gob.mx\/proteccioncontrariesgossanitarios\/wp-json\/wp\/v2\/users\/15"}],"replies":[{"embeddable":true,"href":"https:\/\/www.ssaver.gob.mx\/proteccioncontrariesgossanitarios\/wp-json\/wp\/v2\/comments?post=1232"}],"version-history":[{"count":37,"href":"https:\/\/www.ssaver.gob.mx\/proteccioncontrariesgossanitarios\/wp-json\/wp\/v2\/pages\/1232\/revisions"}],"predecessor-version":[{"id":5698,"href":"https:\/\/www.ssaver.gob.mx\/proteccioncontrariesgossanitarios\/wp-json\/wp\/v2\/pages\/1232\/revisions\/5698"}],"wp:attachment":[{"href":"https:\/\/www.ssaver.gob.mx\/proteccioncontrariesgossanitarios\/wp-json\/wp\/v2\/media?parent=1232"}],"curies":[{"name":"wp","href":"https:\/\/api.w.org\/{rel}","templated":true}]}}

<div class="wp-block-group is-layout-constrained wp-container-core-group-is-layout-9517baca wp-block-group-is-layout-constrained">
<figure class="wp-block-gallery has-nested-images columns-default is-cropped wp-block-gallery-1 is-layout-flex wp-block-gallery-is-layout-flex">
<figure class="wp-block-image size-large"><img loading="lazy" decoding="async" width="1024" height="368" data-id="4972" src="https://www.ssaver.gob.mx/proteccioncontrariesgossanitarios/wp-content/uploads/sites/10/2025/08/banner-agua-de-calidad-1024x368.png" alt="" class="wp-image-4972" srcset="https://www.ssaver.gob.mx/proteccioncontrariesgossanitarios/wp-content/uploads/sites/10/2025/08/banner-agua-de-calidad-1024x368.png 1024w, https://www.ssaver.gob.mx/proteccioncontrariesgossanitarios/wp-content/uploads/sites/10/2025/08/banner-agua-de-calidad-300x108.png 300w, https://www.ssaver.gob.mx/proteccioncontrariesgossanitarios/wp-content/uploads/sites/10/2025/08/banner-agua-de-calidad-768x276.png 768w, https://www.ssaver.gob.mx/proteccioncontrariesgossanitarios/wp-content/uploads/sites/10/2025/08/banner-agua-de-calidad-1536x553.png 1536w, https://www.ssaver.gob.mx/proteccioncontrariesgossanitarios/wp-content/uploads/sites/10/2025/08/banner-agua-de-calidad-2048x737.png 2048w" sizes="auto, (max-width: 1024px) 100vw, 1024px" /></figure>
</figure>



<h2 class="wp-block-heading has-text-align-center has-large-font-size"><br>OBJETIVO</h2>



<hr class="wp-block-separator has-text-color has-alpha-channel-opacity has-background is-style-wide" style="background-color:#00a0df;color:#00a0df" />



<p class="has-text-align-left has-black-color has-text-color" style="font-size:15px"><br>Proteger a la población de los riesgos físicos, químicos y biológicos asociados al uso y consumo de agua a través del fomento y vigilancia sanitaria en los sistemas de abastecimiento y la comunicación de riesgos a la salud con la población, para el autocuidado.</p>



<p><br></p>



<p class="has-text-align-left has-white-color has-text-color has-background" style="background-color:#00a0df;font-size:15px"><strong>Población objetivo</strong></p>



<p class="has-text-align-left has-black-color has-white-background-color has-text-color has-background" style="font-size:15px">Sistemas de abastecimiento de agua grandes y pequeños, comités y patronatos ubicados en los 212 municipios del estado de Veracruz.</p>



<p class="has-text-align-left has-white-color has-text-color has-background" style="background-color:#00a0df;font-size:15px"><strong>Actividades relevantes</strong></p>



<ul style="font-size:15px" class="wp-block-list has-black-color has-white-background-color has-text-color has-background">
<li>Monitoreo de cloro residual en la red de abastecimiento.</li>



<li>Aplicación de cédulas de evaluación.</li>



<li>Reuniones informativas con los responsables de la operación de los sistemas.</li>



<li>Visitas de verificación sanitaria.</li>



<li>Toma de muestras microbiológicas y fisicoquímicas.</li>



<li>Distribución de material informativo.</li>
</ul>



<h2 class="wp-block-heading has-text-align-center has-large-font-size"><br>MATERIAL DE DIFUSIÓN</h2>



<hr class="wp-block-separator has-text-color has-alpha-channel-opacity has-background is-style-wide" style="background-color:#00a0df;color:#00a0df" />



<div class="wp-block-columns is-layout-flex wp-container-core-columns-is-layout-28f84493 wp-block-columns-is-layout-flex">
<div class="wp-block-column is-layout-flow wp-block-column-is-layout-flow">
<figure class="wp-block-image aligncenter size-full is-resized"><a href="https://www.ssaver.gob.mx/proteccioncontrariesgossanitarios/wp-content/uploads/sites/10/2025/03/CARTEL-AGUA-DE-CALIDAD-PARA-CONSUMO-HUMANO-20025.pdf" target="_blank"><img loading="lazy" decoding="async" width="2298" height="2560" src="https://www.ssaver.gob.mx/proteccioncontrariesgossanitarios/wp-content/uploads/sites/10/2025/05/Cartel-agua-para-consumo-humano-agua-de-calidad-scaled.png" alt="" class="wp-image-4585" style="width:268px;height:296px" srcset="https://www.ssaver.gob.mx/proteccioncontrariesgossanitarios/wp-content/uploads/sites/10/2025/05/Cartel-agua-para-consumo-humano-agua-de-calidad-scaled.png 2298w, https://www.ssaver.gob.mx/proteccioncontrariesgossanitarios/wp-content/uploads/sites/10/2025/05/Cartel-agua-para-consumo-humano-agua-de-calidad-269x300.png 269w, https://www.ssaver.gob.mx/proteccioncontrariesgossanitarios/wp-content/uploads/sites/10/2025/05/Cartel-agua-para-consumo-humano-agua-de-calidad-919x1024.png 919w, https://www.ssaver.gob.mx/proteccioncontrariesgossanitarios/wp-content/uploads/sites/10/2025/05/Cartel-agua-para-consumo-humano-agua-de-calidad-768x856.png 768w, https://www.ssaver.gob.mx/proteccioncontrariesgossanitarios/wp-content/uploads/sites/10/2025/05/Cartel-agua-para-consumo-humano-agua-de-calidad-1379x1536.png 1379w, https://www.ssaver.gob.mx/proteccioncontrariesgossanitarios/wp-content/uploads/sites/10/2025/05/Cartel-agua-para-consumo-humano-agua-de-calidad-1838x2048.png 1838w" sizes="auto, (max-width: 2298px) 100vw, 2298px" /></a></figure>
</div>



<div class="wp-block-column is-layout-flow wp-block-column-is-layout-flow">
<figure class="wp-block-image aligncenter size-full is-resized"><a href="https://www.ssaver.gob.mx/proteccioncontrariesgossanitarios/wp-content/uploads/sites/10/2025/04/INFOGRAFIA_AGUA_DE-_CALIDAD-2025.pdf" target="_blank"><img loading="lazy" decoding="async" width="2298" height="2560" src="https://www.ssaver.gob.mx/proteccioncontrariesgossanitarios/wp-content/uploads/sites/10/2025/05/Cartel-Agua-de-calidad-consumo-humano-scaled.png" alt="" class="wp-image-4587" style="width:254px;height:298px" srcset="https://www.ssaver.gob.mx/proteccioncontrariesgossanitarios/wp-content/uploads/sites/10/2025/05/Cartel-Agua-de-calidad-consumo-humano-scaled.png 2298w, https://www.ssaver.gob.mx/proteccioncontrariesgossanitarios/wp-content/uploads/sites/10/2025/05/Cartel-Agua-de-calidad-consumo-humano-269x300.png 269w, https://www.ssaver.gob.mx/proteccioncontrariesgossanitarios/wp-content/uploads/sites/10/2025/05/Cartel-Agua-de-calidad-consumo-humano-919x1024.png 919w, https://www.ssaver.gob.mx/proteccioncontrariesgossanitarios/wp-content/uploads/sites/10/2025/05/Cartel-Agua-de-calidad-consumo-humano-768x856.png 768w, https://www.ssaver.gob.mx/proteccioncontrariesgossanitarios/wp-content/uploads/sites/10/2025/05/Cartel-Agua-de-calidad-consumo-humano-1379x1536.png 1379w, https://www.ssaver.gob.mx/proteccioncontrariesgossanitarios/wp-content/uploads/sites/10/2025/05/Cartel-Agua-de-calidad-consumo-humano-1838x2048.png 1838w" sizes="auto, (max-width: 2298px) 100vw, 2298px" /></a></figure>
</div>



<div class="wp-block-column is-layout-flow wp-block-column-is-layout-flow">
<figure class="wp-block-image aligncenter size-large is-resized"><a href="https://www.ssaver.gob.mx/proteccioncontrariesgossanitarios/wp-content/uploads/sites/10/2025/04/TRIPTICO-ABASTECIMIENTO-DE-AGUA-2025.pdf" target="_blank" rel=" "><img loading="lazy" decoding="async" width="919" height="1024" src="https://www.ssaver.gob.mx/proteccioncontrariesgossanitarios/wp-content/uploads/sites/10/2025/05/Triptico-agua-de-calidad-919x1024.png" alt="" class="wp-image-4589" style="width:240px;height:300px" srcset="https://www.ssaver.gob.mx/proteccioncontrariesgossanitarios/wp-content/uploads/sites/10/2025/05/Triptico-agua-de-calidad-919x1024.png 919w, https://www.ssaver.gob.mx/proteccioncontrariesgossanitarios/wp-content/uploads/sites/10/2025/05/Triptico-agua-de-calidad-269x300.png 269w, https://www.ssaver.gob.mx/proteccioncontrariesgossanitarios/wp-content/uploads/sites/10/2025/05/Triptico-agua-de-calidad-768x856.png 768w, https://www.ssaver.gob.mx/proteccioncontrariesgossanitarios/wp-content/uploads/sites/10/2025/05/Triptico-agua-de-calidad-1379x1536.png 1379w, https://www.ssaver.gob.mx/proteccioncontrariesgossanitarios/wp-content/uploads/sites/10/2025/05/Triptico-agua-de-calidad-1838x2048.png 1838w" sizes="auto, (max-width: 919px) 100vw, 919px" /></a></figure>
</div>
</div>



<figure class="wp-block-image aligncenter size-full is-resized"><a href="https://www.ssaver.gob.mx/proteccioncontrariesgossanitarios/wp-content/uploads/sites/10/2025/05/INFOGRAFIA-GUIA-PARA-LAVADO-DE-TINACO.pdf" target="_blank"><img loading="lazy" decoding="async" width="2298" height="2560" src="https://www.ssaver.gob.mx/proteccioncontrariesgossanitarios/wp-content/uploads/sites/10/2025/05/Lavado-tinaco-agua-de-calidad-scaled.png" alt="" class="wp-image-4591" style="width:259px;height:auto" srcset="https://www.ssaver.gob.mx/proteccioncontrariesgossanitarios/wp-content/uploads/sites/10/2025/05/Lavado-tinaco-agua-de-calidad-scaled.png 2298w, https://www.ssaver.gob.mx/proteccioncontrariesgossanitarios/wp-content/uploads/sites/10/2025/05/Lavado-tinaco-agua-de-calidad-269x300.png 269w, https://www.ssaver.gob.mx/proteccioncontrariesgossanitarios/wp-content/uploads/sites/10/2025/05/Lavado-tinaco-agua-de-calidad-919x1024.png 919w, https://www.ssaver.gob.mx/proteccioncontrariesgossanitarios/wp-content/uploads/sites/10/2025/05/Lavado-tinaco-agua-de-calidad-768x856.png 768w, https://www.ssaver.gob.mx/proteccioncontrariesgossanitarios/wp-content/uploads/sites/10/2025/05/Lavado-tinaco-agua-de-calidad-1379x1536.png 1379w, https://www.ssaver.gob.mx/proteccioncontrariesgossanitarios/wp-content/uploads/sites/10/2025/05/Lavado-tinaco-agua-de-calidad-1838x2048.png 1838w" sizes="auto, (max-width: 2298px) 100vw, 2298px" /></a></figure>



<p></p>
</div>

<p>OBJETIVO Proteger a la población de los riesgos físicos, químicos y biológicos asociados al uso y consumo de agua a</p>
