{"id":1250,"date":"2022-09-07T10:09:39","date_gmt":"2022-09-07T15:09:39","guid":{"rendered":"https:\/\/www.ssaver.gob.mx\/proteccioncontrariesgossanitarios\/?page_id=1250"},"modified":"2026-03-03T18:12:54","modified_gmt":"2026-03-04T00:12:54","slug":"playas-limpias","status":"publish","type":"page","link":"https:\/\/www.ssaver.gob.mx\/proteccioncontrariesgossanitarios\/playas-limpias\/","title":{"rendered":"Playas limpias"},"content":{"rendered":"\n<div class=\"wp-block-group is-layout-constrained wp-container-core-group-is-layout-99939dce wp-block-group-is-layout-constrained\">\n<figure class=\"wp-block-gallery has-nested-images columns-default is-cropped wp-block-gallery-1 is-layout-flex wp-block-gallery-is-layout-flex\">\n<figure class=\"wp-block-image size-large\"><img loading=\"lazy\" decoding=\"async\" width=\"1024\" height=\"378\" data-id=\"1732\" src=\"https:\/\/www.ssaver.gob.mx\/proteccioncontrariesgossanitarios\/wp-content\/uploads\/sites\/10\/2022\/11\/botonRecurso-22-1024x378.png\" alt=\"\" class=\"wp-image-1732\" srcset=\"https:\/\/www.ssaver.gob.mx\/proteccioncontrariesgossanitarios\/wp-content\/uploads\/sites\/10\/2022\/11\/botonRecurso-22-1024x378.png 1024w, https:\/\/www.ssaver.gob.mx\/proteccioncontrariesgossanitarios\/wp-content\/uploads\/sites\/10\/2022\/11\/botonRecurso-22-300x111.png 300w, https:\/\/www.ssaver.gob.mx\/proteccioncontrariesgossanitarios\/wp-content\/uploads\/sites\/10\/2022\/11\/botonRecurso-22-768x283.png 768w, https:\/\/www.ssaver.gob.mx\/proteccioncontrariesgossanitarios\/wp-content\/uploads\/sites\/10\/2022\/11\/botonRecurso-22-1536x567.png 1536w, https:\/\/www.ssaver.gob.mx\/proteccioncontrariesgossanitarios\/wp-content\/uploads\/sites\/10\/2022\/11\/botonRecurso-22.png 1929w\" sizes=\"auto, (max-width: 1024px) 100vw, 1024px\" \/><\/figure>\n<\/figure>\n\n\n\n<h2 class=\"wp-block-heading has-text-align-center has-large-font-size\">OBJETIVO<\/h2>\n\n\n\n<hr class=\"wp-block-separator has-text-color has-alpha-channel-opacity has-background is-style-wide\" style=\"background-color:#f3be9a;color:#f3be9a\" \/>\n\n\n\n<p class=\"has-text-align-center\" style=\"font-size:15px\">Reducir la exposici\u00f3n a riesgos sanitarios de origen bacteriano por contacto con el agua de mar, realizando monitoreo de los niveles de enterococos en playas de mayor afluencia tur\u00edstica del Estado, antes de los periodos vacacionales de semana santa, verano e invierno, informando los resultados a trav\u00e9s de la p\u00e1gina de SESVER.<\/p>\n\n\n\n<p class=\"has-text-align-left has-white-color has-text-color has-background\" style=\"background-color:#f3be9a;font-size:15px\"><strong>Poblaci\u00f3n objetivo<\/strong><\/p>\n\n\n\n<p class=\"has-text-align-left has-black-color has-white-background-color has-text-color has-background\" style=\"font-size:15px\">El programa de monitoreo de agua de mar de las playas incluye 29 puntos fijos de monitoreo y toma de muestra, distribuidos en las Jurisdicciones Sanitarias de Tuxpan, Mart\u00ednez de la Torre, Veracruz, San Andr\u00e9s Tuxtla y Coatzacoalcos, con la finalidad de reducir la exposici\u00f3n a riesgos sanitarios de origen bacteriano por contacto con el agua de mar, realizando monitoreo de los niveles de enterococos en playas de mayor afluencia tur\u00edstica del estado antes de los periodos vacacionales de semana santa, verano e invierno, informando los resultados a trav\u00e9s de la p\u00e1gina de SESVER.<\/p>\n\n\n\n<p class=\"has-text-align-left has-white-color has-text-color has-background\" style=\"background-color:#f3be9a;font-size:15px\"><strong>Actividades relevantes<\/strong><\/p>\n\n\n\n<ul style=\"font-size:15px\" class=\"wp-block-list\">\n<li>Coordinaci\u00f3n con los comit\u00e9s de playas de cada una de las regiones del estado para la realizaci\u00f3n de los monitoreos previos a cada periodo vacacional.<\/li>\n\n\n\n<li>Vinculaci\u00f3n y concertaci\u00f3n con instituciones gubernamentales y no gubernamentales para promover la limpieza y la certificaci\u00f3n de playas en el Estado de Veracruz.<\/li>\n\n\n\n<li>Efectividad de vigilancia en playas con mayor afluencia tur\u00edstica en la Entidad.<\/li>\n\n\n\n<li>Fomento para promover el mantenimiento de la limpieza de playas.<\/li>\n\n\n\n<li>Realizar el monitoreo de agua de mar de las playas del Estado de acuerdo a lo establecido en los lineamientos que rigen el programa.<\/li>\n\n\n\n<li>Informar a la poblaci\u00f3n los resultados obtenidos del monitoreo de las playas del Estado de acuerdo a lo establecido en los lineamientos que rigen el programa.<\/li>\n<\/ul>\n\n\n\n<hr class=\"wp-block-separator has-text-color has-alpha-channel-opacity has-background is-style-wide\" style=\"background-color:#f3be9a;color:#f3be9a\" \/>\n\n\n\n<figure class=\"wp-block-image aligncenter size-large is-resized\"><a href=\"https:\/\/www.ssaver.gob.mx\/proteccioncontrariesgossanitarios\/resultados-de-calidad-de-agua-de-mar-veracruz\/\" target=\"_blank\" rel=\"noreferrer noopener\"><img loading=\"lazy\" decoding=\"async\" width=\"1024\" height=\"211\" src=\"https:\/\/www.ssaver.gob.mx\/proteccioncontrariesgossanitarios\/wp-content\/uploads\/sites\/10\/2023\/03\/Boton-22-1024x211.png\" alt=\"\" class=\"wp-image-2570\" style=\"width:665px;height:137px\" srcset=\"https:\/\/www.ssaver.gob.mx\/proteccioncontrariesgossanitarios\/wp-content\/uploads\/sites\/10\/2023\/03\/Boton-22-1024x211.png 1024w, https:\/\/www.ssaver.gob.mx\/proteccioncontrariesgossanitarios\/wp-content\/uploads\/sites\/10\/2023\/03\/Boton-22-300x62.png 300w, https:\/\/www.ssaver.gob.mx\/proteccioncontrariesgossanitarios\/wp-content\/uploads\/sites\/10\/2023\/03\/Boton-22-768x158.png 768w, https:\/\/www.ssaver.gob.mx\/proteccioncontrariesgossanitarios\/wp-content\/uploads\/sites\/10\/2023\/03\/Boton-22-1536x316.png 1536w, https:\/\/www.ssaver.gob.mx\/proteccioncontrariesgossanitarios\/wp-content\/uploads\/sites\/10\/2023\/03\/Boton-22-2048x422.png 2048w\" sizes=\"auto, (max-width: 1024px) 100vw, 1024px\" \/><\/a><\/figure>\n\n\n\n<p><\/p>\n<\/div>\n","protected":false},"excerpt":{"rendered":"<p>OBJETIVO Reducir la exposici\u00f3n a riesgos sanitarios de origen bacteriano por contacto con el agua de mar, realizando monitoreo de<\/p>\n","protected":false},"author":15,"featured_media":0,"parent":0,"menu_order":0,"comment_status":"closed","ping_status":"closed","template":"","meta":{"colormag_page_container_layout":"default_layout","colormag_page_sidebar_layout":"default_layout","footnotes":""},"class_list":["post-1250","page","type-page","status-publish","hentry"],"_links":{"self":[{"href":"https:\/\/www.ssaver.gob.mx\/proteccioncontrariesgossanitarios\/wp-json\/wp\/v2\/pages\/1250","targetHints":{"allow":["GET"]}}],"collection":[{"href":"https:\/\/www.ssaver.gob.mx\/proteccioncontrariesgossanitarios\/wp-json\/wp\/v2\/pages"}],"about":[{"href":"https:\/\/www.ssaver.gob.mx\/proteccioncontrariesgossanitarios\/wp-json\/wp\/v2\/types\/page"}],"author":[{"embeddable":true,"href":"https:\/\/www.ssaver.gob.mx\/proteccioncontrariesgossanitarios\/wp-json\/wp\/v2\/users\/15"}],"replies":[{"embeddable":true,"href":"https:\/\/www.ssaver.gob.mx\/proteccioncontrariesgossanitarios\/wp-json\/wp\/v2\/comments?post=1250"}],"version-history":[{"count":10,"href":"https:\/\/www.ssaver.gob.mx\/proteccioncontrariesgossanitarios\/wp-json\/wp\/v2\/pages\/1250\/revisions"}],"predecessor-version":[{"id":5735,"href":"https:\/\/www.ssaver.gob.mx\/proteccioncontrariesgossanitarios\/wp-json\/wp\/v2\/pages\/1250\/revisions\/5735"}],"wp:attachment":[{"href":"https:\/\/www.ssaver.gob.mx\/proteccioncontrariesgossanitarios\/wp-json\/wp\/v2\/media?parent=1250"}],"curies":[{"name":"wp","href":"https:\/\/api.w.org\/{rel}","templated":true}]}}