{"id":1261,"date":"2022-09-07T10:25:54","date_gmt":"2022-09-07T15:25:54","guid":{"rendered":"https:\/\/www.ssaver.gob.mx\/proteccioncontrariesgossanitarios\/?page_id=1261"},"modified":"2026-03-03T18:56:50","modified_gmt":"2026-03-04T00:56:50","slug":"plaguicidas","status":"publish","type":"page","link":"https:\/\/www.ssaver.gob.mx\/proteccioncontrariesgossanitarios\/plaguicidas\/","title":{"rendered":"Uso de Plaguicidas"},"content":{"rendered":"\n<div class=\"wp-block-group is-layout-constrained wp-container-core-group-is-layout-9517baca wp-block-group-is-layout-constrained\">\n<figure class=\"wp-block-gallery has-nested-images columns-default is-cropped wp-block-gallery-1 is-layout-flex wp-block-gallery-is-layout-flex\">\n<figure class=\"wp-block-image size-large\"><img loading=\"lazy\" decoding=\"async\" width=\"1024\" height=\"376\" data-id=\"1737\" src=\"https:\/\/www.ssaver.gob.mx\/proteccioncontrariesgossanitarios\/wp-content\/uploads\/sites\/10\/2022\/11\/botonRecurso-25-1024x376.png\" alt=\"\" class=\"wp-image-1737\" srcset=\"https:\/\/www.ssaver.gob.mx\/proteccioncontrariesgossanitarios\/wp-content\/uploads\/sites\/10\/2022\/11\/botonRecurso-25-1024x376.png 1024w, https:\/\/www.ssaver.gob.mx\/proteccioncontrariesgossanitarios\/wp-content\/uploads\/sites\/10\/2022\/11\/botonRecurso-25-300x110.png 300w, https:\/\/www.ssaver.gob.mx\/proteccioncontrariesgossanitarios\/wp-content\/uploads\/sites\/10\/2022\/11\/botonRecurso-25-768x282.png 768w, https:\/\/www.ssaver.gob.mx\/proteccioncontrariesgossanitarios\/wp-content\/uploads\/sites\/10\/2022\/11\/botonRecurso-25-1536x563.png 1536w, https:\/\/www.ssaver.gob.mx\/proteccioncontrariesgossanitarios\/wp-content\/uploads\/sites\/10\/2022\/11\/botonRecurso-25.png 1928w\" sizes=\"auto, (max-width: 1024px) 100vw, 1024px\" \/><\/figure>\n<\/figure>\n\n\n\n<h2 class=\"wp-block-heading has-text-align-center has-large-font-size\">OBJETIVO<\/h2>\n\n\n\n<hr class=\"wp-block-separator has-text-color has-alpha-channel-opacity has-background is-style-wide\" style=\"background-color:#b9bb16;color:#b9bb16\" \/>\n\n\n\n<p class=\"has-text-align-center\" style=\"font-size:15px\">Minimizar los posibles riesgos a la salud de la poblaci\u00f3n de la entidad veracruzana, generados por el uso y manejo de plaguicidas, en establecimientos donde almacenan y expenden estos productos al p\u00fablico; y aquellos servicios urbanos de control de plagas, que principalmente pueden causar da\u00f1o a la salud de manera inmediata, mediata, temporal o permanente al personal ocupacionalmente expuesto, entre ellos los jornaleros agr\u00edcolas.<\/p>\n\n\n\n<p class=\"has-text-align-left has-white-color has-text-color has-background\" style=\"background-color:#b9bb16;font-size:15px\"><strong>Poblaci\u00f3n objetivo<\/strong><\/p>\n\n\n\n<p class=\"has-text-align-left has-black-color has-white-background-color has-text-color has-background\" style=\"font-size:15px\">\u00abPropietarios y responsables t\u00e9cnicos de establecimientos que almacenan y expenden plaguicidas y nutrientes vegetales. Propietarios, responsables t\u00e9cnicos y aplicadores de establecimientos de servicios urbanos de control de plagas. Agricultores aplicadores de plaguicidas en los diferentes municipios del Estado con mayor actividad agr\u00edcola\u201d.<\/p>\n\n\n\n<p class=\"has-text-align-left has-white-color has-text-color has-background\" style=\"background-color:#b9bb16;font-size:15px\"><strong>Actividades relevantes<\/strong><\/p>\n\n\n\n<ul class=\"wp-block-list\">\n<li>Orientaci\u00f3n y fomento sanitario.<\/li>\n\n\n\n<li>Capacitaci\u00f3n en medidas de prevenci\u00f3n ante uso de plaguicidas, sensibilizaci\u00f3n y respeto al medio ambiente.&nbsp;<\/li>\n\n\n\n<li>Difusi\u00f3n de medidas de seguridad, almacenamiento correcto de plaguicidas y manejo integral de intoxicaciones por plaguicidas.&nbsp;<\/li>\n\n\n\n<li>Evaluaci\u00f3n y manejo de riesgo.<\/li>\n\n\n\n<li>Vigilancia Sanitaria Proactiva = Autoevaluaci\u00f3n.<\/li>\n\n\n\n<li>Vigilancia Sanitaria Regular.<\/li>\n\n\n\n<li>Atenci\u00f3n a la capacitaci\u00f3n y actualizaci\u00f3n de personal operativo.<\/li>\n<\/ul>\n\n\n\n<h2 class=\"wp-block-heading has-text-align-center has-large-font-size\">MATERIALES DE DIFUSI\u00d3N<\/h2>\n\n\n\n<hr class=\"wp-block-separator has-text-color has-alpha-channel-opacity has-background is-style-wide\" style=\"background-color:#b9bb16;color:#b9bb16\" \/>\n\n\n\n<figure class=\"wp-block-table is-style-stripes\"><table class=\"has-background\" style=\"background-color:#efefef\"><tbody><tr><td class=\"has-text-align-center\" data-align=\"center\"><img decoding=\"async\" style=\"width: 250px\" src=\"https:\/\/www.ssaver.gob.mx\/proteccioncontrariesgossanitarios\/wp-content\/uploads\/sites\/10\/2022\/11\/botonRecurso-30.png\" alt=\"\"><\/td><td class=\"has-text-align-center\" data-align=\"center\"><img decoding=\"async\" style=\"width: 250px\" src=\"https:\/\/www.ssaver.gob.mx\/proteccioncontrariesgossanitarios\/wp-content\/uploads\/sites\/10\/2022\/11\/botonRecurso-29.png\" alt=\"\"><\/td><td class=\"has-text-align-center\" data-align=\"center\"><img decoding=\"async\" style=\"width: 250px\" src=\"https:\/\/www.ssaver.gob.mx\/proteccioncontrariesgossanitarios\/wp-content\/uploads\/sites\/10\/2022\/11\/botonRecurso-26.png\" alt=\"\"><\/td><\/tr><tr><td class=\"has-text-align-center\" data-align=\"center\"><img decoding=\"async\" style=\"width: 250px\" src=\"https:\/\/www.ssaver.gob.mx\/proteccioncontrariesgossanitarios\/wp-content\/uploads\/sites\/10\/2022\/11\/botonRecurso-27.png\" alt=\"\"><\/td><td class=\"has-text-align-center\" data-align=\"center\"><img decoding=\"async\" style=\"width: 250px\" src=\"https:\/\/www.ssaver.gob.mx\/proteccioncontrariesgossanitarios\/wp-content\/uploads\/sites\/10\/2022\/11\/botonRecurso-28.png\" alt=\"\"><\/td><td class=\"has-text-align-center\" data-align=\"center\"><\/td><\/tr><\/tbody><\/table><\/figure>\n<\/div>\n","protected":false},"excerpt":{"rendered":"<p>OBJETIVO Minimizar los posibles riesgos a la salud de la poblaci\u00f3n de la entidad veracruzana, generados por el uso y<\/p>\n","protected":false},"author":15,"featured_media":0,"parent":0,"menu_order":0,"comment_status":"closed","ping_status":"closed","template":"","meta":{"colormag_page_container_layout":"default_layout","colormag_page_sidebar_layout":"default_layout","footnotes":""},"class_list":["post-1261","page","type-page","status-publish","hentry"],"_links":{"self":[{"href":"https:\/\/www.ssaver.gob.mx\/proteccioncontrariesgossanitarios\/wp-json\/wp\/v2\/pages\/1261","targetHints":{"allow":["GET"]}}],"collection":[{"href":"https:\/\/www.ssaver.gob.mx\/proteccioncontrariesgossanitarios\/wp-json\/wp\/v2\/pages"}],"about":[{"href":"https:\/\/www.ssaver.gob.mx\/proteccioncontrariesgossanitarios\/wp-json\/wp\/v2\/types\/page"}],"author":[{"embeddable":true,"href":"https:\/\/www.ssaver.gob.mx\/proteccioncontrariesgossanitarios\/wp-json\/wp\/v2\/users\/15"}],"replies":[{"embeddable":true,"href":"https:\/\/www.ssaver.gob.mx\/proteccioncontrariesgossanitarios\/wp-json\/wp\/v2\/comments?post=1261"}],"version-history":[{"count":19,"href":"https:\/\/www.ssaver.gob.mx\/proteccioncontrariesgossanitarios\/wp-json\/wp\/v2\/pages\/1261\/revisions"}],"predecessor-version":[{"id":5753,"href":"https:\/\/www.ssaver.gob.mx\/proteccioncontrariesgossanitarios\/wp-json\/wp\/v2\/pages\/1261\/revisions\/5753"}],"wp:attachment":[{"href":"https:\/\/www.ssaver.gob.mx\/proteccioncontrariesgossanitarios\/wp-json\/wp\/v2\/media?parent=1261"}],"curies":[{"name":"wp","href":"https:\/\/api.w.org\/{rel}","templated":true}]}}

<div class="wp-block-group is-layout-constrained wp-container-core-group-is-layout-9517baca wp-block-group-is-layout-constrained">
<figure class="wp-block-gallery has-nested-images columns-default is-cropped wp-block-gallery-1 is-layout-flex wp-block-gallery-is-layout-flex">
<figure class="wp-block-image size-large"><img loading="lazy" decoding="async" width="1024" height="376" data-id="1737" src="https://www.ssaver.gob.mx/proteccioncontrariesgossanitarios/wp-content/uploads/sites/10/2022/11/botonRecurso-25-1024x376.png" alt="" class="wp-image-1737" srcset="https://www.ssaver.gob.mx/proteccioncontrariesgossanitarios/wp-content/uploads/sites/10/2022/11/botonRecurso-25-1024x376.png 1024w, https://www.ssaver.gob.mx/proteccioncontrariesgossanitarios/wp-content/uploads/sites/10/2022/11/botonRecurso-25-300x110.png 300w, https://www.ssaver.gob.mx/proteccioncontrariesgossanitarios/wp-content/uploads/sites/10/2022/11/botonRecurso-25-768x282.png 768w, https://www.ssaver.gob.mx/proteccioncontrariesgossanitarios/wp-content/uploads/sites/10/2022/11/botonRecurso-25-1536x563.png 1536w, https://www.ssaver.gob.mx/proteccioncontrariesgossanitarios/wp-content/uploads/sites/10/2022/11/botonRecurso-25.png 1928w" sizes="auto, (max-width: 1024px) 100vw, 1024px" /></figure>
</figure>



<h2 class="wp-block-heading has-text-align-center has-large-font-size">OBJETIVO</h2>



<hr class="wp-block-separator has-text-color has-alpha-channel-opacity has-background is-style-wide" style="background-color:#b9bb16;color:#b9bb16" />



<p class="has-text-align-center" style="font-size:15px">Minimizar los posibles riesgos a la salud de la población de la entidad veracruzana, generados por el uso y manejo de plaguicidas, en establecimientos donde almacenan y expenden estos productos al público; y aquellos servicios urbanos de control de plagas, que principalmente pueden causar daño a la salud de manera inmediata, mediata, temporal o permanente al personal ocupacionalmente expuesto, entre ellos los jornaleros agrícolas.</p>



<p class="has-text-align-left has-white-color has-text-color has-background" style="background-color:#b9bb16;font-size:15px"><strong>Población objetivo</strong></p>



<p class="has-text-align-left has-black-color has-white-background-color has-text-color has-background" style="font-size:15px">«Propietarios y responsables técnicos de establecimientos que almacenan y expenden plaguicidas y nutrientes vegetales. Propietarios, responsables técnicos y aplicadores de establecimientos de servicios urbanos de control de plagas. Agricultores aplicadores de plaguicidas en los diferentes municipios del Estado con mayor actividad agrícola”.</p>



<p class="has-text-align-left has-white-color has-text-color has-background" style="background-color:#b9bb16;font-size:15px"><strong>Actividades relevantes</strong></p>



<ul class="wp-block-list">
<li>Orientación y fomento sanitario.</li>



<li>Capacitación en medidas de prevención ante uso de plaguicidas, sensibilización y respeto al medio ambiente.&nbsp;</li>



<li>Difusión de medidas de seguridad, almacenamiento correcto de plaguicidas y manejo integral de intoxicaciones por plaguicidas.&nbsp;</li>



<li>Evaluación y manejo de riesgo.</li>



<li>Vigilancia Sanitaria Proactiva = Autoevaluación.</li>



<li>Vigilancia Sanitaria Regular.</li>



<li>Atención a la capacitación y actualización de personal operativo.</li>
</ul>



<h2 class="wp-block-heading has-text-align-center has-large-font-size">MATERIALES DE DIFUSIÓN</h2>



<hr class="wp-block-separator has-text-color has-alpha-channel-opacity has-background is-style-wide" style="background-color:#b9bb16;color:#b9bb16" />



<figure class="wp-block-table is-style-stripes"><table class="has-background" style="background-color:#efefef"><tbody><tr><td class="has-text-align-center" data-align="center"><img decoding="async" style="width: 250px" src="https://www.ssaver.gob.mx/proteccioncontrariesgossanitarios/wp-content/uploads/sites/10/2022/11/botonRecurso-30.png" alt=""></td><td class="has-text-align-center" data-align="center"><img decoding="async" style="width: 250px" src="https://www.ssaver.gob.mx/proteccioncontrariesgossanitarios/wp-content/uploads/sites/10/2022/11/botonRecurso-29.png" alt=""></td><td class="has-text-align-center" data-align="center"><img decoding="async" style="width: 250px" src="https://www.ssaver.gob.mx/proteccioncontrariesgossanitarios/wp-content/uploads/sites/10/2022/11/botonRecurso-26.png" alt=""></td></tr><tr><td class="has-text-align-center" data-align="center"><img decoding="async" style="width: 250px" src="https://www.ssaver.gob.mx/proteccioncontrariesgossanitarios/wp-content/uploads/sites/10/2022/11/botonRecurso-27.png" alt=""></td><td class="has-text-align-center" data-align="center"><img decoding="async" style="width: 250px" src="https://www.ssaver.gob.mx/proteccioncontrariesgossanitarios/wp-content/uploads/sites/10/2022/11/botonRecurso-28.png" alt=""></td><td class="has-text-align-center" data-align="center"></td></tr></tbody></table></figure>
</div>

<p>OBJETIVO Minimizar los posibles riesgos a la salud de la población de la entidad veracruzana, generados por el uso y</p>
