{"id":1296,"date":"2022-09-07T11:54:18","date_gmt":"2022-09-07T16:54:18","guid":{"rendered":"https:\/\/www.ssaver.gob.mx\/proteccioncontrariesgossanitarios\/?page_id=1296"},"modified":"2026-03-03T17:27:50","modified_gmt":"2026-03-03T23:27:50","slug":"atencion-medica","status":"publish","type":"page","link":"https:\/\/www.ssaver.gob.mx\/proteccioncontrariesgossanitarios\/atencion-medica\/","title":{"rendered":"Atenci\u00f3n M\u00e9dica"},"content":{"rendered":"\n<div class=\"wp-block-group is-layout-constrained wp-container-core-group-is-layout-9517baca wp-block-group-is-layout-constrained\">\n<figure class=\"wp-block-gallery has-nested-images columns-default is-cropped wp-block-gallery-1 is-layout-flex wp-block-gallery-is-layout-flex\">\n<figure class=\"wp-block-image size-large\"><img loading=\"lazy\" decoding=\"async\" width=\"1024\" height=\"369\" data-id=\"1684\" src=\"https:\/\/www.ssaver.gob.mx\/proteccioncontrariesgossanitarios\/wp-content\/uploads\/sites\/10\/2022\/10\/botonRecurso-2-1024x369.png\" alt=\"\" class=\"wp-image-1684\" srcset=\"https:\/\/www.ssaver.gob.mx\/proteccioncontrariesgossanitarios\/wp-content\/uploads\/sites\/10\/2022\/10\/botonRecurso-2-1024x369.png 1024w, https:\/\/www.ssaver.gob.mx\/proteccioncontrariesgossanitarios\/wp-content\/uploads\/sites\/10\/2022\/10\/botonRecurso-2-300x108.png 300w, https:\/\/www.ssaver.gob.mx\/proteccioncontrariesgossanitarios\/wp-content\/uploads\/sites\/10\/2022\/10\/botonRecurso-2-768x276.png 768w, https:\/\/www.ssaver.gob.mx\/proteccioncontrariesgossanitarios\/wp-content\/uploads\/sites\/10\/2022\/10\/botonRecurso-2-1536x553.png 1536w, https:\/\/www.ssaver.gob.mx\/proteccioncontrariesgossanitarios\/wp-content\/uploads\/sites\/10\/2022\/10\/botonRecurso-2.png 1931w\" sizes=\"auto, (max-width: 1024px) 100vw, 1024px\" \/><\/figure>\n<\/figure>\n\n\n\n<h2 class=\"wp-block-heading has-text-align-center has-large-font-size\">OBJETIVO<\/h2>\n\n\n\n<hr class=\"wp-block-separator has-text-color has-alpha-channel-opacity has-background is-style-wide\" style=\"background-color:#ec9bad;color:#ec9bad\" \/>\n\n\n\n<p class=\"has-text-align-center\" style=\"font-size:15px\">Contribuir a la disminuci\u00f3n de riesgos sanitarios en establecimientos de atenci\u00f3n m\u00e9dica de los sectores p\u00fablico, social y privado en el estado de Veracruz, mediante acciones de regulaci\u00f3n, fomento y control sanitario.<\/p>\n\n\n\n<p class=\"has-text-align-left has-white-color has-text-color has-background\" style=\"background-color:#ec9bad;font-size:15px\"><strong>Poblaci\u00f3n objetivo<\/strong><\/p>\n\n\n\n<p class=\"has-text-align-left has-black-color has-white-background-color has-text-color has-background\" style=\"font-size:15px\">Establecimientos de atenci\u00f3n m\u00e9dica de los sectores p\u00fablico, social y privado que est\u00e1n ubicados en el Estado. Coordinando las acciones con las 11 Jurisdicciones Sanitarias, el Departamento de Vigilancia Sanitaria, la Subdirecci\u00f3n de Operaci\u00f3n Sanitaria y Autorizaciones, Subdirecci\u00f3n de Evidencia y Manejo de Riesgos, la Direcci\u00f3n de Protecci\u00f3n contra Riesgos Sanitarios y se extiende al Sistema Federal Sanitario.<\/p>\n\n\n\n<p class=\"has-text-align-left has-white-color has-text-color has-background\" style=\"background-color:#ec9bad;font-size:15px\"><strong>Actividades relevantes<\/strong><\/p>\n\n\n\n<ul style=\"font-size:15px\" class=\"wp-block-list\">\n<li>Vigilancia sanitaria a establecimientos.&nbsp;<\/li>\n\n\n\n<li>Visitas de verificaci\u00f3n sanitaria dirigidas a los giros de atenci\u00f3n m\u00e9dica.<\/li>\n\n\n\n<li>Aplicaci\u00f3n de c\u00e9dulas de evaluaci\u00f3n a los giros de atenci\u00f3n m\u00e9dica.<\/li>\n\n\n\n<li>Fortalecer esquemas de regulaci\u00f3n y control sanitario, aplicables a establecimientos que ofrecen servicios de salud.<\/li>\n\n\n\n<li>Coordinar las competencias entre Federaci\u00f3n y el Estado, enfocadas a la vigilancia y autorizaci\u00f3n de los establecimientos de atenci\u00f3n m\u00e9dica.<\/li>\n\n\n\n<li>Fortalecer esquemas no regulatorios para contribuir en la mejora de condiciones sanitarias de los establecimientos que ofrecen servicios de salud.<\/li>\n<\/ul>\n<\/div>\n","protected":false},"excerpt":{"rendered":"<p>OBJETIVO Contribuir a la disminuci\u00f3n de riesgos sanitarios en establecimientos de atenci\u00f3n m\u00e9dica de los sectores p\u00fablico, social y privado<\/p>\n","protected":false},"author":15,"featured_media":0,"parent":0,"menu_order":0,"comment_status":"closed","ping_status":"closed","template":"","meta":{"colormag_page_container_layout":"default_layout","colormag_page_sidebar_layout":"default_layout","footnotes":""},"class_list":["post-1296","page","type-page","status-publish","hentry"],"_links":{"self":[{"href":"https:\/\/www.ssaver.gob.mx\/proteccioncontrariesgossanitarios\/wp-json\/wp\/v2\/pages\/1296","targetHints":{"allow":["GET"]}}],"collection":[{"href":"https:\/\/www.ssaver.gob.mx\/proteccioncontrariesgossanitarios\/wp-json\/wp\/v2\/pages"}],"about":[{"href":"https:\/\/www.ssaver.gob.mx\/proteccioncontrariesgossanitarios\/wp-json\/wp\/v2\/types\/page"}],"author":[{"embeddable":true,"href":"https:\/\/www.ssaver.gob.mx\/proteccioncontrariesgossanitarios\/wp-json\/wp\/v2\/users\/15"}],"replies":[{"embeddable":true,"href":"https:\/\/www.ssaver.gob.mx\/proteccioncontrariesgossanitarios\/wp-json\/wp\/v2\/comments?post=1296"}],"version-history":[{"count":10,"href":"https:\/\/www.ssaver.gob.mx\/proteccioncontrariesgossanitarios\/wp-json\/wp\/v2\/pages\/1296\/revisions"}],"predecessor-version":[{"id":5704,"href":"https:\/\/www.ssaver.gob.mx\/proteccioncontrariesgossanitarios\/wp-json\/wp\/v2\/pages\/1296\/revisions\/5704"}],"wp:attachment":[{"href":"https:\/\/www.ssaver.gob.mx\/proteccioncontrariesgossanitarios\/wp-json\/wp\/v2\/media?parent=1296"}],"curies":[{"name":"wp","href":"https:\/\/api.w.org\/{rel}","templated":true}]}}