{"id":1300,"date":"2022-09-07T12:06:46","date_gmt":"2022-09-07T17:06:46","guid":{"rendered":"https:\/\/www.ssaver.gob.mx\/proteccioncontrariesgossanitarios\/?page_id=1300"},"modified":"2026-03-03T17:52:49","modified_gmt":"2026-03-03T23:52:49","slug":"emergencias","status":"publish","type":"page","link":"https:\/\/www.ssaver.gob.mx\/proteccioncontrariesgossanitarios\/emergencias\/","title":{"rendered":"Emergencias Sanitarias"},"content":{"rendered":"\n<div class=\"wp-block-group is-layout-constrained wp-container-core-group-is-layout-9517baca wp-block-group-is-layout-constrained\">\n<figure class=\"wp-block-gallery has-nested-images columns-default is-cropped wp-block-gallery-1 is-layout-flex wp-block-gallery-is-layout-flex\">\n<figure class=\"wp-block-image size-large\"><img loading=\"lazy\" decoding=\"async\" width=\"1024\" height=\"366\" data-id=\"1620\" src=\"https:\/\/www.ssaver.gob.mx\/proteccioncontrariesgossanitarios\/wp-content\/uploads\/sites\/10\/2022\/10\/Slider-EMERGENCIASRecurso-130-1024x366.png\" alt=\"\" class=\"wp-image-1620\" srcset=\"https:\/\/www.ssaver.gob.mx\/proteccioncontrariesgossanitarios\/wp-content\/uploads\/sites\/10\/2022\/10\/Slider-EMERGENCIASRecurso-130-1024x366.png 1024w, https:\/\/www.ssaver.gob.mx\/proteccioncontrariesgossanitarios\/wp-content\/uploads\/sites\/10\/2022\/10\/Slider-EMERGENCIASRecurso-130-300x107.png 300w, https:\/\/www.ssaver.gob.mx\/proteccioncontrariesgossanitarios\/wp-content\/uploads\/sites\/10\/2022\/10\/Slider-EMERGENCIASRecurso-130-768x275.png 768w, https:\/\/www.ssaver.gob.mx\/proteccioncontrariesgossanitarios\/wp-content\/uploads\/sites\/10\/2022\/10\/Slider-EMERGENCIASRecurso-130-1536x549.png 1536w, https:\/\/www.ssaver.gob.mx\/proteccioncontrariesgossanitarios\/wp-content\/uploads\/sites\/10\/2022\/10\/Slider-EMERGENCIASRecurso-130.png 1924w\" sizes=\"auto, (max-width: 1024px) 100vw, 1024px\" \/><\/figure>\n<\/figure>\n\n\n\n<h2 class=\"wp-block-heading has-text-align-center has-large-font-size\">OBJETIVO<\/h2>\n\n\n\n<hr class=\"wp-block-separator has-text-color has-alpha-channel-opacity has-background is-style-wide\" style=\"background-color:#db0032;color:#db0032\" \/>\n\n\n\n<p class=\"has-text-align-center\" style=\"font-size:15px\">Proteger a la poblaci\u00f3n contra riesgos sanitarios derivados de la ocurrencia de emergencias y desastres.<\/p>\n\n\n\n<p class=\"has-text-align-left has-white-color has-text-color has-background\" style=\"background-color:#db0032;font-size:15px\"><strong>Poblaci\u00f3n objetivo<\/strong><\/p>\n\n\n\n<p class=\"has-text-align-left has-black-color has-white-background-color has-text-color has-background\" style=\"font-size:15px\">Toda poblaci\u00f3n que sea afectada por eventos hidrometeorol\u00f3gicos, eventos de concentraci\u00f3n masiva, relacionados a brotes o enfermedades emergentes, as\u00ed como a infecciones asociadas a la atenci\u00f3n m\u00e9dica.<\/p>\n\n\n\n<p class=\"has-text-align-left has-white-color has-text-color has-background\" style=\"background-color:#db0032;font-size:15px\"><strong>Actividades relevantes<\/strong><\/p>\n\n\n\n<ul style=\"font-size:15px\" class=\"wp-block-list has-black-color has-white-background-color has-text-color has-background\">\n<li>Monitorear, notificar, atender, dar seguimiento y conclusi\u00f3n a los eventos relacionados con emergencias sanitarias.<\/li>\n\n\n\n<li>Capacitar al personal involucrado en la atenci\u00f3n de las emergencias sanitarias, para consolidar la organizaci\u00f3n y coordinaci\u00f3n para la preparaci\u00f3n y respuesta ante emergencias en salud y riesgos sanitarios.<\/li>\n\n\n\n<li>Gestionar oportunamente los insumos, equipos y materiales para la atenci\u00f3n de emergencias sanitarias en los tres niveles de gobierno.<\/li>\n<\/ul>\n\n\n\n<h2 class=\"wp-block-heading has-text-align-center has-large-font-size\">MATERIAL DE DIFUSI\u00d3N<\/h2>\n\n\n\n<hr class=\"wp-block-separator has-text-color has-alpha-channel-opacity has-background is-style-wide\" style=\"background-color:#db0032;color:#db0032\" \/>\n\n\n\n<figure class=\"wp-block-table is-style-stripes\" style=\"font-size:12px\"><table class=\"has-background\" style=\"background-color:#efefef\"><tbody><tr><td class=\"has-text-align-center\" data-align=\"center\"><img decoding=\"async\" style=\"width: 240px\" src=\"https:\/\/www.ssaver.gob.mx\/proteccioncontrariesgossanitarios\/wp-content\/uploads\/sites\/10\/2022\/10\/PLATA-COLOIDAL.png\" alt=\"\"><\/td><td class=\"has-text-align-center\" data-align=\"center\"><img loading=\"lazy\" decoding=\"async\" width=\"426\" height=\"506\" class=\"wp-image-1621\" style=\"width: 240px\" src=\"https:\/\/www.ssaver.gob.mx\/proteccioncontrariesgossanitarios\/wp-content\/uploads\/sites\/10\/2022\/10\/EMERGENCIAS.png\" alt=\"\" srcset=\"https:\/\/www.ssaver.gob.mx\/proteccioncontrariesgossanitarios\/wp-content\/uploads\/sites\/10\/2022\/10\/EMERGENCIAS.png 426w, https:\/\/www.ssaver.gob.mx\/proteccioncontrariesgossanitarios\/wp-content\/uploads\/sites\/10\/2022\/10\/EMERGENCIAS-253x300.png 253w\" sizes=\"auto, (max-width: 426px) 100vw, 426px\" \/><\/td><td class=\"has-text-align-center\" data-align=\"center\"><img loading=\"lazy\" decoding=\"async\" width=\"479\" height=\"470\" class=\"wp-image-1622\" style=\"width: 270px\" src=\"https:\/\/www.ssaver.gob.mx\/proteccioncontrariesgossanitarios\/wp-content\/uploads\/sites\/10\/2022\/10\/ETAS.png\" alt=\"\" srcset=\"https:\/\/www.ssaver.gob.mx\/proteccioncontrariesgossanitarios\/wp-content\/uploads\/sites\/10\/2022\/10\/ETAS.png 479w, https:\/\/www.ssaver.gob.mx\/proteccioncontrariesgossanitarios\/wp-content\/uploads\/sites\/10\/2022\/10\/ETAS-300x294.png 300w\" sizes=\"auto, (max-width: 479px) 100vw, 479px\" \/><\/td><\/tr><tr><td class=\"has-text-align-center\" data-align=\"center\"><img loading=\"lazy\" decoding=\"async\" width=\"425\" height=\"539\" class=\"wp-image-1623\" style=\"width: 220px\" src=\"https:\/\/www.ssaver.gob.mx\/proteccioncontrariesgossanitarios\/wp-content\/uploads\/sites\/10\/2022\/10\/INUNCACION-2.png\" alt=\"\" srcset=\"https:\/\/www.ssaver.gob.mx\/proteccioncontrariesgossanitarios\/wp-content\/uploads\/sites\/10\/2022\/10\/INUNCACION-2.png 425w, https:\/\/www.ssaver.gob.mx\/proteccioncontrariesgossanitarios\/wp-content\/uploads\/sites\/10\/2022\/10\/INUNCACION-2-237x300.png 237w\" sizes=\"auto, (max-width: 425px) 100vw, 425px\" \/><\/td><td class=\"has-text-align-center\" data-align=\"center\"><img decoding=\"async\" style=\"width: 240px\" src=\"https:\/\/www.ssaver.gob.mx\/proteccioncontrariesgossanitarios\/wp-content\/uploads\/sites\/10\/2022\/10\/INUNDACIONES.png\" alt=\"\"><\/td><td class=\"has-text-align-center\" data-align=\"center\"><\/td><\/tr><\/tbody><\/table><\/figure>\n\n\n\n<p><\/p>\n<\/div>\n","protected":false},"excerpt":{"rendered":"<p>OBJETIVO Proteger a la poblaci\u00f3n contra riesgos sanitarios derivados de la ocurrencia de emergencias y desastres. Poblaci\u00f3n objetivo Toda poblaci\u00f3n<\/p>\n","protected":false},"author":15,"featured_media":0,"parent":0,"menu_order":0,"comment_status":"closed","ping_status":"closed","template":"","meta":{"colormag_page_container_layout":"default_layout","colormag_page_sidebar_layout":"default_layout","footnotes":""},"class_list":["post-1300","page","type-page","status-publish","hentry"],"_links":{"self":[{"href":"https:\/\/www.ssaver.gob.mx\/proteccioncontrariesgossanitarios\/wp-json\/wp\/v2\/pages\/1300","targetHints":{"allow":["GET"]}}],"collection":[{"href":"https:\/\/www.ssaver.gob.mx\/proteccioncontrariesgossanitarios\/wp-json\/wp\/v2\/pages"}],"about":[{"href":"https:\/\/www.ssaver.gob.mx\/proteccioncontrariesgossanitarios\/wp-json\/wp\/v2\/types\/page"}],"author":[{"embeddable":true,"href":"https:\/\/www.ssaver.gob.mx\/proteccioncontrariesgossanitarios\/wp-json\/wp\/v2\/users\/15"}],"replies":[{"embeddable":true,"href":"https:\/\/www.ssaver.gob.mx\/proteccioncontrariesgossanitarios\/wp-json\/wp\/v2\/comments?post=1300"}],"version-history":[{"count":16,"href":"https:\/\/www.ssaver.gob.mx\/proteccioncontrariesgossanitarios\/wp-json\/wp\/v2\/pages\/1300\/revisions"}],"predecessor-version":[{"id":5722,"href":"https:\/\/www.ssaver.gob.mx\/proteccioncontrariesgossanitarios\/wp-json\/wp\/v2\/pages\/1300\/revisions\/5722"}],"wp:attachment":[{"href":"https:\/\/www.ssaver.gob.mx\/proteccioncontrariesgossanitarios\/wp-json\/wp\/v2\/media?parent=1300"}],"curies":[{"name":"wp","href":"https:\/\/api.w.org\/{rel}","templated":true}]}}

<div class="wp-block-group is-layout-constrained wp-container-core-group-is-layout-9517baca wp-block-group-is-layout-constrained">
<figure class="wp-block-gallery has-nested-images columns-default is-cropped wp-block-gallery-1 is-layout-flex wp-block-gallery-is-layout-flex">
<figure class="wp-block-image size-large"><img loading="lazy" decoding="async" width="1024" height="366" data-id="1620" src="https://www.ssaver.gob.mx/proteccioncontrariesgossanitarios/wp-content/uploads/sites/10/2022/10/Slider-EMERGENCIASRecurso-130-1024x366.png" alt="" class="wp-image-1620" srcset="https://www.ssaver.gob.mx/proteccioncontrariesgossanitarios/wp-content/uploads/sites/10/2022/10/Slider-EMERGENCIASRecurso-130-1024x366.png 1024w, https://www.ssaver.gob.mx/proteccioncontrariesgossanitarios/wp-content/uploads/sites/10/2022/10/Slider-EMERGENCIASRecurso-130-300x107.png 300w, https://www.ssaver.gob.mx/proteccioncontrariesgossanitarios/wp-content/uploads/sites/10/2022/10/Slider-EMERGENCIASRecurso-130-768x275.png 768w, https://www.ssaver.gob.mx/proteccioncontrariesgossanitarios/wp-content/uploads/sites/10/2022/10/Slider-EMERGENCIASRecurso-130-1536x549.png 1536w, https://www.ssaver.gob.mx/proteccioncontrariesgossanitarios/wp-content/uploads/sites/10/2022/10/Slider-EMERGENCIASRecurso-130.png 1924w" sizes="auto, (max-width: 1024px) 100vw, 1024px" /></figure>
</figure>



<h2 class="wp-block-heading has-text-align-center has-large-font-size">OBJETIVO</h2>



<hr class="wp-block-separator has-text-color has-alpha-channel-opacity has-background is-style-wide" style="background-color:#db0032;color:#db0032" />



<p class="has-text-align-center" style="font-size:15px">Proteger a la población contra riesgos sanitarios derivados de la ocurrencia de emergencias y desastres.</p>



<p class="has-text-align-left has-white-color has-text-color has-background" style="background-color:#db0032;font-size:15px"><strong>Población objetivo</strong></p>



<p class="has-text-align-left has-black-color has-white-background-color has-text-color has-background" style="font-size:15px">Toda población que sea afectada por eventos hidrometeorológicos, eventos de concentración masiva, relacionados a brotes o enfermedades emergentes, así como a infecciones asociadas a la atención médica.</p>



<p class="has-text-align-left has-white-color has-text-color has-background" style="background-color:#db0032;font-size:15px"><strong>Actividades relevantes</strong></p>



<ul style="font-size:15px" class="wp-block-list has-black-color has-white-background-color has-text-color has-background">
<li>Monitorear, notificar, atender, dar seguimiento y conclusión a los eventos relacionados con emergencias sanitarias.</li>



<li>Capacitar al personal involucrado en la atención de las emergencias sanitarias, para consolidar la organización y coordinación para la preparación y respuesta ante emergencias en salud y riesgos sanitarios.</li>



<li>Gestionar oportunamente los insumos, equipos y materiales para la atención de emergencias sanitarias en los tres niveles de gobierno.</li>
</ul>



<h2 class="wp-block-heading has-text-align-center has-large-font-size">MATERIAL DE DIFUSIÓN</h2>



<hr class="wp-block-separator has-text-color has-alpha-channel-opacity has-background is-style-wide" style="background-color:#db0032;color:#db0032" />



<figure class="wp-block-table is-style-stripes" style="font-size:12px"><table class="has-background" style="background-color:#efefef"><tbody><tr><td class="has-text-align-center" data-align="center"><img decoding="async" style="width: 240px" src="https://www.ssaver.gob.mx/proteccioncontrariesgossanitarios/wp-content/uploads/sites/10/2022/10/PLATA-COLOIDAL.png" alt=""></td><td class="has-text-align-center" data-align="center"><img loading="lazy" decoding="async" width="426" height="506" class="wp-image-1621" style="width: 240px" src="https://www.ssaver.gob.mx/proteccioncontrariesgossanitarios/wp-content/uploads/sites/10/2022/10/EMERGENCIAS.png" alt="" srcset="https://www.ssaver.gob.mx/proteccioncontrariesgossanitarios/wp-content/uploads/sites/10/2022/10/EMERGENCIAS.png 426w, https://www.ssaver.gob.mx/proteccioncontrariesgossanitarios/wp-content/uploads/sites/10/2022/10/EMERGENCIAS-253x300.png 253w" sizes="auto, (max-width: 426px) 100vw, 426px" /></td><td class="has-text-align-center" data-align="center"><img loading="lazy" decoding="async" width="479" height="470" class="wp-image-1622" style="width: 270px" src="https://www.ssaver.gob.mx/proteccioncontrariesgossanitarios/wp-content/uploads/sites/10/2022/10/ETAS.png" alt="" srcset="https://www.ssaver.gob.mx/proteccioncontrariesgossanitarios/wp-content/uploads/sites/10/2022/10/ETAS.png 479w, https://www.ssaver.gob.mx/proteccioncontrariesgossanitarios/wp-content/uploads/sites/10/2022/10/ETAS-300x294.png 300w" sizes="auto, (max-width: 479px) 100vw, 479px" /></td></tr><tr><td class="has-text-align-center" data-align="center"><img loading="lazy" decoding="async" width="425" height="539" class="wp-image-1623" style="width: 220px" src="https://www.ssaver.gob.mx/proteccioncontrariesgossanitarios/wp-content/uploads/sites/10/2022/10/INUNCACION-2.png" alt="" srcset="https://www.ssaver.gob.mx/proteccioncontrariesgossanitarios/wp-content/uploads/sites/10/2022/10/INUNCACION-2.png 425w, https://www.ssaver.gob.mx/proteccioncontrariesgossanitarios/wp-content/uploads/sites/10/2022/10/INUNCACION-2-237x300.png 237w" sizes="auto, (max-width: 425px) 100vw, 425px" /></td><td class="has-text-align-center" data-align="center"><img decoding="async" style="width: 240px" src="https://www.ssaver.gob.mx/proteccioncontrariesgossanitarios/wp-content/uploads/sites/10/2022/10/INUNDACIONES.png" alt=""></td><td class="has-text-align-center" data-align="center"></td></tr></tbody></table></figure>



<p></p>
</div>

<p>OBJETIVO Proteger a la población contra riesgos sanitarios derivados de la ocurrencia de emergencias y desastres. Población objetivo Toda población</p>
