{"id":1308,"date":"2022-09-07T12:17:46","date_gmt":"2022-09-07T17:17:46","guid":{"rendered":"https:\/\/www.ssaver.gob.mx\/proteccioncontrariesgossanitarios\/?page_id=1308"},"modified":"2026-03-03T18:08:40","modified_gmt":"2026-03-04T00:08:40","slug":"moluscos","status":"publish","type":"page","link":"https:\/\/www.ssaver.gob.mx\/proteccioncontrariesgossanitarios\/moluscos\/","title":{"rendered":"Moluscos Bivalbos"},"content":{"rendered":"\n<div class=\"wp-block-group is-layout-constrained wp-container-core-group-is-layout-9517baca wp-block-group-is-layout-constrained\">\n<figure class=\"wp-block-gallery has-nested-images columns-default is-cropped wp-block-gallery-1 is-layout-flex wp-block-gallery-is-layout-flex\">\n<figure class=\"wp-block-image size-large\"><img loading=\"lazy\" decoding=\"async\" width=\"1024\" height=\"373\" data-id=\"1755\" src=\"https:\/\/www.ssaver.gob.mx\/proteccioncontrariesgossanitarios\/wp-content\/uploads\/sites\/10\/2022\/11\/botonRecurso-32-1024x373.png\" alt=\"\" class=\"wp-image-1755\" srcset=\"https:\/\/www.ssaver.gob.mx\/proteccioncontrariesgossanitarios\/wp-content\/uploads\/sites\/10\/2022\/11\/botonRecurso-32-1024x373.png 1024w, https:\/\/www.ssaver.gob.mx\/proteccioncontrariesgossanitarios\/wp-content\/uploads\/sites\/10\/2022\/11\/botonRecurso-32-300x109.png 300w, https:\/\/www.ssaver.gob.mx\/proteccioncontrariesgossanitarios\/wp-content\/uploads\/sites\/10\/2022\/11\/botonRecurso-32-768x279.png 768w, https:\/\/www.ssaver.gob.mx\/proteccioncontrariesgossanitarios\/wp-content\/uploads\/sites\/10\/2022\/11\/botonRecurso-32-1536x559.png 1536w, https:\/\/www.ssaver.gob.mx\/proteccioncontrariesgossanitarios\/wp-content\/uploads\/sites\/10\/2022\/11\/botonRecurso-32.png 1932w\" sizes=\"auto, (max-width: 1024px) 100vw, 1024px\" \/><\/figure>\n<\/figure>\n\n\n\n<h2 class=\"wp-block-heading has-text-align-center has-large-font-size\">OBJETIVO<\/h2>\n\n\n\n<hr class=\"wp-block-separator has-text-color has-alpha-channel-opacity has-background is-style-wide\" style=\"background-color:#8e8e89;color:#8e8e89\" \/>\n\n\n\n<p class=\"has-text-align-center\" style=\"font-size:15px\">Proteger a la poblaci\u00f3n de riesgos microbiol\u00f3gicos y qu\u00edmicos potencialmente presentes en moluscos bivalvos, a trav\u00e9s de la clasificaci\u00f3n y vigilancia sanitaria de las \u00e1reas de cosecha.<\/p>\n\n\n\n<p class=\"has-text-align-left has-white-color has-text-color has-background\" style=\"background-color:#8e8e89;font-size:15px\"><strong>Poblaci\u00f3n objetivo<\/strong><\/p>\n\n\n\n<p class=\"has-text-align-left has-black-color has-white-background-color has-text-color has-background\" style=\"font-size:15px\">En el estado de Veracruz, existen registrados 12 cuerpos lagunares, pero de acuerdo a prioridad, dada su producci\u00f3n ostr\u00edcola, se trabajar\u00e1 con lagunas de: Pueblo Viejo de la Jurisdicci\u00f3n Sanitaria I de P\u00e1nuco, Tamiahua y Tampamachoco de la Jurisdicci\u00f3n Sanitaria II de Tuxpan, y Mandinga de la Jurisdicci\u00f3n Sanitaria VIII de Veracruz.<\/p>\n\n\n\n<p class=\"has-text-align-left has-white-color has-text-color has-background\" style=\"background-color:#8e8e89;font-size:15px\"><strong>Actividades relevantes<\/strong><\/p>\n\n\n\n<ul style=\"font-size:15px\" class=\"wp-block-list\">\n<li>Elaborar estudios sanitarios para la clasificaci\u00f3n de \u00e1reas en los cuerpos lagunares de Pueblo Viejo, Tamiahua, Tampamachoco y Mandinga. Elaborar estudios y determinaciones de biotoxinas marinas en producto de acuerdo con lo establecido por COFEPRIS (pruebas r\u00e1pidas para detecci\u00f3n de PSP, ASP, y DSP).<\/li>\n\n\n\n<li>Implementar estudios y determinaciones de biotoxinas marinas en producto de acuerdo con lo establecido por COFEPRIS (pruebas r\u00e1pidas para detecci\u00f3n de Brevetoxina, incluye gastos de toma y env\u00edo de muestras y reporte de resultados). Elaborar estudios de evaluaciones de riesgos en los cuerpos lagunares de Pueblo Viejo, Tamiahua, Tampamachoco, Mandinga y Alvarado.<\/li>\n<\/ul>\n\n\n\n<h2 class=\"wp-block-heading has-text-align-center has-large-font-size\">MATERIALES DE DIFUSI\u00d3N<\/h2>\n\n\n\n<hr class=\"wp-block-separator has-text-color has-alpha-channel-opacity has-background is-style-wide\" style=\"background-color:#8e8e89;color:#8e8e89\" \/>\n\n\n\n<div class=\"wp-block-columns is-layout-flex wp-container-core-columns-is-layout-28f84493 wp-block-columns-is-layout-flex\">\n<div class=\"wp-block-column is-layout-flow wp-block-column-is-layout-flow\"><\/div>\n\n\n\n<div class=\"wp-block-column is-layout-flow wp-block-column-is-layout-flow\"><\/div>\n\n\n\n<div class=\"wp-block-column is-layout-flow wp-block-column-is-layout-flow\"><\/div>\n<\/div>\n<\/div>\n","protected":false},"excerpt":{"rendered":"<p>OBJETIVO Proteger a la poblaci\u00f3n de riesgos microbiol\u00f3gicos y qu\u00edmicos potencialmente presentes en moluscos bivalvos, a trav\u00e9s de la clasificaci\u00f3n<\/p>\n","protected":false},"author":15,"featured_media":0,"parent":0,"menu_order":0,"comment_status":"closed","ping_status":"closed","template":"","meta":{"colormag_page_container_layout":"default_layout","colormag_page_sidebar_layout":"default_layout","footnotes":""},"class_list":["post-1308","page","type-page","status-publish","hentry"],"_links":{"self":[{"href":"https:\/\/www.ssaver.gob.mx\/proteccioncontrariesgossanitarios\/wp-json\/wp\/v2\/pages\/1308","targetHints":{"allow":["GET"]}}],"collection":[{"href":"https:\/\/www.ssaver.gob.mx\/proteccioncontrariesgossanitarios\/wp-json\/wp\/v2\/pages"}],"about":[{"href":"https:\/\/www.ssaver.gob.mx\/proteccioncontrariesgossanitarios\/wp-json\/wp\/v2\/types\/page"}],"author":[{"embeddable":true,"href":"https:\/\/www.ssaver.gob.mx\/proteccioncontrariesgossanitarios\/wp-json\/wp\/v2\/users\/15"}],"replies":[{"embeddable":true,"href":"https:\/\/www.ssaver.gob.mx\/proteccioncontrariesgossanitarios\/wp-json\/wp\/v2\/comments?post=1308"}],"version-history":[{"count":12,"href":"https:\/\/www.ssaver.gob.mx\/proteccioncontrariesgossanitarios\/wp-json\/wp\/v2\/pages\/1308\/revisions"}],"predecessor-version":[{"id":5731,"href":"https:\/\/www.ssaver.gob.mx\/proteccioncontrariesgossanitarios\/wp-json\/wp\/v2\/pages\/1308\/revisions\/5731"}],"wp:attachment":[{"href":"https:\/\/www.ssaver.gob.mx\/proteccioncontrariesgossanitarios\/wp-json\/wp\/v2\/media?parent=1308"}],"curies":[{"name":"wp","href":"https:\/\/api.w.org\/{rel}","templated":true}]}}