{"id":1826,"date":"2022-11-07T12:55:46","date_gmt":"2022-11-07T18:55:46","guid":{"rendered":"https:\/\/www.ssaver.gob.mx\/proteccioncontrariesgossanitarios\/?page_id=1826"},"modified":"2026-03-03T18:55:43","modified_gmt":"2026-03-04T00:55:43","slug":"suelo","status":"publish","type":"page","link":"https:\/\/www.ssaver.gob.mx\/proteccioncontrariesgossanitarios\/suelo\/","title":{"rendered":"Suelo"},"content":{"rendered":"\n<div class=\"wp-block-group is-layout-constrained wp-container-core-group-is-layout-9517baca wp-block-group-is-layout-constrained\">\n<p class=\"has-text-align-center has-black-color has-text-color\" style=\"font-size:15px\">Componente fundamental del ambiente, constituido por minerales, materia org\u00e1nica, macro y micro-organismos, donde el 95% de nuestros alimentos se producen de manera directa o indirectamente en la tierra, cumpliendo las funciones esenciales para al agua que bebemos, al aire que respiramos, a nuestra salud y a todos los organismos del planeta.<\/p>\n\n\n\n<h2 class=\"wp-block-heading has-text-align-center has-black-color has-text-color has-large-font-size\" style=\"font-style:normal;font-weight:500\">OBJETIVO<\/h2>\n\n\n\n<hr class=\"wp-block-separator has-text-color has-alpha-channel-opacity has-background is-style-wide\" style=\"background-color:#006451;color:#006451\" \/>\n\n\n\n<p class=\"has-text-align-center\" style=\"font-size:15px\">Educar, sensibilizar y concientizar a la poblaci\u00f3n veracruzana sobre los riesgos e impactos a la salud ocasionados por la contaminaci\u00f3n directa a los suelos por el vertido incontrolado de aguas residuales, sustancias t\u00f3xicas, residuos s\u00f3lidos, entre otros.<\/p>\n\n\n\n<h2 class=\"wp-block-heading has-text-align-center has-black-color has-text-color has-large-font-size\" style=\"font-style:normal;font-weight:500\">MATERIALES DE DIFUSI\u00d3N<\/h2>\n\n\n\n<hr class=\"wp-block-separator has-text-color has-alpha-channel-opacity has-background is-style-wide\" style=\"background-color:#006451;color:#006451\" \/>\n\n\n\n<div class=\"wp-block-columns has-background is-layout-flex wp-container-core-columns-is-layout-28f84493 wp-block-columns-is-layout-flex\" style=\"background-color:#f3f2f2\">\n<div class=\"wp-block-column is-layout-flow wp-block-column-is-layout-flow\">\n<figure class=\"wp-block-image aligncenter size-medium is-resized\"><a href=\"https:\/\/www.ssaver.gob.mx\/proteccioncontrariesgossanitarios\/wp-content\/uploads\/sites\/10\/2025\/04\/CUADERNILLO-RESIDUOS-SOLIDOS-2025-tabloide-12x-18-3.pdf\" target=\"_blank\"><img loading=\"lazy\" decoding=\"async\" width=\"269\" height=\"300\" src=\"https:\/\/www.ssaver.gob.mx\/proteccioncontrariesgossanitarios\/wp-content\/uploads\/sites\/10\/2025\/05\/educacion-ambiental-09-269x300.png\" alt=\"\" class=\"wp-image-4563\" style=\"aspect-ratio:1;object-fit:contain;width:286px;height:auto\" srcset=\"https:\/\/www.ssaver.gob.mx\/proteccioncontrariesgossanitarios\/wp-content\/uploads\/sites\/10\/2025\/05\/educacion-ambiental-09-269x300.png 269w, https:\/\/www.ssaver.gob.mx\/proteccioncontrariesgossanitarios\/wp-content\/uploads\/sites\/10\/2025\/05\/educacion-ambiental-09-919x1024.png 919w, https:\/\/www.ssaver.gob.mx\/proteccioncontrariesgossanitarios\/wp-content\/uploads\/sites\/10\/2025\/05\/educacion-ambiental-09-768x856.png 768w, https:\/\/www.ssaver.gob.mx\/proteccioncontrariesgossanitarios\/wp-content\/uploads\/sites\/10\/2025\/05\/educacion-ambiental-09-1379x1536.png 1379w, https:\/\/www.ssaver.gob.mx\/proteccioncontrariesgossanitarios\/wp-content\/uploads\/sites\/10\/2025\/05\/educacion-ambiental-09-1838x2048.png 1838w\" sizes=\"auto, (max-width: 269px) 100vw, 269px\" \/><\/a><\/figure>\n<\/div>\n\n\n\n<div class=\"wp-block-column is-layout-flow wp-block-column-is-layout-flow\">\n<figure class=\"wp-block-image aligncenter size-medium is-resized\"><a href=\"https:\/\/www.ssaver.gob.mx\/proteccioncontrariesgossanitarios\/wp-content\/uploads\/sites\/10\/2025\/05\/CARTEL-SI-SEPARAMOS-RECICLAMOS.pdf\" target=\"_blank\"><img loading=\"lazy\" decoding=\"async\" width=\"269\" height=\"300\" src=\"https:\/\/www.ssaver.gob.mx\/proteccioncontrariesgossanitarios\/wp-content\/uploads\/sites\/10\/2025\/05\/Separa-tus-residuos-educacion-ambiental-269x300.png\" alt=\"\" class=\"wp-image-4568\" style=\"width:259px;height:auto\" srcset=\"https:\/\/www.ssaver.gob.mx\/proteccioncontrariesgossanitarios\/wp-content\/uploads\/sites\/10\/2025\/05\/Separa-tus-residuos-educacion-ambiental-269x300.png 269w, https:\/\/www.ssaver.gob.mx\/proteccioncontrariesgossanitarios\/wp-content\/uploads\/sites\/10\/2025\/05\/Separa-tus-residuos-educacion-ambiental-919x1024.png 919w, https:\/\/www.ssaver.gob.mx\/proteccioncontrariesgossanitarios\/wp-content\/uploads\/sites\/10\/2025\/05\/Separa-tus-residuos-educacion-ambiental-768x856.png 768w, https:\/\/www.ssaver.gob.mx\/proteccioncontrariesgossanitarios\/wp-content\/uploads\/sites\/10\/2025\/05\/Separa-tus-residuos-educacion-ambiental-1379x1536.png 1379w, https:\/\/www.ssaver.gob.mx\/proteccioncontrariesgossanitarios\/wp-content\/uploads\/sites\/10\/2025\/05\/Separa-tus-residuos-educacion-ambiental-1838x2048.png 1838w\" sizes=\"auto, (max-width: 269px) 100vw, 269px\" \/><\/a><\/figure>\n<\/div>\n\n\n\n<div class=\"wp-block-column is-layout-flow wp-block-column-is-layout-flow\">\n<figure class=\"wp-block-image aligncenter size-medium is-resized\"><a href=\"https:\/\/www.ssaver.gob.mx\/proteccioncontrariesgossanitarios\/wp-content\/uploads\/sites\/10\/2025\/02\/CARTEL-ORGANICA-E-INNORGANICA.pdf\" target=\"_blank\" rel=\" \"><img loading=\"lazy\" decoding=\"async\" width=\"269\" height=\"300\" src=\"https:\/\/www.ssaver.gob.mx\/proteccioncontrariesgossanitarios\/wp-content\/uploads\/sites\/10\/2025\/05\/Si-separamos-reciclamos-educacion-ambiental-269x300.png\" alt=\"\" class=\"wp-image-4575\" style=\"aspect-ratio:1;object-fit:contain;width:290px;height:auto\" srcset=\"https:\/\/www.ssaver.gob.mx\/proteccioncontrariesgossanitarios\/wp-content\/uploads\/sites\/10\/2025\/05\/Si-separamos-reciclamos-educacion-ambiental-269x300.png 269w, https:\/\/www.ssaver.gob.mx\/proteccioncontrariesgossanitarios\/wp-content\/uploads\/sites\/10\/2025\/05\/Si-separamos-reciclamos-educacion-ambiental-919x1024.png 919w, https:\/\/www.ssaver.gob.mx\/proteccioncontrariesgossanitarios\/wp-content\/uploads\/sites\/10\/2025\/05\/Si-separamos-reciclamos-educacion-ambiental-768x856.png 768w, https:\/\/www.ssaver.gob.mx\/proteccioncontrariesgossanitarios\/wp-content\/uploads\/sites\/10\/2025\/05\/Si-separamos-reciclamos-educacion-ambiental-1379x1536.png 1379w, https:\/\/www.ssaver.gob.mx\/proteccioncontrariesgossanitarios\/wp-content\/uploads\/sites\/10\/2025\/05\/Si-separamos-reciclamos-educacion-ambiental-1838x2048.png 1838w\" sizes=\"auto, (max-width: 269px) 100vw, 269px\" \/><\/a><\/figure>\n<\/div>\n<\/div>\n<\/div>\n","protected":false},"excerpt":{"rendered":"<p>Componente fundamental del ambiente, constituido por minerales, materia org\u00e1nica, macro y micro-organismos, donde el 95% de nuestros alimentos se producen<\/p>\n","protected":false},"author":15,"featured_media":0,"parent":0,"menu_order":0,"comment_status":"closed","ping_status":"closed","template":"","meta":{"colormag_page_container_layout":"default_layout","colormag_page_sidebar_layout":"default_layout","footnotes":""},"class_list":["post-1826","page","type-page","status-publish","hentry"],"_links":{"self":[{"href":"https:\/\/www.ssaver.gob.mx\/proteccioncontrariesgossanitarios\/wp-json\/wp\/v2\/pages\/1826","targetHints":{"allow":["GET"]}}],"collection":[{"href":"https:\/\/www.ssaver.gob.mx\/proteccioncontrariesgossanitarios\/wp-json\/wp\/v2\/pages"}],"about":[{"href":"https:\/\/www.ssaver.gob.mx\/proteccioncontrariesgossanitarios\/wp-json\/wp\/v2\/types\/page"}],"author":[{"embeddable":true,"href":"https:\/\/www.ssaver.gob.mx\/proteccioncontrariesgossanitarios\/wp-json\/wp\/v2\/users\/15"}],"replies":[{"embeddable":true,"href":"https:\/\/www.ssaver.gob.mx\/proteccioncontrariesgossanitarios\/wp-json\/wp\/v2\/comments?post=1826"}],"version-history":[{"count":20,"href":"https:\/\/www.ssaver.gob.mx\/proteccioncontrariesgossanitarios\/wp-json\/wp\/v2\/pages\/1826\/revisions"}],"predecessor-version":[{"id":5752,"href":"https:\/\/www.ssaver.gob.mx\/proteccioncontrariesgossanitarios\/wp-json\/wp\/v2\/pages\/1826\/revisions\/5752"}],"wp:attachment":[{"href":"https:\/\/www.ssaver.gob.mx\/proteccioncontrariesgossanitarios\/wp-json\/wp\/v2\/media?parent=1826"}],"curies":[{"name":"wp","href":"https:\/\/api.w.org\/{rel}","templated":true}]}}

<div class="wp-block-group is-layout-constrained wp-container-core-group-is-layout-9517baca wp-block-group-is-layout-constrained">
<p class="has-text-align-center has-black-color has-text-color" style="font-size:15px">Componente fundamental del ambiente, constituido por minerales, materia orgánica, macro y micro-organismos, donde el 95% de nuestros alimentos se producen de manera directa o indirectamente en la tierra, cumpliendo las funciones esenciales para al agua que bebemos, al aire que respiramos, a nuestra salud y a todos los organismos del planeta.</p>



<h2 class="wp-block-heading has-text-align-center has-black-color has-text-color has-large-font-size" style="font-style:normal;font-weight:500">OBJETIVO</h2>



<hr class="wp-block-separator has-text-color has-alpha-channel-opacity has-background is-style-wide" style="background-color:#006451;color:#006451" />



<p class="has-text-align-center" style="font-size:15px">Educar, sensibilizar y concientizar a la población veracruzana sobre los riesgos e impactos a la salud ocasionados por la contaminación directa a los suelos por el vertido incontrolado de aguas residuales, sustancias tóxicas, residuos sólidos, entre otros.</p>



<h2 class="wp-block-heading has-text-align-center has-black-color has-text-color has-large-font-size" style="font-style:normal;font-weight:500">MATERIALES DE DIFUSIÓN</h2>



<hr class="wp-block-separator has-text-color has-alpha-channel-opacity has-background is-style-wide" style="background-color:#006451;color:#006451" />



<div class="wp-block-columns has-background is-layout-flex wp-container-core-columns-is-layout-28f84493 wp-block-columns-is-layout-flex" style="background-color:#f3f2f2">
<div class="wp-block-column is-layout-flow wp-block-column-is-layout-flow">
<figure class="wp-block-image aligncenter size-medium is-resized"><a href="https://www.ssaver.gob.mx/proteccioncontrariesgossanitarios/wp-content/uploads/sites/10/2025/04/CUADERNILLO-RESIDUOS-SOLIDOS-2025-tabloide-12x-18-3.pdf" target="_blank"><img loading="lazy" decoding="async" width="269" height="300" src="https://www.ssaver.gob.mx/proteccioncontrariesgossanitarios/wp-content/uploads/sites/10/2025/05/educacion-ambiental-09-269x300.png" alt="" class="wp-image-4563" style="aspect-ratio:1;object-fit:contain;width:286px;height:auto" srcset="https://www.ssaver.gob.mx/proteccioncontrariesgossanitarios/wp-content/uploads/sites/10/2025/05/educacion-ambiental-09-269x300.png 269w, https://www.ssaver.gob.mx/proteccioncontrariesgossanitarios/wp-content/uploads/sites/10/2025/05/educacion-ambiental-09-919x1024.png 919w, https://www.ssaver.gob.mx/proteccioncontrariesgossanitarios/wp-content/uploads/sites/10/2025/05/educacion-ambiental-09-768x856.png 768w, https://www.ssaver.gob.mx/proteccioncontrariesgossanitarios/wp-content/uploads/sites/10/2025/05/educacion-ambiental-09-1379x1536.png 1379w, https://www.ssaver.gob.mx/proteccioncontrariesgossanitarios/wp-content/uploads/sites/10/2025/05/educacion-ambiental-09-1838x2048.png 1838w" sizes="auto, (max-width: 269px) 100vw, 269px" /></a></figure>
</div>



<div class="wp-block-column is-layout-flow wp-block-column-is-layout-flow">
<figure class="wp-block-image aligncenter size-medium is-resized"><a href="https://www.ssaver.gob.mx/proteccioncontrariesgossanitarios/wp-content/uploads/sites/10/2025/05/CARTEL-SI-SEPARAMOS-RECICLAMOS.pdf" target="_blank"><img loading="lazy" decoding="async" width="269" height="300" src="https://www.ssaver.gob.mx/proteccioncontrariesgossanitarios/wp-content/uploads/sites/10/2025/05/Separa-tus-residuos-educacion-ambiental-269x300.png" alt="" class="wp-image-4568" style="width:259px;height:auto" srcset="https://www.ssaver.gob.mx/proteccioncontrariesgossanitarios/wp-content/uploads/sites/10/2025/05/Separa-tus-residuos-educacion-ambiental-269x300.png 269w, https://www.ssaver.gob.mx/proteccioncontrariesgossanitarios/wp-content/uploads/sites/10/2025/05/Separa-tus-residuos-educacion-ambiental-919x1024.png 919w, https://www.ssaver.gob.mx/proteccioncontrariesgossanitarios/wp-content/uploads/sites/10/2025/05/Separa-tus-residuos-educacion-ambiental-768x856.png 768w, https://www.ssaver.gob.mx/proteccioncontrariesgossanitarios/wp-content/uploads/sites/10/2025/05/Separa-tus-residuos-educacion-ambiental-1379x1536.png 1379w, https://www.ssaver.gob.mx/proteccioncontrariesgossanitarios/wp-content/uploads/sites/10/2025/05/Separa-tus-residuos-educacion-ambiental-1838x2048.png 1838w" sizes="auto, (max-width: 269px) 100vw, 269px" /></a></figure>
</div>



<div class="wp-block-column is-layout-flow wp-block-column-is-layout-flow">
<figure class="wp-block-image aligncenter size-medium is-resized"><a href="https://www.ssaver.gob.mx/proteccioncontrariesgossanitarios/wp-content/uploads/sites/10/2025/02/CARTEL-ORGANICA-E-INNORGANICA.pdf" target="_blank" rel=" "><img loading="lazy" decoding="async" width="269" height="300" src="https://www.ssaver.gob.mx/proteccioncontrariesgossanitarios/wp-content/uploads/sites/10/2025/05/Si-separamos-reciclamos-educacion-ambiental-269x300.png" alt="" class="wp-image-4575" style="aspect-ratio:1;object-fit:contain;width:290px;height:auto" srcset="https://www.ssaver.gob.mx/proteccioncontrariesgossanitarios/wp-content/uploads/sites/10/2025/05/Si-separamos-reciclamos-educacion-ambiental-269x300.png 269w, https://www.ssaver.gob.mx/proteccioncontrariesgossanitarios/wp-content/uploads/sites/10/2025/05/Si-separamos-reciclamos-educacion-ambiental-919x1024.png 919w, https://www.ssaver.gob.mx/proteccioncontrariesgossanitarios/wp-content/uploads/sites/10/2025/05/Si-separamos-reciclamos-educacion-ambiental-768x856.png 768w, https://www.ssaver.gob.mx/proteccioncontrariesgossanitarios/wp-content/uploads/sites/10/2025/05/Si-separamos-reciclamos-educacion-ambiental-1379x1536.png 1379w, https://www.ssaver.gob.mx/proteccioncontrariesgossanitarios/wp-content/uploads/sites/10/2025/05/Si-separamos-reciclamos-educacion-ambiental-1838x2048.png 1838w" sizes="auto, (max-width: 269px) 100vw, 269px" /></a></figure>
</div>
</div>
</div>

<p>Componente fundamental del ambiente, constituido por minerales, materia orgánica, macro y micro-organismos, donde el 95% de nuestros alimentos se producen</p>
