{"id":1828,"date":"2022-11-07T12:56:52","date_gmt":"2022-11-07T18:56:52","guid":{"rendered":"https:\/\/www.ssaver.gob.mx\/proteccioncontrariesgossanitarios\/?page_id=1828"},"modified":"2026-04-13T17:40:48","modified_gmt":"2026-04-13T23:40:48","slug":"aire","status":"publish","type":"page","link":"https:\/\/www.ssaver.gob.mx\/proteccioncontrariesgossanitarios\/aire\/","title":{"rendered":"AIRE"},"content":{"rendered":"\n<div class=\"wp-block-group is-layout-constrained wp-container-core-group-is-layout-9517baca wp-block-group-is-layout-constrained\">\n<p class=\"has-text-align-center has-black-color has-text-color\" style=\"font-size:15px\">Mezcla homog\u00e9nea de gases atmosf\u00e9ricos compuesto por nitr\u00f3geno, oxigeno, di\u00f3xido de carbono, helio, entre otros.  <br>Elemento esencial para el desarrollo de la vida, la salud y bienestar de todo ser vivo, sin este no subsistir\u00eda la biodiversidad, ni los seres humanos.<\/p>\n\n\n\n<p><\/p>\n\n\n\n<hr class=\"wp-block-separator has-text-color has-alpha-channel-opacity has-background is-style-wide\" style=\"background-color:#006451;color:#006451\" \/>\n\n\n\n<p><\/p>\n\n\n\n<h2 class=\"wp-block-heading has-text-align-center has-black-color has-text-color has-large-font-size\" style=\"font-style:normal;font-weight:500\">OBJETIVO<\/h2>\n\n\n\n<p class=\"has-text-align-center\">Educar y sensibilizar a la poblaci\u00f3n veracruzana de los efectos adversos derivadas de la contaminaci\u00f3n atmosf\u00e9rica y la mala calidad del aire.<\/p>\n\n\n\n<p class=\"has-text-align-center\"><br><\/p>\n\n\n\n<h2 class=\"wp-block-heading has-text-align-center has-black-color has-text-color has-large-font-size\" style=\"font-style:normal;font-weight:500\">MATERIALES DE DIFUSI\u00d3N<br><\/h2>\n\n\n\n<hr class=\"wp-block-separator has-text-color has-alpha-channel-opacity has-background is-style-wide\" style=\"background-color:#006451;color:#006451\" \/>\n\n\n\n<div class=\"wp-block-columns has-background is-layout-flex wp-container-core-columns-is-layout-28f84493 wp-block-columns-is-layout-flex\" style=\"background-color:#ececec\">\n<div class=\"wp-block-column is-layout-flow wp-block-column-is-layout-flow\">\n<figure class=\"wp-block-image size-large\"><a href=\"https:\/\/www.ssaver.gob.mx\/proteccioncontrariesgossanitarios\/wp-content\/uploads\/sites\/10\/2026\/04\/Eduacion-Ambiental-Cartel-3.pdf\"><img loading=\"lazy\" decoding=\"async\" width=\"1024\" height=\"1024\" src=\"https:\/\/www.ssaver.gob.mx\/proteccioncontrariesgossanitarios\/wp-content\/uploads\/sites\/10\/2026\/04\/imagen-de-cartel-aire-06-1-1024x1024.png\" alt=\"\" class=\"wp-image-6132\" srcset=\"https:\/\/www.ssaver.gob.mx\/proteccioncontrariesgossanitarios\/wp-content\/uploads\/sites\/10\/2026\/04\/imagen-de-cartel-aire-06-1-1024x1024.png 1024w, https:\/\/www.ssaver.gob.mx\/proteccioncontrariesgossanitarios\/wp-content\/uploads\/sites\/10\/2026\/04\/imagen-de-cartel-aire-06-1-300x300.png 300w, https:\/\/www.ssaver.gob.mx\/proteccioncontrariesgossanitarios\/wp-content\/uploads\/sites\/10\/2026\/04\/imagen-de-cartel-aire-06-1-150x150.png 150w, https:\/\/www.ssaver.gob.mx\/proteccioncontrariesgossanitarios\/wp-content\/uploads\/sites\/10\/2026\/04\/imagen-de-cartel-aire-06-1-768x768.png 768w, https:\/\/www.ssaver.gob.mx\/proteccioncontrariesgossanitarios\/wp-content\/uploads\/sites\/10\/2026\/04\/imagen-de-cartel-aire-06-1.png 1516w\" sizes=\"auto, (max-width: 1024px) 100vw, 1024px\" \/><\/a><figcaption class=\"wp-element-caption\">Comunicaci\u00f3n del riesgo a la salud por la calidad del aire<\/figcaption><\/figure>\n<\/div>\n\n\n\n<div class=\"wp-block-column is-layout-flow wp-block-column-is-layout-flow\">\n<figure class=\"wp-block-image aligncenter size-full\"><a href=\"https:\/\/www.ssaver.gob.mx\/proteccioncontrariesgossanitarios\/wp-content\/uploads\/sites\/10\/2025\/05\/BENEFICIOS-DE-LAS-PLANTAS-EN-CASA-ESUELA-OFICINA-2025-.pdf\" target=\"_blank\"><img loading=\"lazy\" decoding=\"async\" width=\"2298\" height=\"2560\" src=\"https:\/\/www.ssaver.gob.mx\/proteccioncontrariesgossanitarios\/wp-content\/uploads\/sites\/10\/2025\/05\/Plantas-mejoran-aire-educacion-ambiental-scaled.png\" alt=\"\" class=\"wp-image-4582\" style=\"object-fit:contain\" srcset=\"https:\/\/www.ssaver.gob.mx\/proteccioncontrariesgossanitarios\/wp-content\/uploads\/sites\/10\/2025\/05\/Plantas-mejoran-aire-educacion-ambiental-scaled.png 2298w, https:\/\/www.ssaver.gob.mx\/proteccioncontrariesgossanitarios\/wp-content\/uploads\/sites\/10\/2025\/05\/Plantas-mejoran-aire-educacion-ambiental-269x300.png 269w, https:\/\/www.ssaver.gob.mx\/proteccioncontrariesgossanitarios\/wp-content\/uploads\/sites\/10\/2025\/05\/Plantas-mejoran-aire-educacion-ambiental-919x1024.png 919w, https:\/\/www.ssaver.gob.mx\/proteccioncontrariesgossanitarios\/wp-content\/uploads\/sites\/10\/2025\/05\/Plantas-mejoran-aire-educacion-ambiental-768x856.png 768w, https:\/\/www.ssaver.gob.mx\/proteccioncontrariesgossanitarios\/wp-content\/uploads\/sites\/10\/2025\/05\/Plantas-mejoran-aire-educacion-ambiental-1379x1536.png 1379w, https:\/\/www.ssaver.gob.mx\/proteccioncontrariesgossanitarios\/wp-content\/uploads\/sites\/10\/2025\/05\/Plantas-mejoran-aire-educacion-ambiental-1838x2048.png 1838w\" sizes=\"auto, (max-width: 2298px) 100vw, 2298px\" \/><\/a><\/figure>\n<\/div>\n\n\n\n<div class=\"wp-block-column is-layout-flow wp-block-column-is-layout-flow\">\n<figure class=\"wp-block-image size-large\"><a href=\"https:\/\/www.ssaver.gob.mx\/proteccioncontrariesgossanitarios\/wp-content\/uploads\/sites\/10\/2026\/04\/Eduacion-Ambiental-Cartel-2.pdf\"><img loading=\"lazy\" decoding=\"async\" width=\"1024\" height=\"1024\" src=\"https:\/\/www.ssaver.gob.mx\/proteccioncontrariesgossanitarios\/wp-content\/uploads\/sites\/10\/2026\/04\/imagen-de-cartel-aire-05-1024x1024.png\" alt=\"\" class=\"wp-image-6131\" srcset=\"https:\/\/www.ssaver.gob.mx\/proteccioncontrariesgossanitarios\/wp-content\/uploads\/sites\/10\/2026\/04\/imagen-de-cartel-aire-05-1024x1024.png 1024w, https:\/\/www.ssaver.gob.mx\/proteccioncontrariesgossanitarios\/wp-content\/uploads\/sites\/10\/2026\/04\/imagen-de-cartel-aire-05-300x300.png 300w, https:\/\/www.ssaver.gob.mx\/proteccioncontrariesgossanitarios\/wp-content\/uploads\/sites\/10\/2026\/04\/imagen-de-cartel-aire-05-150x150.png 150w, https:\/\/www.ssaver.gob.mx\/proteccioncontrariesgossanitarios\/wp-content\/uploads\/sites\/10\/2026\/04\/imagen-de-cartel-aire-05-768x768.png 768w, https:\/\/www.ssaver.gob.mx\/proteccioncontrariesgossanitarios\/wp-content\/uploads\/sites\/10\/2026\/04\/imagen-de-cartel-aire-05.png 1516w\" sizes=\"auto, (max-width: 1024px) 100vw, 1024px\" \/><\/a><figcaption class=\"wp-element-caption\">Cartel \u00bfCu\u00e1l es la calidad del aire y Riesgos a la Salud?<\/figcaption><\/figure>\n<\/div>\n<\/div>\n\n\n\n<div class=\"wp-block-columns has-background is-layout-flex wp-container-core-columns-is-layout-28f84493 wp-block-columns-is-layout-flex\" style=\"background-color:#ececec\">\n<div class=\"wp-block-column is-layout-flow wp-block-column-is-layout-flow\"><\/div>\n\n\n\n<div class=\"wp-block-column is-layout-flow wp-block-column-is-layout-flow\"><\/div>\n\n\n\n<div class=\"wp-block-column is-layout-flow wp-block-column-is-layout-flow\"><\/div>\n<\/div>\n<\/div>\n\n\n\n<p><\/p>\n","protected":false},"excerpt":{"rendered":"<p>Mezcla homog\u00e9nea de gases atmosf\u00e9ricos compuesto por nitr\u00f3geno, oxigeno, di\u00f3xido de carbono, helio, entre otros. Elemento esencial para el desarrollo<\/p>\n","protected":false},"author":15,"featured_media":0,"parent":0,"menu_order":0,"comment_status":"closed","ping_status":"closed","template":"","meta":{"colormag_page_container_layout":"default_layout","colormag_page_sidebar_layout":"default_layout","footnotes":""},"class_list":["post-1828","page","type-page","status-publish","hentry"],"_links":{"self":[{"href":"https:\/\/www.ssaver.gob.mx\/proteccioncontrariesgossanitarios\/wp-json\/wp\/v2\/pages\/1828","targetHints":{"allow":["GET"]}}],"collection":[{"href":"https:\/\/www.ssaver.gob.mx\/proteccioncontrariesgossanitarios\/wp-json\/wp\/v2\/pages"}],"about":[{"href":"https:\/\/www.ssaver.gob.mx\/proteccioncontrariesgossanitarios\/wp-json\/wp\/v2\/types\/page"}],"author":[{"embeddable":true,"href":"https:\/\/www.ssaver.gob.mx\/proteccioncontrariesgossanitarios\/wp-json\/wp\/v2\/users\/15"}],"replies":[{"embeddable":true,"href":"https:\/\/www.ssaver.gob.mx\/proteccioncontrariesgossanitarios\/wp-json\/wp\/v2\/comments?post=1828"}],"version-history":[{"count":49,"href":"https:\/\/www.ssaver.gob.mx\/proteccioncontrariesgossanitarios\/wp-json\/wp\/v2\/pages\/1828\/revisions"}],"predecessor-version":[{"id":6146,"href":"https:\/\/www.ssaver.gob.mx\/proteccioncontrariesgossanitarios\/wp-json\/wp\/v2\/pages\/1828\/revisions\/6146"}],"wp:attachment":[{"href":"https:\/\/www.ssaver.gob.mx\/proteccioncontrariesgossanitarios\/wp-json\/wp\/v2\/media?parent=1828"}],"curies":[{"name":"wp","href":"https:\/\/api.w.org\/{rel}","templated":true}]}}

<div class="wp-block-group is-layout-constrained wp-container-core-group-is-layout-9517baca wp-block-group-is-layout-constrained">
<p class="has-text-align-center has-black-color has-text-color" style="font-size:15px">Mezcla homogénea de gases atmosféricos compuesto por nitrógeno, oxigeno, dióxido de carbono, helio, entre otros.  <br>Elemento esencial para el desarrollo de la vida, la salud y bienestar de todo ser vivo, sin este no subsistiría la biodiversidad, ni los seres humanos.</p>



<p></p>



<hr class="wp-block-separator has-text-color has-alpha-channel-opacity has-background is-style-wide" style="background-color:#006451;color:#006451" />



<p></p>



<h2 class="wp-block-heading has-text-align-center has-black-color has-text-color has-large-font-size" style="font-style:normal;font-weight:500">OBJETIVO</h2>



<p class="has-text-align-center">Educar y sensibilizar a la población veracruzana de los efectos adversos derivadas de la contaminación atmosférica y la mala calidad del aire.</p>



<p class="has-text-align-center"><br></p>



<h2 class="wp-block-heading has-text-align-center has-black-color has-text-color has-large-font-size" style="font-style:normal;font-weight:500">MATERIALES DE DIFUSIÓN<br></h2>



<hr class="wp-block-separator has-text-color has-alpha-channel-opacity has-background is-style-wide" style="background-color:#006451;color:#006451" />



<div class="wp-block-columns has-background is-layout-flex wp-container-core-columns-is-layout-28f84493 wp-block-columns-is-layout-flex" style="background-color:#ececec">
<div class="wp-block-column is-layout-flow wp-block-column-is-layout-flow">
<figure class="wp-block-image size-large"><a href="https://www.ssaver.gob.mx/proteccioncontrariesgossanitarios/wp-content/uploads/sites/10/2026/04/Eduacion-Ambiental-Cartel-3.pdf"><img loading="lazy" decoding="async" width="1024" height="1024" src="https://www.ssaver.gob.mx/proteccioncontrariesgossanitarios/wp-content/uploads/sites/10/2026/04/imagen-de-cartel-aire-06-1-1024x1024.png" alt="" class="wp-image-6132" srcset="https://www.ssaver.gob.mx/proteccioncontrariesgossanitarios/wp-content/uploads/sites/10/2026/04/imagen-de-cartel-aire-06-1-1024x1024.png 1024w, https://www.ssaver.gob.mx/proteccioncontrariesgossanitarios/wp-content/uploads/sites/10/2026/04/imagen-de-cartel-aire-06-1-300x300.png 300w, https://www.ssaver.gob.mx/proteccioncontrariesgossanitarios/wp-content/uploads/sites/10/2026/04/imagen-de-cartel-aire-06-1-150x150.png 150w, https://www.ssaver.gob.mx/proteccioncontrariesgossanitarios/wp-content/uploads/sites/10/2026/04/imagen-de-cartel-aire-06-1-768x768.png 768w, https://www.ssaver.gob.mx/proteccioncontrariesgossanitarios/wp-content/uploads/sites/10/2026/04/imagen-de-cartel-aire-06-1.png 1516w" sizes="auto, (max-width: 1024px) 100vw, 1024px" /></a><figcaption class="wp-element-caption">Comunicación del riesgo a la salud por la calidad del aire</figcaption></figure>
</div>



<div class="wp-block-column is-layout-flow wp-block-column-is-layout-flow">
<figure class="wp-block-image aligncenter size-full"><a href="https://www.ssaver.gob.mx/proteccioncontrariesgossanitarios/wp-content/uploads/sites/10/2025/05/BENEFICIOS-DE-LAS-PLANTAS-EN-CASA-ESUELA-OFICINA-2025-.pdf" target="_blank"><img loading="lazy" decoding="async" width="2298" height="2560" src="https://www.ssaver.gob.mx/proteccioncontrariesgossanitarios/wp-content/uploads/sites/10/2025/05/Plantas-mejoran-aire-educacion-ambiental-scaled.png" alt="" class="wp-image-4582" style="object-fit:contain" srcset="https://www.ssaver.gob.mx/proteccioncontrariesgossanitarios/wp-content/uploads/sites/10/2025/05/Plantas-mejoran-aire-educacion-ambiental-scaled.png 2298w, https://www.ssaver.gob.mx/proteccioncontrariesgossanitarios/wp-content/uploads/sites/10/2025/05/Plantas-mejoran-aire-educacion-ambiental-269x300.png 269w, https://www.ssaver.gob.mx/proteccioncontrariesgossanitarios/wp-content/uploads/sites/10/2025/05/Plantas-mejoran-aire-educacion-ambiental-919x1024.png 919w, https://www.ssaver.gob.mx/proteccioncontrariesgossanitarios/wp-content/uploads/sites/10/2025/05/Plantas-mejoran-aire-educacion-ambiental-768x856.png 768w, https://www.ssaver.gob.mx/proteccioncontrariesgossanitarios/wp-content/uploads/sites/10/2025/05/Plantas-mejoran-aire-educacion-ambiental-1379x1536.png 1379w, https://www.ssaver.gob.mx/proteccioncontrariesgossanitarios/wp-content/uploads/sites/10/2025/05/Plantas-mejoran-aire-educacion-ambiental-1838x2048.png 1838w" sizes="auto, (max-width: 2298px) 100vw, 2298px" /></a></figure>
</div>



<div class="wp-block-column is-layout-flow wp-block-column-is-layout-flow">
<figure class="wp-block-image size-large"><a href="https://www.ssaver.gob.mx/proteccioncontrariesgossanitarios/wp-content/uploads/sites/10/2026/04/Eduacion-Ambiental-Cartel-2.pdf"><img loading="lazy" decoding="async" width="1024" height="1024" src="https://www.ssaver.gob.mx/proteccioncontrariesgossanitarios/wp-content/uploads/sites/10/2026/04/imagen-de-cartel-aire-05-1024x1024.png" alt="" class="wp-image-6131" srcset="https://www.ssaver.gob.mx/proteccioncontrariesgossanitarios/wp-content/uploads/sites/10/2026/04/imagen-de-cartel-aire-05-1024x1024.png 1024w, https://www.ssaver.gob.mx/proteccioncontrariesgossanitarios/wp-content/uploads/sites/10/2026/04/imagen-de-cartel-aire-05-300x300.png 300w, https://www.ssaver.gob.mx/proteccioncontrariesgossanitarios/wp-content/uploads/sites/10/2026/04/imagen-de-cartel-aire-05-150x150.png 150w, https://www.ssaver.gob.mx/proteccioncontrariesgossanitarios/wp-content/uploads/sites/10/2026/04/imagen-de-cartel-aire-05-768x768.png 768w, https://www.ssaver.gob.mx/proteccioncontrariesgossanitarios/wp-content/uploads/sites/10/2026/04/imagen-de-cartel-aire-05.png 1516w" sizes="auto, (max-width: 1024px) 100vw, 1024px" /></a><figcaption class="wp-element-caption">Cartel ¿Cuál es la calidad del aire y Riesgos a la Salud?</figcaption></figure>
</div>
</div>



<div class="wp-block-columns has-background is-layout-flex wp-container-core-columns-is-layout-28f84493 wp-block-columns-is-layout-flex" style="background-color:#ececec">
<div class="wp-block-column is-layout-flow wp-block-column-is-layout-flow"></div>



<div class="wp-block-column is-layout-flow wp-block-column-is-layout-flow"></div>



<div class="wp-block-column is-layout-flow wp-block-column-is-layout-flow"></div>
</div>
</div>



<p></p>

<p>Mezcla homogénea de gases atmosféricos compuesto por nitrógeno, oxigeno, dióxido de carbono, helio, entre otros. Elemento esencial para el desarrollo</p>
