{"id":2115,"date":"2023-01-24T18:52:28","date_gmt":"2023-01-25T00:52:28","guid":{"rendered":"https:\/\/www.ssaver.gob.mx\/proteccioncontrariesgossanitarios\/?page_id=2115"},"modified":"2026-04-17T13:22:12","modified_gmt":"2026-04-17T19:22:12","slug":"politica-de-calidad","status":"publish","type":"page","link":"https:\/\/www.ssaver.gob.mx\/proteccioncontrariesgossanitarios\/politica-de-calidad\/","title":{"rendered":"Pol\u00edtica de Calidad"},"content":{"rendered":"\n<div class=\"wp-block-group is-layout-constrained wp-container-core-group-is-layout-9517baca wp-block-group-is-layout-constrained\">\n<figure class=\"wp-block-gallery has-nested-images columns-default is-cropped wp-block-gallery-1 is-layout-flex wp-block-gallery-is-layout-flex\">\n<figure class=\"wp-block-image size-large\"><img loading=\"lazy\" decoding=\"async\" width=\"1024\" height=\"378\" data-id=\"4954\" src=\"https:\/\/www.ssaver.gob.mx\/proteccioncontrariesgossanitarios\/wp-content\/uploads\/sites\/10\/2025\/08\/Banner-politica-de-calidad--1024x378.png\" alt=\"\" class=\"wp-image-4954\" srcset=\"https:\/\/www.ssaver.gob.mx\/proteccioncontrariesgossanitarios\/wp-content\/uploads\/sites\/10\/2025\/08\/Banner-politica-de-calidad--1024x378.png 1024w, https:\/\/www.ssaver.gob.mx\/proteccioncontrariesgossanitarios\/wp-content\/uploads\/sites\/10\/2025\/08\/Banner-politica-de-calidad--300x111.png 300w, https:\/\/www.ssaver.gob.mx\/proteccioncontrariesgossanitarios\/wp-content\/uploads\/sites\/10\/2025\/08\/Banner-politica-de-calidad--768x283.png 768w, https:\/\/www.ssaver.gob.mx\/proteccioncontrariesgossanitarios\/wp-content\/uploads\/sites\/10\/2025\/08\/Banner-politica-de-calidad--1536x566.png 1536w, https:\/\/www.ssaver.gob.mx\/proteccioncontrariesgossanitarios\/wp-content\/uploads\/sites\/10\/2025\/08\/Banner-politica-de-calidad--2048x755.png 2048w\" sizes=\"auto, (max-width: 1024px) 100vw, 1024px\" \/><\/figure>\n<\/figure>\n\n\n\n<div style=\"height:25px\" aria-hidden=\"true\" class=\"wp-block-spacer\"><\/div>\n\n\n\n<p class=\"has-white-color has-text-color has-background\" style=\"background-color:#a02042\"><strong>Misi\u00f3n y Visi\u00f3n<\/strong><\/p>\n\n\n\n<figure class=\"wp-block-image aligncenter size-large is-resized\"><img loading=\"lazy\" decoding=\"async\" width=\"1024\" height=\"685\" src=\"https:\/\/www.ssaver.gob.mx\/proteccioncontrariesgossanitarios\/wp-content\/uploads\/sites\/10\/2025\/08\/mision-y-vision-1024x685.png\" alt=\"\" class=\"wp-image-4957\" style=\"width:768px;height:512px\" srcset=\"https:\/\/www.ssaver.gob.mx\/proteccioncontrariesgossanitarios\/wp-content\/uploads\/sites\/10\/2025\/08\/mision-y-vision-1024x685.png 1024w, https:\/\/www.ssaver.gob.mx\/proteccioncontrariesgossanitarios\/wp-content\/uploads\/sites\/10\/2025\/08\/mision-y-vision-300x201.png 300w, https:\/\/www.ssaver.gob.mx\/proteccioncontrariesgossanitarios\/wp-content\/uploads\/sites\/10\/2025\/08\/mision-y-vision-768x514.png 768w, https:\/\/www.ssaver.gob.mx\/proteccioncontrariesgossanitarios\/wp-content\/uploads\/sites\/10\/2025\/08\/mision-y-vision-1536x1027.png 1536w, https:\/\/www.ssaver.gob.mx\/proteccioncontrariesgossanitarios\/wp-content\/uploads\/sites\/10\/2025\/08\/mision-y-vision-2048x1370.png 2048w\" sizes=\"auto, (max-width: 1024px) 100vw, 1024px\" \/><\/figure>\n\n\n\n<p class=\"has-white-color has-text-color has-background\" style=\"background-color:#a02042\"><strong>Pol\u00edtica de Calidad<\/strong><\/p>\n\n\n\n<p>Nuestro compromiso es proteger a la poblaci\u00f3n veracruzana contra riesgos sanitarios, mediante acciones de regulaci\u00f3n y fomento sanitario, fundamentadas en la legislaci\u00f3n vigente, con personal capacitado y sustentados en la mejora continua.<\/p>\n\n\n\n<hr class=\"wp-block-separator has-alpha-channel-opacity is-style-wide\" \/>\n\n\n\n<p class=\"has-white-color has-text-color has-background\" style=\"background-color:#a02042\"><strong>Objetivo general<\/strong><\/p>\n\n\n\n<ul style=\"font-size:15px\" class=\"wp-block-list\">\n<li style=\"font-size:15px\">Proteger a la poblaci\u00f3n contra Riesgos a la salud provocados por el uso y consumo de bienes y servicios, por su exposici\u00f3n a factores ambientales y laborales, as\u00ed como los derivados por ocurrencia de emergencias sanitarias.<\/li>\n<\/ul>\n\n\n\n<p class=\"has-white-color has-text-color has-background\" style=\"background-color:#a02042\"><strong>Objetivos espec\u00edficos<\/strong><\/p>\n\n\n\n<ul style=\"font-size:15px\" class=\"wp-block-list\">\n<li>Dise\u00f1ar e implementar pol\u00edticas p\u00fablicas dirigidas a minimizar los Riesgos Sanitarios de acuerdo a la normatividad vigente.<\/li>\n\n\n\n<li>Utilizar tecnolog\u00edas de la informaci\u00f3n que faciliten la toma de decisiones directivas y operativas para la prevenci\u00f3n de riesgos a la salud de la poblaci\u00f3n.<\/li>\n\n\n\n<li>Fortalecer los mecanismos de coordinaci\u00f3n y rendici\u00f3n de cuentas, para prevenir actos discrecionales y\/o corrupci\u00f3n, para la certeza de la ejecuci\u00f3n de los procesos regulatorios.<\/li>\n<\/ul>\n\n\n\n<div style=\"height:62px\" aria-hidden=\"true\" class=\"wp-block-spacer\"><\/div>\n\n\n\n<p class=\"has-white-color has-text-color has-background\" style=\"background-color:#a02042\"><strong>Mapa de procesos<\/strong><\/p>\n\n\n\n<hr class=\"wp-block-separator has-alpha-channel-opacity is-style-wide\" \/>\n\n\n\n<figure class=\"wp-block-image aligncenter size-large is-resized\"><img loading=\"lazy\" decoding=\"async\" width=\"1024\" height=\"662\" src=\"https:\/\/www.ssaver.gob.mx\/proteccioncontrariesgossanitarios\/wp-content\/uploads\/sites\/10\/2025\/08\/mapa-de-procesos-1024x662.png\" alt=\"\" class=\"wp-image-4956\" style=\"width:1024px;height:762px\" srcset=\"https:\/\/www.ssaver.gob.mx\/proteccioncontrariesgossanitarios\/wp-content\/uploads\/sites\/10\/2025\/08\/mapa-de-procesos-1024x662.png 1024w, https:\/\/www.ssaver.gob.mx\/proteccioncontrariesgossanitarios\/wp-content\/uploads\/sites\/10\/2025\/08\/mapa-de-procesos-300x194.png 300w, https:\/\/www.ssaver.gob.mx\/proteccioncontrariesgossanitarios\/wp-content\/uploads\/sites\/10\/2025\/08\/mapa-de-procesos-768x496.png 768w, https:\/\/www.ssaver.gob.mx\/proteccioncontrariesgossanitarios\/wp-content\/uploads\/sites\/10\/2025\/08\/mapa-de-procesos-1536x993.png 1536w, https:\/\/www.ssaver.gob.mx\/proteccioncontrariesgossanitarios\/wp-content\/uploads\/sites\/10\/2025\/08\/mapa-de-procesos-2048x1324.png 2048w\" sizes=\"auto, (max-width: 1024px) 100vw, 1024px\" \/><\/figure>\n\n\n\n<h2 class=\"wp-block-heading alignwide has-text-align-center\"><br><br>CARTEL<\/h2>\n\n\n\n<hr class=\"wp-block-separator has-text-color has-alpha-channel-opacity has-background\" style=\"background-color:#a02042;color:#a02042\" \/>\n\n\n\n<div class=\"wp-block-columns is-layout-flex wp-container-core-columns-is-layout-28f84493 wp-block-columns-is-layout-flex\">\n<div class=\"wp-block-column is-layout-flow wp-block-column-is-layout-flow\"><\/div>\n\n\n\n<div class=\"wp-block-column is-layout-flow wp-block-column-is-layout-flow\">\n<figure class=\"wp-block-image size-large is-resized\"><img loading=\"lazy\" decoding=\"async\" width=\"1024\" height=\"1024\" src=\"https:\/\/www.ssaver.gob.mx\/proteccioncontrariesgossanitarios\/wp-content\/uploads\/sites\/10\/2026\/02\/boton-cartel-politica-de-calidad-1024x1024.png\" alt=\"\" class=\"wp-image-5425\" style=\"aspect-ratio:1;object-fit:cover;width:256px\" srcset=\"https:\/\/www.ssaver.gob.mx\/proteccioncontrariesgossanitarios\/wp-content\/uploads\/sites\/10\/2026\/02\/boton-cartel-politica-de-calidad-1024x1024.png 1024w, https:\/\/www.ssaver.gob.mx\/proteccioncontrariesgossanitarios\/wp-content\/uploads\/sites\/10\/2026\/02\/boton-cartel-politica-de-calidad-300x300.png 300w, https:\/\/www.ssaver.gob.mx\/proteccioncontrariesgossanitarios\/wp-content\/uploads\/sites\/10\/2026\/02\/boton-cartel-politica-de-calidad-150x150.png 150w, https:\/\/www.ssaver.gob.mx\/proteccioncontrariesgossanitarios\/wp-content\/uploads\/sites\/10\/2026\/02\/boton-cartel-politica-de-calidad-768x768.png 768w, https:\/\/www.ssaver.gob.mx\/proteccioncontrariesgossanitarios\/wp-content\/uploads\/sites\/10\/2026\/02\/boton-cartel-politica-de-calidad.png 1042w\" sizes=\"auto, (max-width: 1024px) 100vw, 1024px\" \/><\/figure>\n\n\n\n<p class=\"has-text-align-center\">Cartel de la Direcci\u00f3n de Protecci\u00f3n contra Riesgos Sanitarios<\/p>\n<\/div>\n\n\n\n<div class=\"wp-block-column is-layout-flow wp-block-column-is-layout-flow\"><\/div>\n<\/div>\n\n\n\n<p><\/p>\n<\/div>\n","protected":false},"excerpt":{"rendered":"<p>Misi\u00f3n y Visi\u00f3n Pol\u00edtica de Calidad Nuestro compromiso es proteger a la poblaci\u00f3n veracruzana contra riesgos sanitarios, mediante acciones de<\/p>\n","protected":false},"author":15,"featured_media":0,"parent":0,"menu_order":0,"comment_status":"closed","ping_status":"closed","template":"","meta":{"colormag_page_container_layout":"default_layout","colormag_page_sidebar_layout":"default_layout","footnotes":""},"class_list":["post-2115","page","type-page","status-publish","hentry"],"_links":{"self":[{"href":"https:\/\/www.ssaver.gob.mx\/proteccioncontrariesgossanitarios\/wp-json\/wp\/v2\/pages\/2115","targetHints":{"allow":["GET"]}}],"collection":[{"href":"https:\/\/www.ssaver.gob.mx\/proteccioncontrariesgossanitarios\/wp-json\/wp\/v2\/pages"}],"about":[{"href":"https:\/\/www.ssaver.gob.mx\/proteccioncontrariesgossanitarios\/wp-json\/wp\/v2\/types\/page"}],"author":[{"embeddable":true,"href":"https:\/\/www.ssaver.gob.mx\/proteccioncontrariesgossanitarios\/wp-json\/wp\/v2\/users\/15"}],"replies":[{"embeddable":true,"href":"https:\/\/www.ssaver.gob.mx\/proteccioncontrariesgossanitarios\/wp-json\/wp\/v2\/comments?post=2115"}],"version-history":[{"count":34,"href":"https:\/\/www.ssaver.gob.mx\/proteccioncontrariesgossanitarios\/wp-json\/wp\/v2\/pages\/2115\/revisions"}],"predecessor-version":[{"id":6226,"href":"https:\/\/www.ssaver.gob.mx\/proteccioncontrariesgossanitarios\/wp-json\/wp\/v2\/pages\/2115\/revisions\/6226"}],"wp:attachment":[{"href":"https:\/\/www.ssaver.gob.mx\/proteccioncontrariesgossanitarios\/wp-json\/wp\/v2\/media?parent=2115"}],"curies":[{"name":"wp","href":"https:\/\/api.w.org\/{rel}","templated":true}]}}

Política de Calidad

<div class="wp-block-group is-layout-constrained wp-container-core-group-is-layout-9517baca wp-block-group-is-layout-constrained">
<figure class="wp-block-gallery has-nested-images columns-default is-cropped wp-block-gallery-1 is-layout-flex wp-block-gallery-is-layout-flex">
<figure class="wp-block-image size-large"><img loading="lazy" decoding="async" width="1024" height="378" data-id="4954" src="https://www.ssaver.gob.mx/proteccioncontrariesgossanitarios/wp-content/uploads/sites/10/2025/08/Banner-politica-de-calidad--1024x378.png" alt="" class="wp-image-4954" srcset="https://www.ssaver.gob.mx/proteccioncontrariesgossanitarios/wp-content/uploads/sites/10/2025/08/Banner-politica-de-calidad--1024x378.png 1024w, https://www.ssaver.gob.mx/proteccioncontrariesgossanitarios/wp-content/uploads/sites/10/2025/08/Banner-politica-de-calidad--300x111.png 300w, https://www.ssaver.gob.mx/proteccioncontrariesgossanitarios/wp-content/uploads/sites/10/2025/08/Banner-politica-de-calidad--768x283.png 768w, https://www.ssaver.gob.mx/proteccioncontrariesgossanitarios/wp-content/uploads/sites/10/2025/08/Banner-politica-de-calidad--1536x566.png 1536w, https://www.ssaver.gob.mx/proteccioncontrariesgossanitarios/wp-content/uploads/sites/10/2025/08/Banner-politica-de-calidad--2048x755.png 2048w" sizes="auto, (max-width: 1024px) 100vw, 1024px" /></figure>
</figure>



<div style="height:25px" aria-hidden="true" class="wp-block-spacer"></div>



<p class="has-white-color has-text-color has-background" style="background-color:#a02042"><strong>Misión y Visión</strong></p>



<figure class="wp-block-image aligncenter size-large is-resized"><img loading="lazy" decoding="async" width="1024" height="685" src="https://www.ssaver.gob.mx/proteccioncontrariesgossanitarios/wp-content/uploads/sites/10/2025/08/mision-y-vision-1024x685.png" alt="" class="wp-image-4957" style="width:768px;height:512px" srcset="https://www.ssaver.gob.mx/proteccioncontrariesgossanitarios/wp-content/uploads/sites/10/2025/08/mision-y-vision-1024x685.png 1024w, https://www.ssaver.gob.mx/proteccioncontrariesgossanitarios/wp-content/uploads/sites/10/2025/08/mision-y-vision-300x201.png 300w, https://www.ssaver.gob.mx/proteccioncontrariesgossanitarios/wp-content/uploads/sites/10/2025/08/mision-y-vision-768x514.png 768w, https://www.ssaver.gob.mx/proteccioncontrariesgossanitarios/wp-content/uploads/sites/10/2025/08/mision-y-vision-1536x1027.png 1536w, https://www.ssaver.gob.mx/proteccioncontrariesgossanitarios/wp-content/uploads/sites/10/2025/08/mision-y-vision-2048x1370.png 2048w" sizes="auto, (max-width: 1024px) 100vw, 1024px" /></figure>



<p class="has-white-color has-text-color has-background" style="background-color:#a02042"><strong>Política de Calidad</strong></p>



<p>Nuestro compromiso es proteger a la población veracruzana contra riesgos sanitarios, mediante acciones de regulación y fomento sanitario, fundamentadas en la legislación vigente, con personal capacitado y sustentados en la mejora continua.</p>



<hr class="wp-block-separator has-alpha-channel-opacity is-style-wide" />



<p class="has-white-color has-text-color has-background" style="background-color:#a02042"><strong>Objetivo general</strong></p>



<ul style="font-size:15px" class="wp-block-list">
<li style="font-size:15px">Proteger a la población contra Riesgos a la salud provocados por el uso y consumo de bienes y servicios, por su exposición a factores ambientales y laborales, así como los derivados por ocurrencia de emergencias sanitarias.</li>
</ul>



<p class="has-white-color has-text-color has-background" style="background-color:#a02042"><strong>Objetivos específicos</strong></p>



<ul style="font-size:15px" class="wp-block-list">
<li>Diseñar e implementar políticas públicas dirigidas a minimizar los Riesgos Sanitarios de acuerdo a la normatividad vigente.</li>



<li>Utilizar tecnologías de la información que faciliten la toma de decisiones directivas y operativas para la prevención de riesgos a la salud de la población.</li>



<li>Fortalecer los mecanismos de coordinación y rendición de cuentas, para prevenir actos discrecionales y/o corrupción, para la certeza de la ejecución de los procesos regulatorios.</li>
</ul>



<div style="height:62px" aria-hidden="true" class="wp-block-spacer"></div>



<p class="has-white-color has-text-color has-background" style="background-color:#a02042"><strong>Mapa de procesos</strong></p>



<hr class="wp-block-separator has-alpha-channel-opacity is-style-wide" />



<figure class="wp-block-image aligncenter size-large is-resized"><img loading="lazy" decoding="async" width="1024" height="662" src="https://www.ssaver.gob.mx/proteccioncontrariesgossanitarios/wp-content/uploads/sites/10/2025/08/mapa-de-procesos-1024x662.png" alt="" class="wp-image-4956" style="width:1024px;height:762px" srcset="https://www.ssaver.gob.mx/proteccioncontrariesgossanitarios/wp-content/uploads/sites/10/2025/08/mapa-de-procesos-1024x662.png 1024w, https://www.ssaver.gob.mx/proteccioncontrariesgossanitarios/wp-content/uploads/sites/10/2025/08/mapa-de-procesos-300x194.png 300w, https://www.ssaver.gob.mx/proteccioncontrariesgossanitarios/wp-content/uploads/sites/10/2025/08/mapa-de-procesos-768x496.png 768w, https://www.ssaver.gob.mx/proteccioncontrariesgossanitarios/wp-content/uploads/sites/10/2025/08/mapa-de-procesos-1536x993.png 1536w, https://www.ssaver.gob.mx/proteccioncontrariesgossanitarios/wp-content/uploads/sites/10/2025/08/mapa-de-procesos-2048x1324.png 2048w" sizes="auto, (max-width: 1024px) 100vw, 1024px" /></figure>



<h2 class="wp-block-heading alignwide has-text-align-center"><br><br>CARTEL</h2>



<hr class="wp-block-separator has-text-color has-alpha-channel-opacity has-background" style="background-color:#a02042;color:#a02042" />



<div class="wp-block-columns is-layout-flex wp-container-core-columns-is-layout-28f84493 wp-block-columns-is-layout-flex">
<div class="wp-block-column is-layout-flow wp-block-column-is-layout-flow"></div>



<div class="wp-block-column is-layout-flow wp-block-column-is-layout-flow">
<figure class="wp-block-image size-large is-resized"><img loading="lazy" decoding="async" width="1024" height="1024" src="https://www.ssaver.gob.mx/proteccioncontrariesgossanitarios/wp-content/uploads/sites/10/2026/02/boton-cartel-politica-de-calidad-1024x1024.png" alt="" class="wp-image-5425" style="aspect-ratio:1;object-fit:cover;width:256px" srcset="https://www.ssaver.gob.mx/proteccioncontrariesgossanitarios/wp-content/uploads/sites/10/2026/02/boton-cartel-politica-de-calidad-1024x1024.png 1024w, https://www.ssaver.gob.mx/proteccioncontrariesgossanitarios/wp-content/uploads/sites/10/2026/02/boton-cartel-politica-de-calidad-300x300.png 300w, https://www.ssaver.gob.mx/proteccioncontrariesgossanitarios/wp-content/uploads/sites/10/2026/02/boton-cartel-politica-de-calidad-150x150.png 150w, https://www.ssaver.gob.mx/proteccioncontrariesgossanitarios/wp-content/uploads/sites/10/2026/02/boton-cartel-politica-de-calidad-768x768.png 768w, https://www.ssaver.gob.mx/proteccioncontrariesgossanitarios/wp-content/uploads/sites/10/2026/02/boton-cartel-politica-de-calidad.png 1042w" sizes="auto, (max-width: 1024px) 100vw, 1024px" /></figure>



<p class="has-text-align-center">Cartel de la Dirección de Protección contra Riesgos Sanitarios</p>
</div>



<div class="wp-block-column is-layout-flow wp-block-column-is-layout-flow"></div>
</div>



<p></p>
</div>

<p>Misión y Visión Política de Calidad Nuestro compromiso es proteger a la población veracruzana contra riesgos sanitarios, mediante acciones de</p>
