{"id":6086,"date":"2026-03-25T18:38:00","date_gmt":"2026-03-26T00:38:00","guid":{"rendered":"https:\/\/www.ssaver.gob.mx\/proteccioncontrariesgossanitarios\/?page_id=6086"},"modified":"2026-03-25T18:38:07","modified_gmt":"2026-03-26T00:38:07","slug":"listado-de-tramites-cofepris-en-materia-de-salud-ambiental","status":"publish","type":"page","link":"https:\/\/www.ssaver.gob.mx\/proteccioncontrariesgossanitarios\/listado-de-tramites-cofepris-en-materia-de-salud-ambiental\/","title":{"rendered":"LISTADO DE TR\u00c1MITES COFEPRIS EN MATERIA DE SALUD AMBIENTAL"},"content":{"rendered":"\n<div class=\"wp-block-group is-layout-constrained wp-container-core-group-is-layout-9517baca wp-block-group-is-layout-constrained\">\n<div style=\"height:50px\" aria-hidden=\"true\" class=\"wp-block-spacer\"><\/div>\n\n\n\n<p class=\"has-text-align-center has-colormag-color-1-color has-colormag-color-6-background-color has-text-color has-background has-link-color has-small-font-size wp-elements-e777365c451752578548c50d2f9d6bfd\"><strong>LISTADO DE TR\u00c1MITES COFEPRIS EN MATERIA DE SALUD AMBIENTAL<\/strong><\/p>\n\n\n\n<ul class=\"wp-block-list\">\n<li><a href=\"https:\/\/www.catalogonacional.gob.mx\/FichaTramite?traHomoclave=COFEPRIS-05-023\"><strong>COFEPRIS-05-023<\/strong>\u00a0AVISO DE FUNCIONAMIENTO Y DE RESPONSABLE SANITARIO DEL ESTABLECIMIENTO DE SALUD AMBIENTAL.<\/a><\/li>\n\n\n\n<li><a href=\"https:\/\/www.catalogonacional.gob.mx\/FichaTramite?traHomoclave=COFEPRIS-05-049\"><strong>COFEPRIS-05-049<\/strong>\u00a0AVISO DE MODIFICACI\u00d3N O BAJA AL AVISO DE FUNCIONAMIENTO Y\/O RESPONSABLE SANITARO DEL ESTABLECIMIENTO DE SALUD AMBIENTAL.<\/a><\/li>\n\n\n\n<li><a href=\"https:\/\/www.catalogonacional.gob.mx\/FichaTramitePdf\/Index?traHomoclave=COFEPRIS-05-030\"><strong>COFEPRIS-05-030<\/strong>\u00a0AVISO DE ACTUALIZACI\u00d3N DE DATOS DEL ESTABLECIMIENTO QUE OPERA CON LICENCIA SANITARIA PARA SERVICIOS URBANOS DE FUMIGACI\u00d3N, DESINFECCI\u00d3N Y CONTROL DE PLAGAS, ESTABLECIMIENTO QUE FORMULA O FABRICA, MEZCLA O ENVASA PLAGUICIDAS Y\/O NUTRIENTES VEGETALES O ESTABLECIMIENTO QUE FABRICA SUSTANCIAS T\u00d3XICAS O PELIGROSAS<\/a><\/li>\n\n\n\n<li><a href=\"https:\/\/www.catalogonacional.gob.mx\/FichaTramite?traHomoclave=COFEPRIS-05-040-A\"><strong>COFEPRIS-05-040-A<\/strong> AVISO DE RESPONSABLE SANITARIO DEL ESTABLECIMIENTO DE PLAGUICIDAS, NUTRIENTES VEGETALES Y SUSTANCIAS T\u00d3XICAS O PELIGROSAS QUE OPERA CON LICENCIA SANITARIA. MODALIDAD A. &#8211; PARA SERVICIOS URBANOS DE FUMIGACI\u00d3N, DESINFECCI\u00d3N Y CONTROL DE PLAGAS. <\/a><\/li>\n\n\n\n<li><a href=\"https:\/\/www.catalogonacional.gob.mx\/FichaTramitePdf\/Index?traHomoclave=COFEPRIS-05-051-A\"><strong>COFEPRIS-05-051-A<\/strong>\u00a0AVISO DE MODIFICACI\u00d3N O BAJA DE RESPONSABLE SANITARIO DE ESTABLECIMIENTO DE PLAGUICIDAS, NUTRIENTES VEGETALES Y SUSTANCIAS T\u00d3XICAS O PELIGROSAS QUE OPERA CON LICENCIA. MODALIDAD A. &#8211; PARA SERVICIOS URBANOS DE FUMIGACI\u00d3N, DESINFECCI\u00d3N Y CONTROL DE PLAGAS<\/a><\/li>\n\n\n\n<li><a href=\"https:\/\/www.catalogonacional.gob.mx\/FichaTramitePdf\/Index?traHomoclave=COFEPRIS-07-003-A\"><strong>COFEPRIS-07-003-A<\/strong> SOLICITUD DE CERTIFICADO DE CONDICI\u00d3N SANITARIA DE AGUA PARA USO Y CONSUMO HUMANO, INCLUIDA LA CERTIFICACI\u00d3N DE LA CALIDAD SANITARIA DEL POZO DE AGUA PARA CONSUMO HUMANO O PARA USO INDUSTRIAL. MODALIDAD A. &#8211; SISTEMAS DE ABASTECIMIENTO PRIVADO.<\/a><\/li>\n\n\n\n<li><a href=\"https:\/\/www.catalogonacional.gob.mx\/FichaTramitePdf\/Index?traHomoclave=COFEPRIS-07-003-B\"><strong>COFEPRIS-07-003-B<\/strong>\u00a0SOLICITUD DE CERTIFICADO DE CONDICI\u00d3N SANITARIA DE AGUA PARA USO Y CONSUMO HUMANO, INCLUIDA LA CERTIFICACI\u00d3N DE LA CALIDAD SANITARIA DEL POZO DE AGUA PARA CONSUMO HUMANO O PARA USO INDUSTRIAL. MODALIDAD B. &#8211; SISTEMAS DE ABASTECIMIENTO P\u00daBLICO.<\/a><\/li>\n\n\n\n<li><a href=\"http:\/\/OFEPRIS-05-027-A\u00a0 SOLICITUD DE MODIFICACI\u00d3N AL PERMISO DE RESPONSABLE DE LA OPERACI\u00d3N Y FUNCIONAMIENTO DEL ESTABLECIMIENTO QUE UTILIZA FUENTES DE RADIACI\u00d3N PARA FINES M\u00c9DICOS O DE DIAGN\u00d3STICO. MODALIDAD A .-RAYOS X\"><strong>COFEPRIS-05-027-A<\/strong>\u00a0 SOLICITUD DE MODIFICACI\u00d3N AL PERMISO DE RESPONSABLE DE LA OPERACI\u00d3N Y FUNCIONAMIENTO DEL ESTABLECIMIENTO QUE UTILIZA FUENTES DE RADIACI\u00d3N PARA FINES M\u00c9DICOS O DE DIAGN\u00d3STICO. MODALIDAD A .-RAYOS X<\/a><\/li>\n\n\n\n<li><a href=\"https:\/\/www.catalogonacional.gob.mx\/FichaTramitePdf\/Index?traHomoclave=COFEPRIS-05-024-A\"><strong>COFEPRIS-05-024-A<\/strong>\u00a0SOLICITUD DE LICENCIA SANITARIA PARA EL ESTABLECIMIENTO QUE UTILIZA FUENTES DE RADIACI\u00d3N PARA FINES M\u00c9DICOS O DE DIAGN\u00d3STICO. MODALIDAD A. &#8211; RAYOS X.<\/a><\/li>\n\n\n\n<li><a href=\"https:\/\/www.catalogonacional.gob.mx\/FichaTramitePdf\/Index?traHomoclave=COFEPRIS-05-025-A\"><strong>COFEPRIS-05-025-A<\/strong>\u00a0SOLICITUD DE MODIFICACI\u00d3N A LAS CONDICIONES DE LA LICENCIA SANITARIA PARA ESTABLECIMIENTO QUE UTILIZA FUENTES DE RADIACI\u00d3N PARA FINES M\u00c9DICOS O DE DIAGN\u00d3STICO. MODALIDAD A. &#8211; RAYOS X .<\/a><\/li>\n\n\n\n<li><a href=\"https:\/\/www.catalogonacional.gob.mx\/FichaTramite?traHomoclave=COFEPRIS-05-022-A\"><strong>COFEPRIS-05-022-A<\/strong>\u00a0SOLICITUD DE LICENCIA SANITARIA PARA ESTABLECIMIENTO DE PLAGUICIDAS, NUTRIENTES VEGETALES Y SUSTANCIAS T\u00d3XICAS O PELIGROSAS. MODALIDAD A .- PARA SERVICIOS URBANOS DE FUMIGACI\u00d3N, DESINFECCI\u00d3N Y CONTROL DE PLAGAS.<\/a><\/li>\n\n\n\n<li><a href=\"https:\/\/www.catalogonacional.gob.mx\/FichaTramite?traHomoclave=COFEPRIS-05-044-A\"><strong>COFEPRIS-05-044-A<\/strong>\u00a0SOLICITUD DE MODIFICACI\u00d3N A LA LICENCIA SANITARIA PARA ESTABLECIMIENTO DE PLAGUICIDAS, NUTRIENTES VEGETALES Y SUSTANCIAS T\u00d3XICAS O PELIGROSAS. MODALIDAD A.- PARA SERVICIOS URBANOS DE FUMIGACI\u00d3N, DESINFECCI\u00d3N Y CONTROL DE PLAGAS<\/a><\/li>\n<\/ul>\n<\/div>\n","protected":false},"excerpt":{"rendered":"<p>LISTADO DE TR\u00c1MITES COFEPRIS EN MATERIA DE SALUD AMBIENTAL<\/p>\n","protected":false},"author":76,"featured_media":0,"parent":0,"menu_order":0,"comment_status":"closed","ping_status":"closed","template":"","meta":{"colormag_page_container_layout":"default_layout","colormag_page_sidebar_layout":"default_layout","footnotes":""},"class_list":["post-6086","page","type-page","status-publish","hentry"],"_links":{"self":[{"href":"https:\/\/www.ssaver.gob.mx\/proteccioncontrariesgossanitarios\/wp-json\/wp\/v2\/pages\/6086","targetHints":{"allow":["GET"]}}],"collection":[{"href":"https:\/\/www.ssaver.gob.mx\/proteccioncontrariesgossanitarios\/wp-json\/wp\/v2\/pages"}],"about":[{"href":"https:\/\/www.ssaver.gob.mx\/proteccioncontrariesgossanitarios\/wp-json\/wp\/v2\/types\/page"}],"author":[{"embeddable":true,"href":"https:\/\/www.ssaver.gob.mx\/proteccioncontrariesgossanitarios\/wp-json\/wp\/v2\/users\/76"}],"replies":[{"embeddable":true,"href":"https:\/\/www.ssaver.gob.mx\/proteccioncontrariesgossanitarios\/wp-json\/wp\/v2\/comments?post=6086"}],"version-history":[{"count":2,"href":"https:\/\/www.ssaver.gob.mx\/proteccioncontrariesgossanitarios\/wp-json\/wp\/v2\/pages\/6086\/revisions"}],"predecessor-version":[{"id":6093,"href":"https:\/\/www.ssaver.gob.mx\/proteccioncontrariesgossanitarios\/wp-json\/wp\/v2\/pages\/6086\/revisions\/6093"}],"wp:attachment":[{"href":"https:\/\/www.ssaver.gob.mx\/proteccioncontrariesgossanitarios\/wp-json\/wp\/v2\/media?parent=6086"}],"curies":[{"name":"wp","href":"https:\/\/api.w.org\/{rel}","templated":true}]}}