{"id":1696,"date":"2022-08-03T09:09:51","date_gmt":"2022-08-03T14:09:51","guid":{"rendered":"https:\/\/www.ssaver.gob.mx\/riesgos-sanitarios\/?page_id=1696"},"modified":"2023-08-07T12:54:39","modified_gmt":"2023-08-07T17:54:39","slug":"califica-verificador","status":"publish","type":"page","link":"https:\/\/www.ssaver.gob.mx\/riesgos-sanitarios\/califica-verificador\/","title":{"rendered":"Califica verificador"},"content":{"rendered":"\n<figure class=\"wp-block-image size-large is-resized\"><img loading=\"lazy\" decoding=\"async\" src=\"https:\/\/www.ssaver.gob.mx\/riesgos-sanitarios\/wp-content\/uploads\/sites\/16\/2022\/10\/Encuesta-baner1-1024x262.png\" alt=\"\" class=\"wp-image-3150\" width=\"1140\" height=\"292\" srcset=\"https:\/\/www.ssaver.gob.mx\/riesgos-sanitarios\/wp-content\/uploads\/sites\/16\/2022\/10\/Encuesta-baner1-1024x262.png 1024w, https:\/\/www.ssaver.gob.mx\/riesgos-sanitarios\/wp-content\/uploads\/sites\/16\/2022\/10\/Encuesta-baner1-300x77.png 300w, https:\/\/www.ssaver.gob.mx\/riesgos-sanitarios\/wp-content\/uploads\/sites\/16\/2022\/10\/Encuesta-baner1-768x196.png 768w, https:\/\/www.ssaver.gob.mx\/riesgos-sanitarios\/wp-content\/uploads\/sites\/16\/2022\/10\/Encuesta-baner1-1536x393.png 1536w, https:\/\/www.ssaver.gob.mx\/riesgos-sanitarios\/wp-content\/uploads\/sites\/16\/2022\/10\/Encuesta-baner1.png 1650w\" sizes=\"auto, (max-width: 1140px) 100vw, 1140px\" \/><\/figure>\n\n\n\n<div style=\"height:25px\" aria-hidden=\"true\" class=\"wp-block-spacer\"><\/div>\n\n\n\n<p class=\"has-text-align-center\" style=\"font-size:30px\">Su opini\u00f3n es muy importante acerca de la atenci\u00f3n otorgada por nuestro personal<\/p>\n\n\n\n<p class=\"has-text-align-center has-medium-font-size\"><strong>Dedique unos segundos para resolver esta breve encuesta dando clic en la imagen correspondiente.<\/strong><\/p>\n\n\n\n<div class=\"wp-block-columns is-layout-flex wp-container-core-columns-is-layout-28f84493 wp-block-columns-is-layout-flex\">\n<div class=\"wp-block-column is-layout-flow wp-block-column-is-layout-flow\">\n<p class=\"has-white-color has-text-color\">.<\/p>\n\n\n\n<figure class=\"wp-block-image aligncenter size-large is-resized\"><a href=\"https:\/\/docs.google.com\/forms\/d\/e\/1FAIpQLSchdQR5XbJsfoU5ZpyFXXTJfLNiJj4SfgcNvhuHOFnTjFXpsg\/viewform?usp=sf_link\"><img loading=\"lazy\" decoding=\"async\" src=\"https:\/\/www.ssaver.gob.mx\/riesgos-sanitarios\/wp-content\/uploads\/sites\/16\/2022\/08\/botones-vigilancia-02-1024x881.png\" alt=\"\" class=\"wp-image-1711\" width=\"517\" height=\"436\" \/><\/a><\/figure>\n\n\n\n<p class=\"has-text-align-center\" style=\"font-size:29px\"><a href=\"https:\/\/docs.google.com\/forms\/d\/e\/1FAIpQLSchdQR5XbJsfoU5ZpyFXXTJfLNiJj4SfgcNvhuHOFnTjFXpsg\/viewform?usp=sf_link\">Verificador Sanitario<\/a><\/p>\n<\/div>\n\n\n\n<div class=\"wp-block-column is-layout-flow wp-block-column-is-layout-flow\">\n<figure class=\"wp-block-image aligncenter size-large is-resized\"><a href=\"https:\/\/docs.google.com\/forms\/d\/e\/1FAIpQLSds_nW33DWNzboa-YRQ6MGjdwR3B7jU1Xwk0RtwxXSVuoBDSw\/viewform?usp=sf_link\"><img loading=\"lazy\" decoding=\"async\" src=\"https:\/\/www.ssaver.gob.mx\/riesgos-sanitarios\/wp-content\/uploads\/sites\/16\/2022\/08\/botones-vigilancia_Mesa-de-trabajo-1-1024x914.png\" alt=\"\" class=\"wp-image-1713\" width=\"659\" height=\"455\" \/><\/a><\/figure>\n\n\n\n<p class=\"has-text-align-center\" style=\"font-size:29px\"><a href=\"https:\/\/docs.google.com\/forms\/d\/e\/1FAIpQLSds_nW33DWNzboa-YRQ6MGjdwR3B7jU1Xwk0RtwxXSVuoBDSw\/viewform?usp=sf_link\">Ejecutivo de Ventanilla CIS<\/a><\/p>\n<\/div>\n<\/div>\n\n\n\n<div style=\"height:74px\" aria-hidden=\"true\" class=\"wp-block-spacer\"><\/div>\n\n\n\n<p class=\"has-medium-font-size\"><strong>Realice tambien:<\/strong><\/p>\n\n\n\n<div class=\"wp-block-cover is-light\" style=\"min-height:154px;aspect-ratio:unset;\"><span aria-hidden=\"true\" class=\"wp-block-cover__background has-background-dim-30 has-background-dim\"><\/span><img loading=\"lazy\" decoding=\"async\" width=\"1534\" height=\"508\" class=\"wp-block-cover__image-background wp-image-3163\" alt=\"\" src=\"https:\/\/www.ssaver.gob.mx\/riesgos-sanitarios\/wp-content\/uploads\/sites\/16\/2022\/10\/banner14.png\" data-object-fit=\"cover\" srcset=\"https:\/\/www.ssaver.gob.mx\/riesgos-sanitarios\/wp-content\/uploads\/sites\/16\/2022\/10\/banner14.png 1534w, https:\/\/www.ssaver.gob.mx\/riesgos-sanitarios\/wp-content\/uploads\/sites\/16\/2022\/10\/banner14-300x99.png 300w, https:\/\/www.ssaver.gob.mx\/riesgos-sanitarios\/wp-content\/uploads\/sites\/16\/2022\/10\/banner14-1024x339.png 1024w, https:\/\/www.ssaver.gob.mx\/riesgos-sanitarios\/wp-content\/uploads\/sites\/16\/2022\/10\/banner14-768x254.png 768w\" sizes=\"auto, (max-width: 1534px) 100vw, 1534px\" \/><div class=\"wp-block-cover__inner-container is-layout-flow wp-block-cover-is-layout-flow\">\n<p class=\"has-text-align-center has-white-color has-text-color\" style=\"font-size:30px\">Vaya a <strong>Vigilancia Proactiva<\/strong> y obtenga su&nbsp;<strong>C\u00d3DIGO QR<\/strong><\/p>\n\n\n\n<div class=\"wp-block-buttons is-content-justification-center is-layout-flex wp-container-core-buttons-is-layout-a89b3969 wp-block-buttons-is-layout-flex\">\n<div class=\"wp-block-button\"><a class=\"wp-block-button__link wp-element-button\" href=\"https:\/\/www.ssaver.gob.mx\/riesgos-sanitarios\/vigilancia-proactiva\" style=\"border-radius:19px\">Aqu\u00ed<\/a><\/div>\n<\/div>\n<\/div><\/div>\n\n\n\n<div style=\"height:60px\" aria-hidden=\"true\" class=\"wp-block-spacer\"><\/div>\n\n\n\n<p style=\"font-size:12px;text-align: justify\"><b>Aviso de Privacidad<\/b> integral de propietarios (persona f\u00edsica o persona moral), representantes legales, responsables sanitarios y testigos de establecimientos, productos y servicios sujetos a Vigilancia Sanitaria. La Secretar\u00eda de Salud de Veracruz, es el responsable del tratamiento de los datos personales que nos proporcione. Los datos personales que recabamos de usted, los utilizaremos para las siguientes finalidades: a) contar con un padr\u00f3n de establecimientos, b) elaborar estad\u00edsticas, c) an\u00e1lisis de riesgos, d) Vigilancia Sanitaria, e) seguimiento de procedimientos y f) proyectos gubernamentales. Del mismo modo se informa que no se utilizan sus datos personales para finalidades adicionales. Para mayor informaci\u00f3n acerca del tratamiento y de los derechos que puede hacer vale, usted puede acceder al aviso de privacidad integral a trav\u00e9s de la direcci\u00f3n electr\u00f3nica:<\/p>\n\n\n\n<div style=\"height:31px\" aria-hidden=\"true\" class=\"wp-block-spacer\"><\/div>\n\n\n\n<p class=\"has-text-align-center has-background\" style=\"background-color:#abb7c22e\"><strong><em>Todo acto y\/o tr\u00e1mite&nbsp;es gratuito.<\/em> <\/strong><br><em>Material elaborado en cumplimiento a la estrategia nacional de&nbsp;buen gobierno en el sistema&nbsp;federal sanitario<\/em><\/p>\n","protected":false},"excerpt":{"rendered":"<p>Su opini\u00f3n es muy importante acerca de la atenci\u00f3n otorgada por nuestro personal Dedique unos segundos para resolver esta breve<\/p>\n","protected":false},"author":17,"featured_media":0,"parent":0,"menu_order":0,"comment_status":"closed","ping_status":"closed","template":"","meta":{"colormag_page_container_layout":"default_layout","colormag_page_sidebar_layout":"default_layout","footnotes":""},"class_list":["post-1696","page","type-page","status-publish","hentry"],"_links":{"self":[{"href":"https:\/\/www.ssaver.gob.mx\/riesgos-sanitarios\/wp-json\/wp\/v2\/pages\/1696","targetHints":{"allow":["GET"]}}],"collection":[{"href":"https:\/\/www.ssaver.gob.mx\/riesgos-sanitarios\/wp-json\/wp\/v2\/pages"}],"about":[{"href":"https:\/\/www.ssaver.gob.mx\/riesgos-sanitarios\/wp-json\/wp\/v2\/types\/page"}],"author":[{"embeddable":true,"href":"https:\/\/www.ssaver.gob.mx\/riesgos-sanitarios\/wp-json\/wp\/v2\/users\/17"}],"replies":[{"embeddable":true,"href":"https:\/\/www.ssaver.gob.mx\/riesgos-sanitarios\/wp-json\/wp\/v2\/comments?post=1696"}],"version-history":[{"count":70,"href":"https:\/\/www.ssaver.gob.mx\/riesgos-sanitarios\/wp-json\/wp\/v2\/pages\/1696\/revisions"}],"predecessor-version":[{"id":4135,"href":"https:\/\/www.ssaver.gob.mx\/riesgos-sanitarios\/wp-json\/wp\/v2\/pages\/1696\/revisions\/4135"}],"wp:attachment":[{"href":"https:\/\/www.ssaver.gob.mx\/riesgos-sanitarios\/wp-json\/wp\/v2\/media?parent=1696"}],"curies":[{"name":"wp","href":"https:\/\/api.w.org\/{rel}","templated":true}]}}

<figure class="wp-block-image size-large is-resized"><img loading="lazy" decoding="async" src="https://www.ssaver.gob.mx/riesgos-sanitarios/wp-content/uploads/sites/16/2022/10/Encuesta-baner1-1024x262.png" alt="" class="wp-image-3150" width="1140" height="292" srcset="https://www.ssaver.gob.mx/riesgos-sanitarios/wp-content/uploads/sites/16/2022/10/Encuesta-baner1-1024x262.png 1024w, https://www.ssaver.gob.mx/riesgos-sanitarios/wp-content/uploads/sites/16/2022/10/Encuesta-baner1-300x77.png 300w, https://www.ssaver.gob.mx/riesgos-sanitarios/wp-content/uploads/sites/16/2022/10/Encuesta-baner1-768x196.png 768w, https://www.ssaver.gob.mx/riesgos-sanitarios/wp-content/uploads/sites/16/2022/10/Encuesta-baner1-1536x393.png 1536w, https://www.ssaver.gob.mx/riesgos-sanitarios/wp-content/uploads/sites/16/2022/10/Encuesta-baner1.png 1650w" sizes="auto, (max-width: 1140px) 100vw, 1140px" /></figure>



<div style="height:25px" aria-hidden="true" class="wp-block-spacer"></div>



<p class="has-text-align-center" style="font-size:30px">Su opinión es muy importante acerca de la atención otorgada por nuestro personal</p>



<p class="has-text-align-center has-medium-font-size"><strong>Dedique unos segundos para resolver esta breve encuesta dando clic en la imagen correspondiente.</strong></p>



<div class="wp-block-columns is-layout-flex wp-container-core-columns-is-layout-28f84493 wp-block-columns-is-layout-flex">
<div class="wp-block-column is-layout-flow wp-block-column-is-layout-flow">
<p class="has-white-color has-text-color">.</p>



<figure class="wp-block-image aligncenter size-large is-resized"><a href="https://docs.google.com/forms/d/e/1FAIpQLSchdQR5XbJsfoU5ZpyFXXTJfLNiJj4SfgcNvhuHOFnTjFXpsg/viewform?usp=sf_link"><img loading="lazy" decoding="async" src="https://www.ssaver.gob.mx/riesgos-sanitarios/wp-content/uploads/sites/16/2022/08/botones-vigilancia-02-1024x881.png" alt="" class="wp-image-1711" width="517" height="436" /></a></figure>



<p class="has-text-align-center" style="font-size:29px"><a href="https://docs.google.com/forms/d/e/1FAIpQLSchdQR5XbJsfoU5ZpyFXXTJfLNiJj4SfgcNvhuHOFnTjFXpsg/viewform?usp=sf_link">Verificador Sanitario</a></p>
</div>



<div class="wp-block-column is-layout-flow wp-block-column-is-layout-flow">
<figure class="wp-block-image aligncenter size-large is-resized"><a href="https://docs.google.com/forms/d/e/1FAIpQLSds_nW33DWNzboa-YRQ6MGjdwR3B7jU1Xwk0RtwxXSVuoBDSw/viewform?usp=sf_link"><img loading="lazy" decoding="async" src="https://www.ssaver.gob.mx/riesgos-sanitarios/wp-content/uploads/sites/16/2022/08/botones-vigilancia_Mesa-de-trabajo-1-1024x914.png" alt="" class="wp-image-1713" width="659" height="455" /></a></figure>



<p class="has-text-align-center" style="font-size:29px"><a href="https://docs.google.com/forms/d/e/1FAIpQLSds_nW33DWNzboa-YRQ6MGjdwR3B7jU1Xwk0RtwxXSVuoBDSw/viewform?usp=sf_link">Ejecutivo de Ventanilla CIS</a></p>
</div>
</div>



<div style="height:74px" aria-hidden="true" class="wp-block-spacer"></div>



<p class="has-medium-font-size"><strong>Realice tambien:</strong></p>



<div class="wp-block-cover is-light" style="min-height:154px;aspect-ratio:unset;"><span aria-hidden="true" class="wp-block-cover__background has-background-dim-30 has-background-dim"></span><img loading="lazy" decoding="async" width="1534" height="508" class="wp-block-cover__image-background wp-image-3163" alt="" src="https://www.ssaver.gob.mx/riesgos-sanitarios/wp-content/uploads/sites/16/2022/10/banner14.png" data-object-fit="cover" srcset="https://www.ssaver.gob.mx/riesgos-sanitarios/wp-content/uploads/sites/16/2022/10/banner14.png 1534w, https://www.ssaver.gob.mx/riesgos-sanitarios/wp-content/uploads/sites/16/2022/10/banner14-300x99.png 300w, https://www.ssaver.gob.mx/riesgos-sanitarios/wp-content/uploads/sites/16/2022/10/banner14-1024x339.png 1024w, https://www.ssaver.gob.mx/riesgos-sanitarios/wp-content/uploads/sites/16/2022/10/banner14-768x254.png 768w" sizes="auto, (max-width: 1534px) 100vw, 1534px" /><div class="wp-block-cover__inner-container is-layout-flow wp-block-cover-is-layout-flow">
<p class="has-text-align-center has-white-color has-text-color" style="font-size:30px">Vaya a <strong>Vigilancia Proactiva</strong> y obtenga su&nbsp;<strong>CÓDIGO QR</strong></p>



<div class="wp-block-buttons is-content-justification-center is-layout-flex wp-container-core-buttons-is-layout-a89b3969 wp-block-buttons-is-layout-flex">
<div class="wp-block-button"><a class="wp-block-button__link wp-element-button" href="https://www.ssaver.gob.mx/riesgos-sanitarios/vigilancia-proactiva" style="border-radius:19px">Aquí</a></div>
</div>
</div></div>



<div style="height:60px" aria-hidden="true" class="wp-block-spacer"></div>



<p style="font-size:12px;text-align: justify"><b>Aviso de Privacidad</b> integral de propietarios (persona física o persona moral), representantes legales, responsables sanitarios y testigos de establecimientos, productos y servicios sujetos a Vigilancia Sanitaria. La Secretaría de Salud de Veracruz, es el responsable del tratamiento de los datos personales que nos proporcione. Los datos personales que recabamos de usted, los utilizaremos para las siguientes finalidades: a) contar con un padrón de establecimientos, b) elaborar estadísticas, c) análisis de riesgos, d) Vigilancia Sanitaria, e) seguimiento de procedimientos y f) proyectos gubernamentales. Del mismo modo se informa que no se utilizan sus datos personales para finalidades adicionales. Para mayor información acerca del tratamiento y de los derechos que puede hacer vale, usted puede acceder al aviso de privacidad integral a través de la dirección electrónica:</p>



<div style="height:31px" aria-hidden="true" class="wp-block-spacer"></div>



<p class="has-text-align-center has-background" style="background-color:#abb7c22e"><strong><em>Todo acto y/o trámite&nbsp;es gratuito.</em> </strong><br><em>Material elaborado en cumplimiento a la estrategia nacional de&nbsp;buen gobierno en el sistema&nbsp;federal sanitario</em></p>

<p>Su opinión es muy importante acerca de la atención otorgada por nuestro personal Dedique unos segundos para resolver esta breve</p>
