{"id":3884,"date":"2023-05-08T05:58:19","date_gmt":"2023-05-08T10:58:19","guid":{"rendered":"https:\/\/www.ssaver.gob.mx\/riesgos-sanitarios\/?page_id=3884"},"modified":"2023-06-21T15:04:09","modified_gmt":"2023-06-21T20:04:09","slug":"marco-juridico-sytes","status":"publish","type":"page","link":"https:\/\/www.ssaver.gob.mx\/riesgos-sanitarios\/marco-juridico-sytes\/","title":{"rendered":"Marco Jur\u00eddico SYTES"},"content":{"rendered":"\n<div style=\"height:30px\" aria-hidden=\"true\" class=\"wp-block-spacer\"><\/div>\n\n\n\n<p class=\"has-text-align-center\" style=\"font-size:24px\">La Direcci\u00f3n Protecci\u00f3n Contra Riesgos Sanitarios del estado de Veracruz, tiene a su cargo el ejercicio de las atribuciones en materia de regulaci\u00f3n, control y fomento sanitarios en los t\u00e9rminos de la Ley General de Salud y dem\u00e1s disposiciones jur\u00eddicas aplicables.<\/p>\n\n\n\n<div style=\"height:35px\" aria-hidden=\"true\" class=\"wp-block-spacer\"><\/div>\n\n\n\n<div class=\"wp-block-columns is-layout-flex wp-container-core-columns-is-layout-28f84493 wp-block-columns-is-layout-flex\">\n<div class=\"wp-block-column is-layout-flow wp-block-column-is-layout-flow\">\n<figure class=\"wp-block-image size-large\"><a href=\"http:\/\/transparencia.cofepris.gob.mx\/index.php\/es\/marco-juridico\/leyes\"><img loading=\"lazy\" decoding=\"async\" width=\"1024\" height=\"1024\" src=\"https:\/\/www.ssaver.gob.mx\/riesgos-sanitarios\/wp-content\/uploads\/sites\/16\/2023\/05\/MARCO-JURIDICO-08-1-1024x1024.png\" alt=\"\" class=\"wp-image-3879\" srcset=\"https:\/\/www.ssaver.gob.mx\/riesgos-sanitarios\/wp-content\/uploads\/sites\/16\/2023\/05\/MARCO-JURIDICO-08-1-1024x1024.png 1024w, https:\/\/www.ssaver.gob.mx\/riesgos-sanitarios\/wp-content\/uploads\/sites\/16\/2023\/05\/MARCO-JURIDICO-08-1-300x300.png 300w, https:\/\/www.ssaver.gob.mx\/riesgos-sanitarios\/wp-content\/uploads\/sites\/16\/2023\/05\/MARCO-JURIDICO-08-1-150x150.png 150w, https:\/\/www.ssaver.gob.mx\/riesgos-sanitarios\/wp-content\/uploads\/sites\/16\/2023\/05\/MARCO-JURIDICO-08-1-768x768.png 768w, https:\/\/www.ssaver.gob.mx\/riesgos-sanitarios\/wp-content\/uploads\/sites\/16\/2023\/05\/MARCO-JURIDICO-08-1-215x215.png 215w, https:\/\/www.ssaver.gob.mx\/riesgos-sanitarios\/wp-content\/uploads\/sites\/16\/2023\/05\/MARCO-JURIDICO-08-1.png 1076w\" sizes=\"auto, (max-width: 1024px) 100vw, 1024px\" \/><\/a><\/figure>\n<\/div>\n\n\n\n<div class=\"wp-block-column is-layout-flow wp-block-column-is-layout-flow\">\n<figure class=\"wp-block-image size-large\"><a href=\"https:\/\/www.ssaver.gob.mx\/riesgos-sanitarios\/normas-oficiales\/\"><img loading=\"lazy\" decoding=\"async\" width=\"1024\" height=\"1024\" src=\"https:\/\/www.ssaver.gob.mx\/riesgos-sanitarios\/wp-content\/uploads\/sites\/16\/2023\/05\/MARCO-JURIDICO-10-1024x1024.png\" alt=\"\" class=\"wp-image-3871\" srcset=\"https:\/\/www.ssaver.gob.mx\/riesgos-sanitarios\/wp-content\/uploads\/sites\/16\/2023\/05\/MARCO-JURIDICO-10-1024x1024.png 1024w, https:\/\/www.ssaver.gob.mx\/riesgos-sanitarios\/wp-content\/uploads\/sites\/16\/2023\/05\/MARCO-JURIDICO-10-300x300.png 300w, https:\/\/www.ssaver.gob.mx\/riesgos-sanitarios\/wp-content\/uploads\/sites\/16\/2023\/05\/MARCO-JURIDICO-10-150x150.png 150w, https:\/\/www.ssaver.gob.mx\/riesgos-sanitarios\/wp-content\/uploads\/sites\/16\/2023\/05\/MARCO-JURIDICO-10-768x768.png 768w, https:\/\/www.ssaver.gob.mx\/riesgos-sanitarios\/wp-content\/uploads\/sites\/16\/2023\/05\/MARCO-JURIDICO-10-215x215.png 215w, https:\/\/www.ssaver.gob.mx\/riesgos-sanitarios\/wp-content\/uploads\/sites\/16\/2023\/05\/MARCO-JURIDICO-10.png 1076w\" sizes=\"auto, (max-width: 1024px) 100vw, 1024px\" \/><\/a><\/figure>\n<\/div>\n\n\n\n<div class=\"wp-block-column is-layout-flow wp-block-column-is-layout-flow\">\n<figure class=\"wp-block-image size-large\"><a href=\"http:\/\/transparencia.cofepris.gob.mx\/index.php\/es\/marco-juridico\/codigos\"><img loading=\"lazy\" decoding=\"async\" width=\"1024\" height=\"1024\" src=\"https:\/\/www.ssaver.gob.mx\/riesgos-sanitarios\/wp-content\/uploads\/sites\/16\/2023\/05\/MARCO-JURIDICO-06-1024x1024.png\" alt=\"\" class=\"wp-image-3867\" srcset=\"https:\/\/www.ssaver.gob.mx\/riesgos-sanitarios\/wp-content\/uploads\/sites\/16\/2023\/05\/MARCO-JURIDICO-06-1024x1024.png 1024w, https:\/\/www.ssaver.gob.mx\/riesgos-sanitarios\/wp-content\/uploads\/sites\/16\/2023\/05\/MARCO-JURIDICO-06-300x300.png 300w, https:\/\/www.ssaver.gob.mx\/riesgos-sanitarios\/wp-content\/uploads\/sites\/16\/2023\/05\/MARCO-JURIDICO-06-150x150.png 150w, https:\/\/www.ssaver.gob.mx\/riesgos-sanitarios\/wp-content\/uploads\/sites\/16\/2023\/05\/MARCO-JURIDICO-06-768x767.png 768w, https:\/\/www.ssaver.gob.mx\/riesgos-sanitarios\/wp-content\/uploads\/sites\/16\/2023\/05\/MARCO-JURIDICO-06-215x215.png 215w, https:\/\/www.ssaver.gob.mx\/riesgos-sanitarios\/wp-content\/uploads\/sites\/16\/2023\/05\/MARCO-JURIDICO-06.png 1077w\" sizes=\"auto, (max-width: 1024px) 100vw, 1024px\" \/><\/a><\/figure>\n<\/div>\n\n\n\n<div class=\"wp-block-column is-layout-flow wp-block-column-is-layout-flow\">\n<figure class=\"wp-block-image size-large\"><a href=\"https:\/\/www.ssaver.gob.mx\/riesgos-sanitarios\/manuales\/\"><img loading=\"lazy\" decoding=\"async\" width=\"1024\" height=\"1024\" src=\"https:\/\/www.ssaver.gob.mx\/riesgos-sanitarios\/wp-content\/uploads\/sites\/16\/2023\/05\/MARCO-JURIDICO-11-1024x1024.png\" alt=\"\" class=\"wp-image-3872\" srcset=\"https:\/\/www.ssaver.gob.mx\/riesgos-sanitarios\/wp-content\/uploads\/sites\/16\/2023\/05\/MARCO-JURIDICO-11-1024x1024.png 1024w, https:\/\/www.ssaver.gob.mx\/riesgos-sanitarios\/wp-content\/uploads\/sites\/16\/2023\/05\/MARCO-JURIDICO-11-300x300.png 300w, https:\/\/www.ssaver.gob.mx\/riesgos-sanitarios\/wp-content\/uploads\/sites\/16\/2023\/05\/MARCO-JURIDICO-11-150x150.png 150w, https:\/\/www.ssaver.gob.mx\/riesgos-sanitarios\/wp-content\/uploads\/sites\/16\/2023\/05\/MARCO-JURIDICO-11-768x768.png 768w, https:\/\/www.ssaver.gob.mx\/riesgos-sanitarios\/wp-content\/uploads\/sites\/16\/2023\/05\/MARCO-JURIDICO-11-215x215.png 215w, https:\/\/www.ssaver.gob.mx\/riesgos-sanitarios\/wp-content\/uploads\/sites\/16\/2023\/05\/MARCO-JURIDICO-11.png 1076w\" sizes=\"auto, (max-width: 1024px) 100vw, 1024px\" \/><\/a><\/figure>\n<\/div>\n<\/div>\n","protected":false},"excerpt":{"rendered":"<p>La Direcci\u00f3n Protecci\u00f3n Contra Riesgos Sanitarios del estado de Veracruz, tiene a su cargo el ejercicio de las atribuciones en<\/p>\n","protected":false},"author":17,"featured_media":0,"parent":0,"menu_order":0,"comment_status":"closed","ping_status":"closed","template":"","meta":{"colormag_page_container_layout":"default_layout","colormag_page_sidebar_layout":"default_layout","footnotes":""},"class_list":["post-3884","page","type-page","status-publish","hentry"],"_links":{"self":[{"href":"https:\/\/www.ssaver.gob.mx\/riesgos-sanitarios\/wp-json\/wp\/v2\/pages\/3884","targetHints":{"allow":["GET"]}}],"collection":[{"href":"https:\/\/www.ssaver.gob.mx\/riesgos-sanitarios\/wp-json\/wp\/v2\/pages"}],"about":[{"href":"https:\/\/www.ssaver.gob.mx\/riesgos-sanitarios\/wp-json\/wp\/v2\/types\/page"}],"author":[{"embeddable":true,"href":"https:\/\/www.ssaver.gob.mx\/riesgos-sanitarios\/wp-json\/wp\/v2\/users\/17"}],"replies":[{"embeddable":true,"href":"https:\/\/www.ssaver.gob.mx\/riesgos-sanitarios\/wp-json\/wp\/v2\/comments?post=3884"}],"version-history":[{"count":23,"href":"https:\/\/www.ssaver.gob.mx\/riesgos-sanitarios\/wp-json\/wp\/v2\/pages\/3884\/revisions"}],"predecessor-version":[{"id":4097,"href":"https:\/\/www.ssaver.gob.mx\/riesgos-sanitarios\/wp-json\/wp\/v2\/pages\/3884\/revisions\/4097"}],"wp:attachment":[{"href":"https:\/\/www.ssaver.gob.mx\/riesgos-sanitarios\/wp-json\/wp\/v2\/media?parent=3884"}],"curies":[{"name":"wp","href":"https:\/\/api.w.org\/{rel}","templated":true}]}}

Marco Jurídico SYTES

<div style="height:30px" aria-hidden="true" class="wp-block-spacer"></div>



<p class="has-text-align-center" style="font-size:24px">La Dirección Protección Contra Riesgos Sanitarios del estado de Veracruz, tiene a su cargo el ejercicio de las atribuciones en materia de regulación, control y fomento sanitarios en los términos de la Ley General de Salud y demás disposiciones jurídicas aplicables.</p>



<div style="height:35px" aria-hidden="true" class="wp-block-spacer"></div>



<div class="wp-block-columns is-layout-flex wp-container-core-columns-is-layout-28f84493 wp-block-columns-is-layout-flex">
<div class="wp-block-column is-layout-flow wp-block-column-is-layout-flow">
<figure class="wp-block-image size-large"><a href="http://transparencia.cofepris.gob.mx/index.php/es/marco-juridico/leyes"><img loading="lazy" decoding="async" width="1024" height="1024" src="https://www.ssaver.gob.mx/riesgos-sanitarios/wp-content/uploads/sites/16/2023/05/MARCO-JURIDICO-08-1-1024x1024.png" alt="" class="wp-image-3879" srcset="https://www.ssaver.gob.mx/riesgos-sanitarios/wp-content/uploads/sites/16/2023/05/MARCO-JURIDICO-08-1-1024x1024.png 1024w, https://www.ssaver.gob.mx/riesgos-sanitarios/wp-content/uploads/sites/16/2023/05/MARCO-JURIDICO-08-1-300x300.png 300w, https://www.ssaver.gob.mx/riesgos-sanitarios/wp-content/uploads/sites/16/2023/05/MARCO-JURIDICO-08-1-150x150.png 150w, https://www.ssaver.gob.mx/riesgos-sanitarios/wp-content/uploads/sites/16/2023/05/MARCO-JURIDICO-08-1-768x768.png 768w, https://www.ssaver.gob.mx/riesgos-sanitarios/wp-content/uploads/sites/16/2023/05/MARCO-JURIDICO-08-1-215x215.png 215w, https://www.ssaver.gob.mx/riesgos-sanitarios/wp-content/uploads/sites/16/2023/05/MARCO-JURIDICO-08-1.png 1076w" sizes="auto, (max-width: 1024px) 100vw, 1024px" /></a></figure>
</div>



<div class="wp-block-column is-layout-flow wp-block-column-is-layout-flow">
<figure class="wp-block-image size-large"><a href="https://www.ssaver.gob.mx/riesgos-sanitarios/normas-oficiales/"><img loading="lazy" decoding="async" width="1024" height="1024" src="https://www.ssaver.gob.mx/riesgos-sanitarios/wp-content/uploads/sites/16/2023/05/MARCO-JURIDICO-10-1024x1024.png" alt="" class="wp-image-3871" srcset="https://www.ssaver.gob.mx/riesgos-sanitarios/wp-content/uploads/sites/16/2023/05/MARCO-JURIDICO-10-1024x1024.png 1024w, https://www.ssaver.gob.mx/riesgos-sanitarios/wp-content/uploads/sites/16/2023/05/MARCO-JURIDICO-10-300x300.png 300w, https://www.ssaver.gob.mx/riesgos-sanitarios/wp-content/uploads/sites/16/2023/05/MARCO-JURIDICO-10-150x150.png 150w, https://www.ssaver.gob.mx/riesgos-sanitarios/wp-content/uploads/sites/16/2023/05/MARCO-JURIDICO-10-768x768.png 768w, https://www.ssaver.gob.mx/riesgos-sanitarios/wp-content/uploads/sites/16/2023/05/MARCO-JURIDICO-10-215x215.png 215w, https://www.ssaver.gob.mx/riesgos-sanitarios/wp-content/uploads/sites/16/2023/05/MARCO-JURIDICO-10.png 1076w" sizes="auto, (max-width: 1024px) 100vw, 1024px" /></a></figure>
</div>



<div class="wp-block-column is-layout-flow wp-block-column-is-layout-flow">
<figure class="wp-block-image size-large"><a href="http://transparencia.cofepris.gob.mx/index.php/es/marco-juridico/codigos"><img loading="lazy" decoding="async" width="1024" height="1024" src="https://www.ssaver.gob.mx/riesgos-sanitarios/wp-content/uploads/sites/16/2023/05/MARCO-JURIDICO-06-1024x1024.png" alt="" class="wp-image-3867" srcset="https://www.ssaver.gob.mx/riesgos-sanitarios/wp-content/uploads/sites/16/2023/05/MARCO-JURIDICO-06-1024x1024.png 1024w, https://www.ssaver.gob.mx/riesgos-sanitarios/wp-content/uploads/sites/16/2023/05/MARCO-JURIDICO-06-300x300.png 300w, https://www.ssaver.gob.mx/riesgos-sanitarios/wp-content/uploads/sites/16/2023/05/MARCO-JURIDICO-06-150x150.png 150w, https://www.ssaver.gob.mx/riesgos-sanitarios/wp-content/uploads/sites/16/2023/05/MARCO-JURIDICO-06-768x767.png 768w, https://www.ssaver.gob.mx/riesgos-sanitarios/wp-content/uploads/sites/16/2023/05/MARCO-JURIDICO-06-215x215.png 215w, https://www.ssaver.gob.mx/riesgos-sanitarios/wp-content/uploads/sites/16/2023/05/MARCO-JURIDICO-06.png 1077w" sizes="auto, (max-width: 1024px) 100vw, 1024px" /></a></figure>
</div>



<div class="wp-block-column is-layout-flow wp-block-column-is-layout-flow">
<figure class="wp-block-image size-large"><a href="https://www.ssaver.gob.mx/riesgos-sanitarios/manuales/"><img loading="lazy" decoding="async" width="1024" height="1024" src="https://www.ssaver.gob.mx/riesgos-sanitarios/wp-content/uploads/sites/16/2023/05/MARCO-JURIDICO-11-1024x1024.png" alt="" class="wp-image-3872" srcset="https://www.ssaver.gob.mx/riesgos-sanitarios/wp-content/uploads/sites/16/2023/05/MARCO-JURIDICO-11-1024x1024.png 1024w, https://www.ssaver.gob.mx/riesgos-sanitarios/wp-content/uploads/sites/16/2023/05/MARCO-JURIDICO-11-300x300.png 300w, https://www.ssaver.gob.mx/riesgos-sanitarios/wp-content/uploads/sites/16/2023/05/MARCO-JURIDICO-11-150x150.png 150w, https://www.ssaver.gob.mx/riesgos-sanitarios/wp-content/uploads/sites/16/2023/05/MARCO-JURIDICO-11-768x768.png 768w, https://www.ssaver.gob.mx/riesgos-sanitarios/wp-content/uploads/sites/16/2023/05/MARCO-JURIDICO-11-215x215.png 215w, https://www.ssaver.gob.mx/riesgos-sanitarios/wp-content/uploads/sites/16/2023/05/MARCO-JURIDICO-11.png 1076w" sizes="auto, (max-width: 1024px) 100vw, 1024px" /></a></figure>
</div>
</div>

<p>La Dirección Protección Contra Riesgos Sanitarios del estado de Veracruz, tiene a su cargo el ejercicio de las atribuciones en</p>
