{"id":714,"date":"2022-07-06T13:09:25","date_gmt":"2022-07-06T18:09:25","guid":{"rendered":"https:\/\/www.ssaver.gob.mx\/riesgos-sanitarios\/?page_id=714"},"modified":"2023-08-07T12:38:09","modified_gmt":"2023-08-07T17:38:09","slug":"lineamientos-escuelas","status":"publish","type":"page","link":"https:\/\/www.ssaver.gob.mx\/riesgos-sanitarios\/lineamientos-escuelas\/","title":{"rendered":"Escuelas"},"content":{"rendered":"\n<div class=\"wp-block-columns is-layout-flex wp-container-core-columns-is-layout-28f84493 wp-block-columns-is-layout-flex\">\n<div class=\"wp-block-column is-layout-flow wp-block-column-is-layout-flow\">\n<figure class=\"wp-block-image size-large is-resized\"><img loading=\"lazy\" decoding=\"async\" src=\"https:\/\/www.ssaver.gob.mx\/riesgos-sanitarios\/wp-content\/uploads\/sites\/16\/2022\/07\/Covid-establecimientos7-1024x261.png\" alt=\"\" class=\"wp-image-718\" width=\"1141\" height=\"290\" srcset=\"https:\/\/www.ssaver.gob.mx\/riesgos-sanitarios\/wp-content\/uploads\/sites\/16\/2022\/07\/Covid-establecimientos7-1024x261.png 1024w, https:\/\/www.ssaver.gob.mx\/riesgos-sanitarios\/wp-content\/uploads\/sites\/16\/2022\/07\/Covid-establecimientos7-300x77.png 300w, https:\/\/www.ssaver.gob.mx\/riesgos-sanitarios\/wp-content\/uploads\/sites\/16\/2022\/07\/Covid-establecimientos7-768x196.png 768w, https:\/\/www.ssaver.gob.mx\/riesgos-sanitarios\/wp-content\/uploads\/sites\/16\/2022\/07\/Covid-establecimientos7-1536x392.png 1536w, https:\/\/www.ssaver.gob.mx\/riesgos-sanitarios\/wp-content\/uploads\/sites\/16\/2022\/07\/Covid-establecimientos7.png 1650w\" sizes=\"auto, (max-width: 1141px) 100vw, 1141px\" \/><\/figure>\n\n\n\n<p class=\"has-text-align-center has-background has-medium-font-size\" style=\"background-color:#f4f4f4\"><strong>Lineamientos del Protocolo para la prevenci\u00f3n y control de Covid-19 en el estado de Veracruz<\/strong><\/p>\n<\/div>\n<\/div>\n\n\n\n<div style=\"height:45px\" aria-hidden=\"true\" class=\"wp-block-spacer\"><\/div>\n\n\n\n<hr class=\"wp-block-separator has-text-color has-vivid-red-color has-alpha-channel-opacity has-vivid-red-background-color has-background\" \/>\n\n\n\n<div style=\"height:35px\" aria-hidden=\"true\" class=\"wp-block-spacer\"><\/div>\n\n\n\n<p>DERIVADO DEL ACUERDO QUE ABROGA EL ACUERDO POR EL QUE SE EMITEN LOS LINEAMIENTOS PARA EL REGRESO A LA NUEVA NORMALIDAD DE LAS ACTIVIDADES ECON\u00d3MICAS DE FORMA ORDENADA, GRADUAL Y CAUTA EN EL ESTADO DE VERACRUZ, PUBLICADO EN LA GACETA OFICIAL, EL 22 DE JUNIO DE 2020, N\u00daMERO EXTRAORDINARIO 248, TOMO II. PUBLICADO EN LA GACETA OFICIAL DEL ESTADO DE VERACRUZ. <strong>QUEDA SIN FUNCIONES ESTA PAGINA WEB OFRECIENDOLE LO SIGUIENTE<\/strong>: LA AUTORIDAD SANITARIA BUSCA IMPULSAR Y PROMOVER LA CONFIANZA Y SOLIDARIDAD CIUDADANA A TRAV\u00c9S DE LA PARTICIPACI\u00d3N CONJUNTA MEDIANTE LA INSCRIPCI\u00d3N AL \u201cPADR\u00d3N DE ESTABLECIMIENTOS DE CONFIANZA CIUDADANA: VERACRUZ LIBRE DE RIESGOS SANITARIOS\u201d CON EL OBJETO DE APEGARSE AL PROGRAMA DE <strong>VIGILANCIA PROACTIVA<\/strong>, PODR\u00c1 INICIAR LOS TR\u00c1MITES MEDIANTE LA PLATAFORMA ELECTR\u00d3NICA\u00a0<a rel=\"noreferrer noopener\" href=\"https:\/\/www.ssaver.gob.mx\/RIESGOS-SANITARIOS\/VIGILANCIA-PROACTIVA\/\" target=\"_blank\">HTTPS:\/\/WWW.SSAVER.GOB.MX\/RIESGOS-SANITARIOS\/VIGILANCIA-PROACTIVA\/<\/a>\u00a0PARA SU REGULARIZACI\u00d3N ANTE LA DPRS.\u00a0<\/p>\n\n\n\n<div style=\"height:35px\" aria-hidden=\"true\" class=\"wp-block-spacer\"><\/div>\n\n\n\n<hr class=\"wp-block-separator has-text-color has-vivid-red-color has-alpha-channel-opacity has-vivid-red-background-color has-background\" \/>\n\n\n\n<div style=\"height:45px\" aria-hidden=\"true\" class=\"wp-block-spacer\"><\/div>\n\n\n\n<p style=\"font-size:16px;text-align: justify\"><strong>Objetivo General:<\/strong> Proporcionar al personal directivo o responsable de instituciones educativas y dem\u00e1s en el estado de Veracruz, un instrumento que permita conocer, evaluar las condiciones sanitarias de las aulas, oficinas administrativas y areas generales que comprenden las instalaciones, medidas de desinfecci\u00f3n, higiene y sana distancia con el fin de prevenir contagios del virus SARS-CoV2 en los alumnos y personal durante el regreso a clases-presenciales en la nueva normalidad informando a la poblaci\u00f3n en todo momento de este cumplimiento, con la identificaci\u00f3n de las unidades educativas que han cumplido con los protocolos, para establecer su corresponsabilidad.<\/p>\n\n\n\n<div style=\"height:22px\" aria-hidden=\"true\" class=\"wp-block-spacer\"><\/div>\n\n\n\n<p class=\"has-text-color has-background has-medium-font-size\" style=\"color:#7f5e49;background-color:#f2e7cd\"><strong>Operaci\u00f3n<\/strong><\/p>\n\n\n\n<p style=\"font-size:15px\">D\u00e9 clic en el paso n\u00famero 1 para iniciar su captura.<\/p>\n\n\n\n<div class=\"wp-block-columns is-layout-flex wp-container-core-columns-is-layout-28f84493 wp-block-columns-is-layout-flex\">\n<div class=\"wp-block-column is-vertically-aligned-center is-layout-flow wp-block-column-is-layout-flow\">\n<figure class=\"wp-block-image aligncenter size-medium is-resized\"><a href=\"https:\/\/docs.google.com\/forms\/d\/e\/1FAIpQLSdJ1P3rmaazs9xzA8xx3JMxKf6aXssZPHfN_DPBOekflWmbvg\/viewform?usp=sf_link\"><img loading=\"lazy\" decoding=\"async\" src=\"https:\/\/www.ssaver.gob.mx\/riesgos-sanitarios\/wp-content\/uploads\/sites\/16\/2022\/10\/Paso1-222x300.png\" alt=\"\" class=\"wp-image-3235\" width=\"246\" height=\"332\" srcset=\"https:\/\/www.ssaver.gob.mx\/riesgos-sanitarios\/wp-content\/uploads\/sites\/16\/2022\/10\/Paso1-222x300.png 222w, https:\/\/www.ssaver.gob.mx\/riesgos-sanitarios\/wp-content\/uploads\/sites\/16\/2022\/10\/Paso1.png 478w\" sizes=\"auto, (max-width: 246px) 100vw, 246px\" \/><\/a><\/figure>\n<\/div>\n\n\n\n<div class=\"wp-block-column is-layout-flow wp-block-column-is-layout-flow\">\n<figure class=\"wp-block-image aligncenter size-medium\"><img loading=\"lazy\" decoding=\"async\" width=\"228\" height=\"300\" src=\"https:\/\/www.ssaver.gob.mx\/riesgos-sanitarios\/wp-content\/uploads\/sites\/16\/2022\/10\/Paso2-228x300.png\" alt=\"\" class=\"wp-image-3236\" srcset=\"https:\/\/www.ssaver.gob.mx\/riesgos-sanitarios\/wp-content\/uploads\/sites\/16\/2022\/10\/Paso2-228x300.png 228w, https:\/\/www.ssaver.gob.mx\/riesgos-sanitarios\/wp-content\/uploads\/sites\/16\/2022\/10\/Paso2.png 455w\" sizes=\"auto, (max-width: 228px) 100vw, 228px\" \/><\/figure>\n<\/div>\n\n\n\n<div class=\"wp-block-column is-vertically-aligned-top is-layout-flow wp-block-column-is-layout-flow\">\n<figure class=\"wp-block-image aligncenter size-medium\"><img loading=\"lazy\" decoding=\"async\" width=\"242\" height=\"300\" src=\"https:\/\/www.ssaver.gob.mx\/riesgos-sanitarios\/wp-content\/uploads\/sites\/16\/2022\/10\/Paso3-242x300.png\" alt=\"\" class=\"wp-image-3237\" srcset=\"https:\/\/www.ssaver.gob.mx\/riesgos-sanitarios\/wp-content\/uploads\/sites\/16\/2022\/10\/Paso3-242x300.png 242w, https:\/\/www.ssaver.gob.mx\/riesgos-sanitarios\/wp-content\/uploads\/sites\/16\/2022\/10\/Paso3.png 605w\" sizes=\"auto, (max-width: 242px) 100vw, 242px\" \/><\/figure>\n<\/div>\n<\/div>\n\n\n\n<div style=\"height:52px\" aria-hidden=\"true\" class=\"wp-block-spacer\"><\/div>\n\n\n\n<p class=\"has-text-color has-background has-medium-font-size\" style=\"color:#7f5e49;background-color:#f2e7cd\"><strong>Videotutorial<\/strong><\/p>\n\n\n\n<div style=\"height:24px\" aria-hidden=\"true\" class=\"wp-block-spacer\"><\/div>\n\n\n\n<figure class=\"wp-block-image aligncenter size-full is-resized\"><a href=\"https:\/\/drive.google.com\/file\/d\/1AxrwfDOPtddZXfvEzKnBaEH5NeHGG34z\/view?usp=sharing\" target=\"_blank\" rel=\"noreferrer noopener\"><img loading=\"lazy\" decoding=\"async\" src=\"https:\/\/www.ssaver.gob.mx\/riesgos-sanitarios\/wp-content\/uploads\/sites\/16\/2022\/10\/play.png\" alt=\"\" class=\"wp-image-3238\" width=\"120\" height=\"120\" \/><\/a><\/figure>\n\n\n\n<p class=\"has-text-align-center has-medium-font-size\"><strong>D\u00e9 clic <a href=\"https:\/\/drive.google.com\/file\/d\/1AxrwfDOPtddZXfvEzKnBaEH5NeHGG34z\/view?usp=sharing\" target=\"_blank\" rel=\"noreferrer noopener\">aqu\u00ed<\/a> para visualizar el videotutorial y realizar la captura de informaci\u00f3n en esta plataforma<\/strong><\/p>\n\n\n\n<div style=\"height:38px\" aria-hidden=\"true\" class=\"wp-block-spacer\"><\/div>\n\n\n\n<hr class=\"wp-block-separator has-text-color has-alpha-channel-opacity has-background is-style-default\" style=\"background-color:#8b0000;color:#8b0000\" \/>\n\n\n\n<p class=\"has-text-align-center\" style=\"font-size:23px\">Conozca m\u00e1s sobre Covid-19 dando clic <a rel=\"noreferrer noopener\" href=\"http:\/\/coronavirus.veracruz.gob.mx\/\" target=\"_blank\">AQU\u00cd<\/a><\/p>\n\n\n\n<hr class=\"wp-block-separator has-text-color has-alpha-channel-opacity has-background is-style-default\" style=\"background-color:#8b0000;color:#8b0000\" \/>\n\n\n\n<div style=\"height:90px\" aria-hidden=\"true\" class=\"wp-block-spacer\"><\/div>\n\n\n\n<p class=\"has-text-color has-background has-medium-font-size\" style=\"color:#7f5e49;background-color:#f2e7cd\"><strong>Contacto<\/strong><\/p>\n\n\n\n<p style=\"font-size:16px\"><strong>Si tiene alguna duda con gusto le atendemos:<\/strong><\/p>\n\n\n\n<p style=\"font-size:17px\"><strong>\u00b7<\/strong> Al <strong>correo electr\u00f3nico<\/strong> reportes.lineamientos@gmail.com env\u00ede nombre del establecimiento, nombre del propietario, RFC, y su mensaje de duda o pregunta. Si ya captur\u00f3 y no le lleg\u00f3 su c\u00f3digo QR agregue al mensaje fecha y hora en que captur\u00f3 en la plataforma.<\/p>\n\n\n\n<p style=\"font-size:17px\"><strong>\u00b7<\/strong> <strong>Tel\u00e9fono<\/strong> 228 842 3000 extensi\u00f3n<strong> 2735<\/strong>.<\/p>\n\n\n\n<p style=\"font-size:17px\"><strong>\u00b7<\/strong> <strong>Horarios de atenci\u00f3n<\/strong> de 8:00 a 14:00 hrs.<\/p>\n\n\n\n<div style=\"height:42px\" aria-hidden=\"true\" class=\"wp-block-spacer\"><\/div>\n\n\n\n<p class=\"has-text-color has-background has-medium-font-size\" style=\"color:#7f5e49;background-color:#f2e7cd\"><strong>C\u00f3digo QR<\/strong><\/p>\n\n\n\n<p style=\"font-size:16px;text-align: justify\"><b>Recibir\u00e1 un correo electr\u00f3nico con el resultado de cumplimiento,<\/b> si es aprobatorio recibir\u00e1 un cartel con c\u00f3digo QR exclusivamente para la instituci\u00f3n educativa de la cual captur\u00f3 informaci\u00f3n. Recibido dicho resultado de cumplimiento podr\u00e1 descargar formato de presentaci\u00f3n con c\u00f3digo QR para su impreso a color, ampliaci\u00f3n opcional y colocaci\u00f3n a la vista de la poblaci\u00f3n.<\/p>\n\n\n\n<figure class=\"wp-block-image aligncenter size-large is-resized\"><img loading=\"lazy\" decoding=\"async\" src=\"https:\/\/www.ssaver.gob.mx\/riesgos-sanitarios\/wp-content\/uploads\/sites\/16\/2022\/07\/QR-muestra-1024x754.png\" alt=\"\" class=\"wp-image-792\" width=\"652\" height=\"480\" srcset=\"https:\/\/www.ssaver.gob.mx\/riesgos-sanitarios\/wp-content\/uploads\/sites\/16\/2022\/07\/QR-muestra-1024x754.png 1024w, https:\/\/www.ssaver.gob.mx\/riesgos-sanitarios\/wp-content\/uploads\/sites\/16\/2022\/07\/QR-muestra-300x221.png 300w, https:\/\/www.ssaver.gob.mx\/riesgos-sanitarios\/wp-content\/uploads\/sites\/16\/2022\/07\/QR-muestra-768x566.png 768w, https:\/\/www.ssaver.gob.mx\/riesgos-sanitarios\/wp-content\/uploads\/sites\/16\/2022\/07\/QR-muestra.png 1207w\" sizes=\"auto, (max-width: 652px) 100vw, 652px\" \/><\/figure>\n\n\n\n<div style=\"height:17px\" aria-hidden=\"true\" class=\"wp-block-spacer\"><\/div>\n\n\n\n<p style=\"font-size:16px;text-align: justify\"><b>En caso de no recibir su cartel con c\u00f3digo QR<\/b> igualmente recibir\u00e1 un correo electr\u00f3nico, el cual le ayudar\u00e1 a observar las partes que tiene que corregir en el protocolo de su instituci\u00f3n educativa. Posteriormente a la correcci\u00f3n de dichos puntos observados, podr\u00e1 realizar de nueva cuenta la captura de informaci\u00f3n en esta misma plataforma directo en el paso n\u00famero 3.<\/p>\n\n\n\n<div style=\"height:51px\" aria-hidden=\"true\" class=\"wp-block-spacer\"><\/div>\n\n\n\n<p class=\"has-text-color has-background has-medium-font-size\" style=\"color:#7f5e49;background-color:#f2e7cd\"><strong>Protocolo<\/strong><\/p>\n\n\n\n<div style=\"height:35px\" aria-hidden=\"true\" class=\"wp-block-spacer\"><\/div>\n\n\n\n<div class=\"wp-block-columns is-layout-flex wp-container-core-columns-is-layout-28f84493 wp-block-columns-is-layout-flex\">\n<div class=\"wp-block-column is-layout-flow wp-block-column-is-layout-flow\"><\/div>\n\n\n\n<div class=\"wp-block-column is-vertically-aligned-center is-layout-flow wp-block-column-is-layout-flow\">\n<figure class=\"wp-block-image aligncenter size-full\"><a href=\"https:\/\/www.ssaver.gob.mx\/riesgos-sanitarios\/wp-content\/uploads\/sites\/16\/2022\/07\/Cuestionario-descargable-escuelas3.pdf\" target=\"_blank\" rel=\"noreferrer noopener\"><img loading=\"lazy\" decoding=\"async\" width=\"124\" height=\"123\" src=\"https:\/\/www.ssaver.gob.mx\/riesgos-sanitarios\/wp-content\/uploads\/sites\/16\/2022\/10\/descarga.png\" alt=\"\" class=\"wp-image-3248\" \/><\/a><\/figure>\n<\/div>\n\n\n\n<div class=\"wp-block-column is-layout-flow wp-block-column-is-layout-flow\">\n<p class=\"has-text-align-center\">\u00bfYa recibi\u00f3 su cartel con c\u00f3digo QR pero quiere&nbsp;<strong>recordar los puntos m\u00e1s importantes del protocolo?<\/strong>, descargue este documento dando clic en la imagen.<\/p>\n<\/div>\n\n\n\n<div class=\"wp-block-column is-layout-flow wp-block-column-is-layout-flow\"><\/div>\n<\/div>\n\n\n\n<div style=\"height:49px\" aria-hidden=\"true\" class=\"wp-block-spacer\"><\/div>\n\n\n\n<hr class=\"wp-block-separator has-alpha-channel-opacity\" \/>\n\n\n\n<div style=\"height:26px\" aria-hidden=\"true\" class=\"wp-block-spacer\"><\/div>\n\n\n<p style=\"font-size: 15px;text-align: justify\">-Los lineamientos y\/o autoevaluaciones disponibles en los formularios a partir de esta p\u00e1gina <strong>no pueden ser alterados o modificados en su contenido, ni exhibirse con el car\u00e1cter de autorizaci\u00f3n sanitaria al p\u00fablico u otra autoridad distinta a SESVER.<\/strong><\/p>\n<p style=\"font-size: 15px;text-align: justify\">-Una vez obtenido el cartel con c\u00f3digo QR, <strong>los protocolos vistos en esta autoevaluaci\u00f3n deber\u00e1n cumplirse de manera permanente en la escuela<\/strong>.<\/p>\n<p style=\"font-size: 15px;text-align: justify\">&#8211;<strong>Introducir informaci\u00f3n falsa en las autoevaluaciones<\/strong> puede generar sanciones administrativas por la autoridad sanitaria, sin perjuicio de las penas que pudieran ser constitutivas de delitos.<\/p>\n\n\n<div style=\"height:26px\" aria-hidden=\"true\" class=\"wp-block-spacer\"><\/div>\n\n\n\n<hr class=\"wp-block-separator has-alpha-channel-opacity\" \/>\n\n\n\n<div style=\"height:26px\" aria-hidden=\"true\" class=\"wp-block-spacer\"><\/div>\n\n\n\n<p style=\"font-size:13px;text-align: justify\"><i>Los lineamientos presentes, derivan de la <b>estrategia de integraci\u00f3n intersectorial SS, SESVER, STPSS, SEDECOP, SECTUR, SEDEMA Y PC<\/b> para la implementaci\u00f3n del \u201cProtocolo de seguridad sanitaria para el control de COVID-19 en el estado de Veracruz\u201d, en seguimiento, a: ACUERDO SS por el que se establece una estrategia para la reapertura de actividades sociales, educativas y econ\u00f3micas, as\u00ed como un sistema de sem\u00e1foro por regiones para evaluar semanalmente el riesgo epidemiol\u00f3gico relacionado con la reapertura de actividades en cada entidad federativa, as\u00ed como se establecen acciones extraordinarias, DOF 14\/05\/2020, mismo que fue modificado mediante DIVERSO publicado el 15\/05\/2020 y ACUERDO por el que se establecen los Lineamientos T\u00e9cnicos Espec\u00edficos para la Reapertura de las Actividades Econ\u00f3micas, DOF 29\/05\/2020 con el objeto de lograr un mayor impacto y control de COVID-19 en la NUEVA NORMALIDAD del Estado de Veracruz.<\/i><\/p>\n\n\n\n<div style=\"height:21px\" aria-hidden=\"true\" class=\"wp-block-spacer\"><\/div>\n\n\n\n<figure class=\"wp-block-image aligncenter size-large is-resized\"><img loading=\"lazy\" decoding=\"async\" src=\"https:\/\/www.ssaver.gob.mx\/riesgos-sanitarios\/wp-content\/uploads\/sites\/16\/2022\/07\/logos-dependencias2-1024x129.png\" alt=\"\" class=\"wp-image-991\" width=\"948\" height=\"119\" srcset=\"https:\/\/www.ssaver.gob.mx\/riesgos-sanitarios\/wp-content\/uploads\/sites\/16\/2022\/07\/logos-dependencias2-1024x129.png 1024w, https:\/\/www.ssaver.gob.mx\/riesgos-sanitarios\/wp-content\/uploads\/sites\/16\/2022\/07\/logos-dependencias2-300x38.png 300w, https:\/\/www.ssaver.gob.mx\/riesgos-sanitarios\/wp-content\/uploads\/sites\/16\/2022\/07\/logos-dependencias2-768x96.png 768w, https:\/\/www.ssaver.gob.mx\/riesgos-sanitarios\/wp-content\/uploads\/sites\/16\/2022\/07\/logos-dependencias2-1536x193.png 1536w, https:\/\/www.ssaver.gob.mx\/riesgos-sanitarios\/wp-content\/uploads\/sites\/16\/2022\/07\/logos-dependencias2-2048x257.png 2048w\" sizes=\"auto, (max-width: 948px) 100vw, 948px\" \/><\/figure>\n\n\n\n<div style=\"height:21px\" aria-hidden=\"true\" class=\"wp-block-spacer\"><\/div>\n\n\n\n<p style=\"font-size:12px;text-align: justify\"><b>Fundamento jur\u00eddico:<\/b> Constituci\u00f3n Pol\u00edtica de los Estados Unidos Mexicanos; Ley General de Salud y sus Reglamentos; Normas Oficiales Mexicanas; Constituci\u00f3n Pol\u00edtica del Estado de Veracruz de Ignacio de la Llave y Ley de Salud del Estado de Veracruz de Ignacio de la Llave y sus correlativos aplicables; decretos, acuerdos y lineamientos t\u00e9cnicos emitidos por la Autoridad Sanitaria Federal y Estatal.<\/p>\n\n\n\n<p style=\"font-size:12px;text-align: justify\"><b>Referencias:<\/b> Organizaci\u00f3n Mundial de la Salud (OMS), Organizaci\u00f3n Panamericana de la Salud (OPS), Secretar\u00eda de Salud (SS), Comisi\u00f3n Federal de Protecci\u00f3n contra Riesgos Sanitarios (COFEPRIS), Servicios de Salud de Veracruz (SESVER), Direcci\u00f3n de Protecci\u00f3n contra Riesgos Sanitarios (DPRS), Diario Oficial de la Federaci\u00f3n (DOF) y Gaceta Oficial del Estado de Veracruz de Ignacio de la Llave (GOE).<\/p>\n\n\n\n<p style=\"font-size:12px;text-align: justify\"><b>Aviso de Privacidad:<\/b> Integral de propietarios (persona f\u00edsica o persona moral), representantes legales, responsables sanitarios y testigos de establecimientos, productos y servicios sujetos a Vigilancia Sanitaria. La Secretar\u00eda de Salud de Veracruz, es el responsable del tratamiento de los datos personales que nos proporcione. Los datos personales que recabamos de usted, los utilizaremos para las siguientes finalidades: a) contar con un padr\u00f3n de establecimientos, b) elaborar estad\u00edsticas, c) an\u00e1lisis de riesgos, d) Vigilancia Sanitaria, e) seguimiento de procedimientos y f) proyectos gubernamentales. Del mismo modo se informa que no se utilizan sus datos personales para finalidades adicionales. Para mayor informaci\u00f3n acerca del tratamiento y de los derechos que puede hacer vale, usted puede acceder al aviso de privacidad integral a trav\u00e9s de la direcci\u00f3n electr\u00f3nica:<\/p>\n\n\n\n<p class=\"has-text-align-center has-background\" style=\"background-color:#abb7c22e\"><strong><em>Todo acto y\/o tr\u00e1mite&nbsp;es gratuito.<\/em> <\/strong><br><em>Material elaborado en cumplimiento a la estrategia nacional de&nbsp;buen gobierno en el sistema&nbsp;federal sanitario<\/em><\/p>\n","protected":false},"excerpt":{"rendered":"<p>Lineamientos del Protocolo para la prevenci\u00f3n y control de Covid-19 en el estado de Veracruz DERIVADO DEL ACUERDO QUE ABROGA<\/p>\n","protected":false},"author":17,"featured_media":0,"parent":0,"menu_order":0,"comment_status":"closed","ping_status":"closed","template":"","meta":{"colormag_page_container_layout":"default_layout","colormag_page_sidebar_layout":"default_layout","footnotes":""},"class_list":["post-714","page","type-page","status-publish","hentry"],"_links":{"self":[{"href":"https:\/\/www.ssaver.gob.mx\/riesgos-sanitarios\/wp-json\/wp\/v2\/pages\/714","targetHints":{"allow":["GET"]}}],"collection":[{"href":"https:\/\/www.ssaver.gob.mx\/riesgos-sanitarios\/wp-json\/wp\/v2\/pages"}],"about":[{"href":"https:\/\/www.ssaver.gob.mx\/riesgos-sanitarios\/wp-json\/wp\/v2\/types\/page"}],"author":[{"embeddable":true,"href":"https:\/\/www.ssaver.gob.mx\/riesgos-sanitarios\/wp-json\/wp\/v2\/users\/17"}],"replies":[{"embeddable":true,"href":"https:\/\/www.ssaver.gob.mx\/riesgos-sanitarios\/wp-json\/wp\/v2\/comments?post=714"}],"version-history":[{"count":250,"href":"https:\/\/www.ssaver.gob.mx\/riesgos-sanitarios\/wp-json\/wp\/v2\/pages\/714\/revisions"}],"predecessor-version":[{"id":4134,"href":"https:\/\/www.ssaver.gob.mx\/riesgos-sanitarios\/wp-json\/wp\/v2\/pages\/714\/revisions\/4134"}],"wp:attachment":[{"href":"https:\/\/www.ssaver.gob.mx\/riesgos-sanitarios\/wp-json\/wp\/v2\/media?parent=714"}],"curies":[{"name":"wp","href":"https:\/\/api.w.org\/{rel}","templated":true}]}}