{"id":1186,"date":"2025-03-14T10:24:49","date_gmt":"2025-03-14T16:24:49","guid":{"rendered":"https:\/\/www.ssaver.gob.mx\/salud-publica\/?page_id=1186"},"modified":"2026-03-27T10:55:17","modified_gmt":"2026-03-27T16:55:17","slug":"proximamente","status":"publish","type":"page","link":"https:\/\/www.ssaver.gob.mx\/salud-publica\/proximamente\/","title":{"rendered":"Temporada de Calor 2025"},"content":{"rendered":"\n<div class=\"wp-block-group is-layout-constrained wp-container-core-group-is-layout-9517baca wp-block-group-is-layout-constrained\">\n<div class=\"wp-block-columns is-layout-flex wp-container-core-columns-is-layout-28f84493 wp-block-columns-is-layout-flex\">\n<div class=\"wp-block-column is-layout-flow wp-block-column-is-layout-flow\" style=\"flex-basis:100%\">\n<figure class=\"wp-block-image aligncenter size-large\"><img loading=\"lazy\" decoding=\"async\" width=\"1024\" height=\"512\" src=\"https:\/\/www.ssaver.gob.mx\/salud-publica\/wp-content\/uploads\/sites\/42\/2025\/03\/CARATULAS-DE-SLIDER-MICROSITIO-2025-1024x512.jpg\" alt=\"\" class=\"wp-image-1223\" srcset=\"https:\/\/www.ssaver.gob.mx\/salud-publica\/wp-content\/uploads\/sites\/42\/2025\/03\/CARATULAS-DE-SLIDER-MICROSITIO-2025-1024x512.jpg 1024w, https:\/\/www.ssaver.gob.mx\/salud-publica\/wp-content\/uploads\/sites\/42\/2025\/03\/CARATULAS-DE-SLIDER-MICROSITIO-2025-300x150.jpg 300w, https:\/\/www.ssaver.gob.mx\/salud-publica\/wp-content\/uploads\/sites\/42\/2025\/03\/CARATULAS-DE-SLIDER-MICROSITIO-2025-768x384.jpg 768w, https:\/\/www.ssaver.gob.mx\/salud-publica\/wp-content\/uploads\/sites\/42\/2025\/03\/CARATULAS-DE-SLIDER-MICROSITIO-2025.jpg 1200w\" sizes=\"auto, (max-width: 1024px) 100vw, 1024px\" \/><\/figure>\n\n\n\n<hr class=\"wp-block-separator has-text-color has-alpha-channel-opacity has-background is-style-wide\" style=\"background-color:#801338;color:#801338\" \/>\n\n\n\n<p class=\"has-text-align-center has-text-color has-link-color has-x-large-font-size wp-elements-a20f59d65abf35505caab745e871d024\" style=\"color:#be8a45\"><strong>\u00a1Cu\u00eddate de los golpes de calor!<\/strong><\/p>\n\n\n\n<figure class=\"wp-block-video aligncenter\"><video height=\"1080\" style=\"aspect-ratio: 1920 \/ 1080;\" width=\"1920\" controls src=\"https:\/\/www.ssaver.gob.mx\/salud-publica\/wp-content\/uploads\/sites\/42\/2025\/03\/Temporada-de-calor_golpe-de-calor.mp4\"><\/video><\/figure>\n\n\n\n<hr class=\"wp-block-separator has-text-color has-alpha-channel-opacity has-background is-style-wide\" style=\"background-color:#801338;color:#801338\" \/>\n\n\n\n<div class=\"wp-block-columns is-layout-flex wp-container-core-columns-is-layout-28f84493 wp-block-columns-is-layout-flex\">\n<div class=\"wp-block-column is-layout-flow wp-block-column-is-layout-flow\" style=\"flex-basis:44%\">\n<p class=\"has-text-align-left has-text-color has-link-color has-medium-font-size wp-elements-2ff98fed0c8eed6aad1b34c4a285a9ff\" style=\"color:#be8a45\"><strong>\u00bfQu\u00e9 es un golpe de calor?<\/strong><\/p>\n\n\n\n<p class=\"has-medium-font-size\">Un <strong>golpe de calor<\/strong> es una condici\u00f3n grave causada por la exposici\u00f3n prolongada a altas temperaturas, especialmente si hay poca hidrataci\u00f3n y ventilaci\u00f3n. Ocurre cuando el cuerpo no puede regular su temperatura y esta supera los <strong>40\u00b0C<\/strong>, lo que puede da\u00f1ar \u00f3rganos vitales.<\/p>\n\n\n\n<h3 class=\"wp-block-heading has-text-color has-link-color has-medium-font-size wp-elements-b99dad793b910dcfd77087efce0da168\" style=\"color:#be8a45\"><strong>C\u00f3mo actuar ante un golpe de calor:<\/strong><\/h3>\n\n\n\n<ol class=\"wp-block-list\">\n<li class=\"has-medium-font-size\"><strong>Llevar a la persona a un lugar fresco y ventilado.<\/strong><\/li>\n\n\n\n<li class=\"has-medium-font-size\"><strong>Enfriar el cuerpo<\/strong> con pa\u00f1os h\u00famedos, ventiladores o sumergi\u00e9ndolo en agua fr\u00eda.<\/li>\n\n\n\n<li class=\"has-medium-font-size\"><strong>Hidratar<\/strong> con agua fresca (si la persona est\u00e1 consciente).<\/li>\n\n\n\n<li class=\"has-medium-font-size\"><strong>Llamar a emergencias<\/strong> si hay p\u00e9rdida de conocimiento o s\u00edntomas graves.<\/li>\n<\/ol>\n<\/div>\n\n\n\n<div class=\"wp-block-column is-layout-flow wp-block-column-is-layout-flow\" style=\"flex-basis:66.66%\">\n<figure class=\"wp-block-image size-large\"><img loading=\"lazy\" decoding=\"async\" width=\"736\" height=\"1024\" src=\"https:\/\/www.ssaver.gob.mx\/salud-publica\/wp-content\/uploads\/sites\/42\/2025\/03\/cartel-senales-golpeCalor_page-0001-736x1024.jpg\" alt=\"\" class=\"wp-image-1252\" srcset=\"https:\/\/www.ssaver.gob.mx\/salud-publica\/wp-content\/uploads\/sites\/42\/2025\/03\/cartel-senales-golpeCalor_page-0001-736x1024.jpg 736w, https:\/\/www.ssaver.gob.mx\/salud-publica\/wp-content\/uploads\/sites\/42\/2025\/03\/cartel-senales-golpeCalor_page-0001-216x300.jpg 216w, https:\/\/www.ssaver.gob.mx\/salud-publica\/wp-content\/uploads\/sites\/42\/2025\/03\/cartel-senales-golpeCalor_page-0001-768x1068.jpg 768w, https:\/\/www.ssaver.gob.mx\/salud-publica\/wp-content\/uploads\/sites\/42\/2025\/03\/cartel-senales-golpeCalor_page-0001-1104x1536.jpg 1104w, https:\/\/www.ssaver.gob.mx\/salud-publica\/wp-content\/uploads\/sites\/42\/2025\/03\/cartel-senales-golpeCalor_page-0001-1473x2048.jpg 1473w, https:\/\/www.ssaver.gob.mx\/salud-publica\/wp-content\/uploads\/sites\/42\/2025\/03\/cartel-senales-golpeCalor_page-0001-scaled.jpg 1841w\" sizes=\"auto, (max-width: 736px) 100vw, 736px\" \/><\/figure>\n<\/div>\n<\/div>\n\n\n\n<hr class=\"wp-block-separator has-text-color has-alpha-channel-opacity has-background is-style-wide\" style=\"background-color:#801338;color:#801338\" \/>\n\n\n\n<figure class=\"wp-block-video\"><video height=\"1080\" style=\"aspect-ratio: 1920 \/ 1080;\" width=\"1920\" controls src=\"https:\/\/www.ssaver.gob.mx\/salud-publica\/wp-content\/uploads\/sites\/42\/2025\/03\/temporada-de-calor_vida-suero-oral.mp4\"><\/video><\/figure>\n\n\n\n<hr class=\"wp-block-separator has-text-color has-alpha-channel-opacity has-background is-style-wide\" style=\"background-color:#801338;color:#801338\" \/>\n\n\n\n<figure class=\"wp-block-image aligncenter size-large is-resized\"><img loading=\"lazy\" decoding=\"async\" width=\"663\" height=\"1024\" src=\"https:\/\/www.ssaver.gob.mx\/salud-publica\/wp-content\/uploads\/sites\/42\/2025\/03\/cartel-Que-onda-con-el-calor_page-0001-663x1024.jpg\" alt=\"\" class=\"wp-image-1255\" style=\"width:731px;height:auto\" srcset=\"https:\/\/www.ssaver.gob.mx\/salud-publica\/wp-content\/uploads\/sites\/42\/2025\/03\/cartel-Que-onda-con-el-calor_page-0001-663x1024.jpg 663w, https:\/\/www.ssaver.gob.mx\/salud-publica\/wp-content\/uploads\/sites\/42\/2025\/03\/cartel-Que-onda-con-el-calor_page-0001-194x300.jpg 194w, https:\/\/www.ssaver.gob.mx\/salud-publica\/wp-content\/uploads\/sites\/42\/2025\/03\/cartel-Que-onda-con-el-calor_page-0001-768x1187.jpg 768w, https:\/\/www.ssaver.gob.mx\/salud-publica\/wp-content\/uploads\/sites\/42\/2025\/03\/cartel-Que-onda-con-el-calor_page-0001-994x1536.jpg 994w, https:\/\/www.ssaver.gob.mx\/salud-publica\/wp-content\/uploads\/sites\/42\/2025\/03\/cartel-Que-onda-con-el-calor_page-0001-1325x2048.jpg 1325w, https:\/\/www.ssaver.gob.mx\/salud-publica\/wp-content\/uploads\/sites\/42\/2025\/03\/cartel-Que-onda-con-el-calor_page-0001-scaled.jpg 1657w\" sizes=\"auto, (max-width: 663px) 100vw, 663px\" \/><\/figure>\n\n\n\n<hr class=\"wp-block-separator has-text-color has-alpha-channel-opacity has-background is-style-wide\" style=\"background-color:#801338;color:#801338\" \/>\n\n\n\n<figure class=\"wp-block-video\"><video height=\"1080\" style=\"aspect-ratio: 1920 \/ 1080;\" width=\"1920\" controls src=\"https:\/\/www.ssaver.gob.mx\/salud-publica\/wp-content\/uploads\/sites\/42\/2025\/03\/Temporada-de-calor_2025_alimentacion.mp4\"><\/video><\/figure>\n\n\n\n<hr class=\"wp-block-separator has-text-color has-alpha-channel-opacity has-background is-style-wide\" style=\"background-color:#801338;color:#801338\" \/>\n\n\n\n<figure class=\"wp-block-image aligncenter size-large is-resized\"><img loading=\"lazy\" decoding=\"async\" width=\"791\" height=\"1024\" src=\"https:\/\/www.ssaver.gob.mx\/salud-publica\/wp-content\/uploads\/sites\/42\/2025\/03\/carteles-vacacionesSS_pages-to-jpg-0001-1-791x1024.jpg\" alt=\"\" class=\"wp-image-1265\" style=\"width:787px;height:auto\" srcset=\"https:\/\/www.ssaver.gob.mx\/salud-publica\/wp-content\/uploads\/sites\/42\/2025\/03\/carteles-vacacionesSS_pages-to-jpg-0001-1-791x1024.jpg 791w, https:\/\/www.ssaver.gob.mx\/salud-publica\/wp-content\/uploads\/sites\/42\/2025\/03\/carteles-vacacionesSS_pages-to-jpg-0001-1-232x300.jpg 232w, https:\/\/www.ssaver.gob.mx\/salud-publica\/wp-content\/uploads\/sites\/42\/2025\/03\/carteles-vacacionesSS_pages-to-jpg-0001-1-768x994.jpg 768w, https:\/\/www.ssaver.gob.mx\/salud-publica\/wp-content\/uploads\/sites\/42\/2025\/03\/carteles-vacacionesSS_pages-to-jpg-0001-1-1187x1536.jpg 1187w, https:\/\/www.ssaver.gob.mx\/salud-publica\/wp-content\/uploads\/sites\/42\/2025\/03\/carteles-vacacionesSS_pages-to-jpg-0001-1-1583x2048.jpg 1583w, https:\/\/www.ssaver.gob.mx\/salud-publica\/wp-content\/uploads\/sites\/42\/2025\/03\/carteles-vacacionesSS_pages-to-jpg-0001-1-scaled.jpg 1978w\" sizes=\"auto, (max-width: 791px) 100vw, 791px\" \/><\/figure>\n\n\n\n<figure class=\"wp-block-image aligncenter size-large is-resized\"><img loading=\"lazy\" decoding=\"async\" width=\"791\" height=\"1024\" src=\"https:\/\/www.ssaver.gob.mx\/salud-publica\/wp-content\/uploads\/sites\/42\/2025\/03\/carteles-vacacionesSS_pages-to-jpg-0002-791x1024.jpg\" alt=\"\" class=\"wp-image-1266\" style=\"width:788px;height:auto\" srcset=\"https:\/\/www.ssaver.gob.mx\/salud-publica\/wp-content\/uploads\/sites\/42\/2025\/03\/carteles-vacacionesSS_pages-to-jpg-0002-791x1024.jpg 791w, https:\/\/www.ssaver.gob.mx\/salud-publica\/wp-content\/uploads\/sites\/42\/2025\/03\/carteles-vacacionesSS_pages-to-jpg-0002-232x300.jpg 232w, https:\/\/www.ssaver.gob.mx\/salud-publica\/wp-content\/uploads\/sites\/42\/2025\/03\/carteles-vacacionesSS_pages-to-jpg-0002-768x994.jpg 768w, https:\/\/www.ssaver.gob.mx\/salud-publica\/wp-content\/uploads\/sites\/42\/2025\/03\/carteles-vacacionesSS_pages-to-jpg-0002-1187x1536.jpg 1187w, https:\/\/www.ssaver.gob.mx\/salud-publica\/wp-content\/uploads\/sites\/42\/2025\/03\/carteles-vacacionesSS_pages-to-jpg-0002-1583x2048.jpg 1583w, https:\/\/www.ssaver.gob.mx\/salud-publica\/wp-content\/uploads\/sites\/42\/2025\/03\/carteles-vacacionesSS_pages-to-jpg-0002-scaled.jpg 1978w\" sizes=\"auto, (max-width: 791px) 100vw, 791px\" \/><\/figure>\n\n\n\n<hr class=\"wp-block-separator has-text-color has-alpha-channel-opacity has-background is-style-wide\" style=\"background-color:#801338;color:#801338\" \/>\n\n\n\n<figure class=\"wp-block-image aligncenter size-large is-resized\"><img loading=\"lazy\" decoding=\"async\" width=\"1024\" height=\"930\" src=\"https:\/\/www.ssaver.gob.mx\/salud-publica\/wp-content\/uploads\/sites\/42\/2025\/03\/Temporada-de-calor-2025-logo-edit_Mesa-de-trabajo-1-1024x930.jpg\" alt=\"\" class=\"wp-image-1267\" style=\"width:504px;height:auto\" srcset=\"https:\/\/www.ssaver.gob.mx\/salud-publica\/wp-content\/uploads\/sites\/42\/2025\/03\/Temporada-de-calor-2025-logo-edit_Mesa-de-trabajo-1-1024x930.jpg 1024w, https:\/\/www.ssaver.gob.mx\/salud-publica\/wp-content\/uploads\/sites\/42\/2025\/03\/Temporada-de-calor-2025-logo-edit_Mesa-de-trabajo-1-300x272.jpg 300w, https:\/\/www.ssaver.gob.mx\/salud-publica\/wp-content\/uploads\/sites\/42\/2025\/03\/Temporada-de-calor-2025-logo-edit_Mesa-de-trabajo-1-768x697.jpg 768w, https:\/\/www.ssaver.gob.mx\/salud-publica\/wp-content\/uploads\/sites\/42\/2025\/03\/Temporada-de-calor-2025-logo-edit_Mesa-de-trabajo-1-1536x1394.jpg 1536w, https:\/\/www.ssaver.gob.mx\/salud-publica\/wp-content\/uploads\/sites\/42\/2025\/03\/Temporada-de-calor-2025-logo-edit_Mesa-de-trabajo-1-2048x1859.jpg 2048w\" sizes=\"auto, (max-width: 1024px) 100vw, 1024px\" \/><\/figure>\n<\/div>\n<\/div>\n<\/div>\n","protected":false},"excerpt":{"rendered":"<p>\u00a1Cu\u00eddate de los golpes de calor! \u00bfQu\u00e9 es un golpe de calor? Un golpe de calor es una condici\u00f3n grave<\/p>\n","protected":false},"author":64,"featured_media":0,"parent":0,"menu_order":0,"comment_status":"closed","ping_status":"closed","template":"","meta":{"colormag_page_container_layout":"default_layout","colormag_page_sidebar_layout":"default_layout","footnotes":""},"class_list":["post-1186","page","type-page","status-publish","hentry"],"_links":{"self":[{"href":"https:\/\/www.ssaver.gob.mx\/salud-publica\/wp-json\/wp\/v2\/pages\/1186","targetHints":{"allow":["GET"]}}],"collection":[{"href":"https:\/\/www.ssaver.gob.mx\/salud-publica\/wp-json\/wp\/v2\/pages"}],"about":[{"href":"https:\/\/www.ssaver.gob.mx\/salud-publica\/wp-json\/wp\/v2\/types\/page"}],"author":[{"embeddable":true,"href":"https:\/\/www.ssaver.gob.mx\/salud-publica\/wp-json\/wp\/v2\/users\/64"}],"replies":[{"embeddable":true,"href":"https:\/\/www.ssaver.gob.mx\/salud-publica\/wp-json\/wp\/v2\/comments?post=1186"}],"version-history":[{"count":13,"href":"https:\/\/www.ssaver.gob.mx\/salud-publica\/wp-json\/wp\/v2\/pages\/1186\/revisions"}],"predecessor-version":[{"id":1750,"href":"https:\/\/www.ssaver.gob.mx\/salud-publica\/wp-json\/wp\/v2\/pages\/1186\/revisions\/1750"}],"wp:attachment":[{"href":"https:\/\/www.ssaver.gob.mx\/salud-publica\/wp-json\/wp\/v2\/media?parent=1186"}],"curies":[{"name":"wp","href":"https:\/\/api.w.org\/{rel}","templated":true}]}}

<div class="wp-block-group is-layout-constrained wp-container-core-group-is-layout-9517baca wp-block-group-is-layout-constrained">
<div class="wp-block-columns is-layout-flex wp-container-core-columns-is-layout-28f84493 wp-block-columns-is-layout-flex">
<div class="wp-block-column is-layout-flow wp-block-column-is-layout-flow" style="flex-basis:100%">
<figure class="wp-block-image aligncenter size-large"><img loading="lazy" decoding="async" width="1024" height="512" src="https://www.ssaver.gob.mx/salud-publica/wp-content/uploads/sites/42/2025/03/CARATULAS-DE-SLIDER-MICROSITIO-2025-1024x512.jpg" alt="" class="wp-image-1223" srcset="https://www.ssaver.gob.mx/salud-publica/wp-content/uploads/sites/42/2025/03/CARATULAS-DE-SLIDER-MICROSITIO-2025-1024x512.jpg 1024w, https://www.ssaver.gob.mx/salud-publica/wp-content/uploads/sites/42/2025/03/CARATULAS-DE-SLIDER-MICROSITIO-2025-300x150.jpg 300w, https://www.ssaver.gob.mx/salud-publica/wp-content/uploads/sites/42/2025/03/CARATULAS-DE-SLIDER-MICROSITIO-2025-768x384.jpg 768w, https://www.ssaver.gob.mx/salud-publica/wp-content/uploads/sites/42/2025/03/CARATULAS-DE-SLIDER-MICROSITIO-2025.jpg 1200w" sizes="auto, (max-width: 1024px) 100vw, 1024px" /></figure>



<hr class="wp-block-separator has-text-color has-alpha-channel-opacity has-background is-style-wide" style="background-color:#801338;color:#801338" />



<p class="has-text-align-center has-text-color has-link-color has-x-large-font-size wp-elements-a20f59d65abf35505caab745e871d024" style="color:#be8a45"><strong>¡Cuídate de los golpes de calor!</strong></p>



<figure class="wp-block-video aligncenter"><video height="1080" style="aspect-ratio: 1920 / 1080;" width="1920" controls src="https://www.ssaver.gob.mx/salud-publica/wp-content/uploads/sites/42/2025/03/Temporada-de-calor_golpe-de-calor.mp4"></video></figure>



<hr class="wp-block-separator has-text-color has-alpha-channel-opacity has-background is-style-wide" style="background-color:#801338;color:#801338" />



<div class="wp-block-columns is-layout-flex wp-container-core-columns-is-layout-28f84493 wp-block-columns-is-layout-flex">
<div class="wp-block-column is-layout-flow wp-block-column-is-layout-flow" style="flex-basis:44%">
<p class="has-text-align-left has-text-color has-link-color has-medium-font-size wp-elements-2ff98fed0c8eed6aad1b34c4a285a9ff" style="color:#be8a45"><strong>¿Qué es un golpe de calor?</strong></p>



<p class="has-medium-font-size">Un <strong>golpe de calor</strong> es una condición grave causada por la exposición prolongada a altas temperaturas, especialmente si hay poca hidratación y ventilación. Ocurre cuando el cuerpo no puede regular su temperatura y esta supera los <strong>40°C</strong>, lo que puede dañar órganos vitales.</p>



<h3 class="wp-block-heading has-text-color has-link-color has-medium-font-size wp-elements-b99dad793b910dcfd77087efce0da168" style="color:#be8a45"><strong>Cómo actuar ante un golpe de calor:</strong></h3>



<ol class="wp-block-list">
<li class="has-medium-font-size"><strong>Llevar a la persona a un lugar fresco y ventilado.</strong></li>



<li class="has-medium-font-size"><strong>Enfriar el cuerpo</strong> con paños húmedos, ventiladores o sumergiéndolo en agua fría.</li>



<li class="has-medium-font-size"><strong>Hidratar</strong> con agua fresca (si la persona está consciente).</li>



<li class="has-medium-font-size"><strong>Llamar a emergencias</strong> si hay pérdida de conocimiento o síntomas graves.</li>
</ol>
</div>



<div class="wp-block-column is-layout-flow wp-block-column-is-layout-flow" style="flex-basis:66.66%">
<figure class="wp-block-image size-large"><img loading="lazy" decoding="async" width="736" height="1024" src="https://www.ssaver.gob.mx/salud-publica/wp-content/uploads/sites/42/2025/03/cartel-senales-golpeCalor_page-0001-736x1024.jpg" alt="" class="wp-image-1252" srcset="https://www.ssaver.gob.mx/salud-publica/wp-content/uploads/sites/42/2025/03/cartel-senales-golpeCalor_page-0001-736x1024.jpg 736w, https://www.ssaver.gob.mx/salud-publica/wp-content/uploads/sites/42/2025/03/cartel-senales-golpeCalor_page-0001-216x300.jpg 216w, https://www.ssaver.gob.mx/salud-publica/wp-content/uploads/sites/42/2025/03/cartel-senales-golpeCalor_page-0001-768x1068.jpg 768w, https://www.ssaver.gob.mx/salud-publica/wp-content/uploads/sites/42/2025/03/cartel-senales-golpeCalor_page-0001-1104x1536.jpg 1104w, https://www.ssaver.gob.mx/salud-publica/wp-content/uploads/sites/42/2025/03/cartel-senales-golpeCalor_page-0001-1473x2048.jpg 1473w, https://www.ssaver.gob.mx/salud-publica/wp-content/uploads/sites/42/2025/03/cartel-senales-golpeCalor_page-0001-scaled.jpg 1841w" sizes="auto, (max-width: 736px) 100vw, 736px" /></figure>
</div>
</div>



<hr class="wp-block-separator has-text-color has-alpha-channel-opacity has-background is-style-wide" style="background-color:#801338;color:#801338" />



<figure class="wp-block-video"><video height="1080" style="aspect-ratio: 1920 / 1080;" width="1920" controls src="https://www.ssaver.gob.mx/salud-publica/wp-content/uploads/sites/42/2025/03/temporada-de-calor_vida-suero-oral.mp4"></video></figure>



<hr class="wp-block-separator has-text-color has-alpha-channel-opacity has-background is-style-wide" style="background-color:#801338;color:#801338" />



<figure class="wp-block-image aligncenter size-large is-resized"><img loading="lazy" decoding="async" width="663" height="1024" src="https://www.ssaver.gob.mx/salud-publica/wp-content/uploads/sites/42/2025/03/cartel-Que-onda-con-el-calor_page-0001-663x1024.jpg" alt="" class="wp-image-1255" style="width:731px;height:auto" srcset="https://www.ssaver.gob.mx/salud-publica/wp-content/uploads/sites/42/2025/03/cartel-Que-onda-con-el-calor_page-0001-663x1024.jpg 663w, https://www.ssaver.gob.mx/salud-publica/wp-content/uploads/sites/42/2025/03/cartel-Que-onda-con-el-calor_page-0001-194x300.jpg 194w, https://www.ssaver.gob.mx/salud-publica/wp-content/uploads/sites/42/2025/03/cartel-Que-onda-con-el-calor_page-0001-768x1187.jpg 768w, https://www.ssaver.gob.mx/salud-publica/wp-content/uploads/sites/42/2025/03/cartel-Que-onda-con-el-calor_page-0001-994x1536.jpg 994w, https://www.ssaver.gob.mx/salud-publica/wp-content/uploads/sites/42/2025/03/cartel-Que-onda-con-el-calor_page-0001-1325x2048.jpg 1325w, https://www.ssaver.gob.mx/salud-publica/wp-content/uploads/sites/42/2025/03/cartel-Que-onda-con-el-calor_page-0001-scaled.jpg 1657w" sizes="auto, (max-width: 663px) 100vw, 663px" /></figure>



<hr class="wp-block-separator has-text-color has-alpha-channel-opacity has-background is-style-wide" style="background-color:#801338;color:#801338" />



<figure class="wp-block-video"><video height="1080" style="aspect-ratio: 1920 / 1080;" width="1920" controls src="https://www.ssaver.gob.mx/salud-publica/wp-content/uploads/sites/42/2025/03/Temporada-de-calor_2025_alimentacion.mp4"></video></figure>



<hr class="wp-block-separator has-text-color has-alpha-channel-opacity has-background is-style-wide" style="background-color:#801338;color:#801338" />



<figure class="wp-block-image aligncenter size-large is-resized"><img loading="lazy" decoding="async" width="791" height="1024" src="https://www.ssaver.gob.mx/salud-publica/wp-content/uploads/sites/42/2025/03/carteles-vacacionesSS_pages-to-jpg-0001-1-791x1024.jpg" alt="" class="wp-image-1265" style="width:787px;height:auto" srcset="https://www.ssaver.gob.mx/salud-publica/wp-content/uploads/sites/42/2025/03/carteles-vacacionesSS_pages-to-jpg-0001-1-791x1024.jpg 791w, https://www.ssaver.gob.mx/salud-publica/wp-content/uploads/sites/42/2025/03/carteles-vacacionesSS_pages-to-jpg-0001-1-232x300.jpg 232w, https://www.ssaver.gob.mx/salud-publica/wp-content/uploads/sites/42/2025/03/carteles-vacacionesSS_pages-to-jpg-0001-1-768x994.jpg 768w, https://www.ssaver.gob.mx/salud-publica/wp-content/uploads/sites/42/2025/03/carteles-vacacionesSS_pages-to-jpg-0001-1-1187x1536.jpg 1187w, https://www.ssaver.gob.mx/salud-publica/wp-content/uploads/sites/42/2025/03/carteles-vacacionesSS_pages-to-jpg-0001-1-1583x2048.jpg 1583w, https://www.ssaver.gob.mx/salud-publica/wp-content/uploads/sites/42/2025/03/carteles-vacacionesSS_pages-to-jpg-0001-1-scaled.jpg 1978w" sizes="auto, (max-width: 791px) 100vw, 791px" /></figure>



<figure class="wp-block-image aligncenter size-large is-resized"><img loading="lazy" decoding="async" width="791" height="1024" src="https://www.ssaver.gob.mx/salud-publica/wp-content/uploads/sites/42/2025/03/carteles-vacacionesSS_pages-to-jpg-0002-791x1024.jpg" alt="" class="wp-image-1266" style="width:788px;height:auto" srcset="https://www.ssaver.gob.mx/salud-publica/wp-content/uploads/sites/42/2025/03/carteles-vacacionesSS_pages-to-jpg-0002-791x1024.jpg 791w, https://www.ssaver.gob.mx/salud-publica/wp-content/uploads/sites/42/2025/03/carteles-vacacionesSS_pages-to-jpg-0002-232x300.jpg 232w, https://www.ssaver.gob.mx/salud-publica/wp-content/uploads/sites/42/2025/03/carteles-vacacionesSS_pages-to-jpg-0002-768x994.jpg 768w, https://www.ssaver.gob.mx/salud-publica/wp-content/uploads/sites/42/2025/03/carteles-vacacionesSS_pages-to-jpg-0002-1187x1536.jpg 1187w, https://www.ssaver.gob.mx/salud-publica/wp-content/uploads/sites/42/2025/03/carteles-vacacionesSS_pages-to-jpg-0002-1583x2048.jpg 1583w, https://www.ssaver.gob.mx/salud-publica/wp-content/uploads/sites/42/2025/03/carteles-vacacionesSS_pages-to-jpg-0002-scaled.jpg 1978w" sizes="auto, (max-width: 791px) 100vw, 791px" /></figure>



<hr class="wp-block-separator has-text-color has-alpha-channel-opacity has-background is-style-wide" style="background-color:#801338;color:#801338" />



<figure class="wp-block-image aligncenter size-large is-resized"><img loading="lazy" decoding="async" width="1024" height="930" src="https://www.ssaver.gob.mx/salud-publica/wp-content/uploads/sites/42/2025/03/Temporada-de-calor-2025-logo-edit_Mesa-de-trabajo-1-1024x930.jpg" alt="" class="wp-image-1267" style="width:504px;height:auto" srcset="https://www.ssaver.gob.mx/salud-publica/wp-content/uploads/sites/42/2025/03/Temporada-de-calor-2025-logo-edit_Mesa-de-trabajo-1-1024x930.jpg 1024w, https://www.ssaver.gob.mx/salud-publica/wp-content/uploads/sites/42/2025/03/Temporada-de-calor-2025-logo-edit_Mesa-de-trabajo-1-300x272.jpg 300w, https://www.ssaver.gob.mx/salud-publica/wp-content/uploads/sites/42/2025/03/Temporada-de-calor-2025-logo-edit_Mesa-de-trabajo-1-768x697.jpg 768w, https://www.ssaver.gob.mx/salud-publica/wp-content/uploads/sites/42/2025/03/Temporada-de-calor-2025-logo-edit_Mesa-de-trabajo-1-1536x1394.jpg 1536w, https://www.ssaver.gob.mx/salud-publica/wp-content/uploads/sites/42/2025/03/Temporada-de-calor-2025-logo-edit_Mesa-de-trabajo-1-2048x1859.jpg 2048w" sizes="auto, (max-width: 1024px) 100vw, 1024px" /></figure>
</div>
</div>
</div>

<p>¡Cuídate de los golpes de calor! ¿Qué es un golpe de calor? Un golpe de calor es una condición grave</p>
