{"id":1614,"date":"2025-11-26T11:09:23","date_gmt":"2025-11-26T17:09:23","guid":{"rendered":"https:\/\/www.ssaver.gob.mx\/salud-publica\/?page_id=1614"},"modified":"2026-03-26T12:48:19","modified_gmt":"2026-03-26T18:48:19","slug":"eliminacion-de-la-hepatitis-c","status":"publish","type":"page","link":"https:\/\/www.ssaver.gob.mx\/salud-publica\/eliminacion-de-la-hepatitis-c\/","title":{"rendered":"Eliminaci\u00f3n de la Hepatitis C"},"content":{"rendered":"\n<div class=\"wp-block-group is-layout-constrained wp-container-core-group-is-layout-9517baca wp-block-group-is-layout-constrained\">\n<div class=\"wp-block-columns is-layout-flex wp-container-core-columns-is-layout-28f84493 wp-block-columns-is-layout-flex\">\n<div class=\"wp-block-column is-layout-flow wp-block-column-is-layout-flow\" style=\"flex-basis:100%\">\n<div class=\"wp-block-columns is-layout-flex wp-container-core-columns-is-layout-28f84493 wp-block-columns-is-layout-flex\">\n<div class=\"wp-block-column is-layout-flow wp-block-column-is-layout-flow\">\n<figure class=\"wp-block-image size-large\"><img loading=\"lazy\" decoding=\"async\" width=\"1008\" height=\"1024\" src=\"https:\/\/www.ssaver.gob.mx\/salud-publica\/wp-content\/uploads\/sites\/42\/2025\/11\/hepatitis_c_Mesa-de-trabajo-1-1008x1024.png\" alt=\"\" class=\"wp-image-1620\" srcset=\"https:\/\/www.ssaver.gob.mx\/salud-publica\/wp-content\/uploads\/sites\/42\/2025\/11\/hepatitis_c_Mesa-de-trabajo-1-1008x1024.png 1008w, https:\/\/www.ssaver.gob.mx\/salud-publica\/wp-content\/uploads\/sites\/42\/2025\/11\/hepatitis_c_Mesa-de-trabajo-1-295x300.png 295w, https:\/\/www.ssaver.gob.mx\/salud-publica\/wp-content\/uploads\/sites\/42\/2025\/11\/hepatitis_c_Mesa-de-trabajo-1-768x780.png 768w, https:\/\/www.ssaver.gob.mx\/salud-publica\/wp-content\/uploads\/sites\/42\/2025\/11\/hepatitis_c_Mesa-de-trabajo-1-1512x1536.png 1512w, https:\/\/www.ssaver.gob.mx\/salud-publica\/wp-content\/uploads\/sites\/42\/2025\/11\/hepatitis_c_Mesa-de-trabajo-1-2015x2048.png 2015w\" sizes=\"auto, (max-width: 1008px) 100vw, 1008px\" \/><\/figure>\n<\/div>\n\n\n\n<div class=\"wp-block-column is-layout-flow wp-block-column-is-layout-flow\">\n<p><\/p>\n\n\n\n<p class=\"has-medium-font-size\" style=\"padding-top:var(--wp--preset--spacing--40);padding-right:0;padding-bottom:var(--wp--preset--spacing--40);padding-left:0\"><strong>La hepatitis C es una enfermedad transmisible, y un problema prioritario de salud p\u00fablica<\/strong>; en M\u00e9xico se estima que alrededor de 532 mil personas viven con infecci\u00f3n por el virus de la hepatitis C (VHC), de quienes, \u00fanicamente 25% conoce su diagn\u00f3stico y apenas 1% de ellas recibe tratamiento. Como resultado de esta infecci\u00f3n puede desarrollarse problemas cr\u00f3nicos como&nbsp;<strong>cirrosis y carcinoma hepatocelular.<\/strong><\/p>\n\n\n\n<p class=\"has-medium-font-size\">El Programa de hepatitis C tiene como&nbsp;<strong>prop\u00f3sito<\/strong>&nbsp;establecer estrategias dirigidas a la prevenci\u00f3n, tamizaje y diagn\u00f3stico oportuno, as\u00ed como al acceso del tratamiento, monitoreo y seguimiento para la curaci\u00f3n de los pacientes.<\/p>\n<\/div>\n<\/div>\n\n\n\n<hr class=\"wp-block-separator has-alpha-channel-opacity\" style=\"margin-top:var(--wp--preset--spacing--40);margin-bottom:var(--wp--preset--spacing--40)\" \/>\n\n\n\n<div class=\"wp-block-columns is-layout-flex wp-container-core-columns-is-layout-28f84493 wp-block-columns-is-layout-flex\">\n<div class=\"wp-block-column is-layout-flow wp-block-column-is-layout-flow\">\n<div data-wp-interactive=\"core\/file\" class=\"wp-block-file\"><object data-wp-bind--hidden=\"!state.hasPdfPreview\" hidden class=\"wp-block-file__embed\" data=\"https:\/\/www.ssaver.gob.mx\/salud-publica\/wp-content\/uploads\/sites\/42\/2025\/11\/Dia-hepatitis_SESVER.pdf\" type=\"application\/pdf\" style=\"width:100%;height:600px\" aria-label=\"Incrustado de Di\u0300a hepatitis_SESVER.\"><\/object><a id=\"wp-block-file--media-9d3bcd3e-1c27-4e07-a36b-d9b4644331aa\" href=\"https:\/\/www.ssaver.gob.mx\/salud-publica\/wp-content\/uploads\/sites\/42\/2025\/11\/Dia-hepatitis_SESVER.pdf\">Di\u0300a hepatitis_SESVER<\/a><a href=\"https:\/\/www.ssaver.gob.mx\/salud-publica\/wp-content\/uploads\/sites\/42\/2025\/11\/Dia-hepatitis_SESVER.pdf\" class=\"wp-block-file__button wp-element-button\" download aria-describedby=\"wp-block-file--media-9d3bcd3e-1c27-4e07-a36b-d9b4644331aa\">Descarga<\/a><\/div>\n<\/div>\n\n\n\n<div class=\"wp-block-column is-layout-flow wp-block-column-is-layout-flow\">\n<div data-wp-interactive=\"core\/file\" class=\"wp-block-file\"><object data-wp-bind--hidden=\"!state.hasPdfPreview\" hidden class=\"wp-block-file__embed\" data=\"https:\/\/www.ssaver.gob.mx\/salud-publica\/wp-content\/uploads\/sites\/42\/2025\/11\/DIA-MUNDIAL-CONTRA-LA-HEPATITIS-2025_SESVER.pdf\" type=\"application\/pdf\" style=\"width:100%;height:600px\" aria-label=\"Incrustado de DIA MUNDIAL CONTRA LA HEPATITIS 2025_SESVER.\"><\/object><a id=\"wp-block-file--media-b4131e7c-b3d0-4145-8bb3-0ca906f86a93\" href=\"https:\/\/www.ssaver.gob.mx\/salud-publica\/wp-content\/uploads\/sites\/42\/2025\/11\/DIA-MUNDIAL-CONTRA-LA-HEPATITIS-2025_SESVER.pdf\">DIA MUNDIAL CONTRA LA HEPATITIS 2025_SESVER<\/a><a href=\"https:\/\/www.ssaver.gob.mx\/salud-publica\/wp-content\/uploads\/sites\/42\/2025\/11\/DIA-MUNDIAL-CONTRA-LA-HEPATITIS-2025_SESVER.pdf\" class=\"wp-block-file__button wp-element-button\" download aria-describedby=\"wp-block-file--media-b4131e7c-b3d0-4145-8bb3-0ca906f86a93\">Descarga<\/a><\/div>\n<\/div>\n<\/div>\n\n\n\n<hr class=\"wp-block-separator has-alpha-channel-opacity\" style=\"margin-top:var(--wp--preset--spacing--30);margin-bottom:var(--wp--preset--spacing--30)\" \/>\n\n\n\n<div class=\"wp-block-columns is-layout-flex wp-container-core-columns-is-layout-28f84493 wp-block-columns-is-layout-flex\">\n<div class=\"wp-block-column is-layout-flow wp-block-column-is-layout-flow\">\n<div data-wp-interactive=\"core\/file\" class=\"wp-block-file\"><object data-wp-bind--hidden=\"!state.hasPdfPreview\" hidden class=\"wp-block-file__embed\" data=\"https:\/\/www.ssaver.gob.mx\/salud-publica\/wp-content\/uploads\/sites\/42\/2025\/11\/INFOGRAFIA-DIA-MUNDIAL-CONTRA-LA-HEPATITIS_SESVER.pdf\" type=\"application\/pdf\" style=\"width:100%;height:600px\" aria-label=\"Incrustado de INFOGRAFIA DIA MUNDIAL CONTRA LA HEPATITIS_SESVER.\"><\/object><a id=\"wp-block-file--media-92aac4c6-166b-4daa-ac51-9d8dd4327e3b\" href=\"https:\/\/www.ssaver.gob.mx\/salud-publica\/wp-content\/uploads\/sites\/42\/2025\/11\/INFOGRAFIA-DIA-MUNDIAL-CONTRA-LA-HEPATITIS_SESVER.pdf\">INFOGRAFIA DIA MUNDIAL CONTRA LA HEPATITIS_SESVER<\/a><a href=\"https:\/\/www.ssaver.gob.mx\/salud-publica\/wp-content\/uploads\/sites\/42\/2025\/11\/INFOGRAFIA-DIA-MUNDIAL-CONTRA-LA-HEPATITIS_SESVER.pdf\" class=\"wp-block-file__button wp-element-button\" download aria-describedby=\"wp-block-file--media-92aac4c6-166b-4daa-ac51-9d8dd4327e3b\">Descarga<\/a><\/div>\n<\/div>\n<\/div>\n\n\n\n<hr class=\"wp-block-separator has-alpha-channel-opacity\" \/>\n\n\n\n<div data-wp-interactive=\"core\/file\" class=\"wp-block-file\"><object data-wp-bind--hidden=\"!state.hasPdfPreview\" hidden class=\"wp-block-file__embed\" data=\"https:\/\/www.ssaver.gob.mx\/salud-publica\/wp-content\/uploads\/sites\/42\/2025\/12\/Hepatitis-A-B-C_SESVER.pdf\" type=\"application\/pdf\" style=\"width:100%;height:600px\" aria-label=\"Incrustado de Hepatitis A-B-C_SESVER.\"><\/object><a id=\"wp-block-file--media-bdccdd2b-0a01-4062-ad6f-70db5bb7b0d2\" href=\"https:\/\/www.ssaver.gob.mx\/salud-publica\/wp-content\/uploads\/sites\/42\/2025\/12\/Hepatitis-A-B-C_SESVER.pdf\">Hepatitis A-B-C_SESVER<\/a><a href=\"https:\/\/www.ssaver.gob.mx\/salud-publica\/wp-content\/uploads\/sites\/42\/2025\/12\/Hepatitis-A-B-C_SESVER.pdf\" class=\"wp-block-file__button wp-element-button\" download aria-describedby=\"wp-block-file--media-bdccdd2b-0a01-4062-ad6f-70db5bb7b0d2\">Descarga<\/a><\/div>\n<\/div>\n<\/div>\n<\/div>\n","protected":false},"excerpt":{"rendered":"<p>La hepatitis C es una enfermedad transmisible, y un problema prioritario de salud p\u00fablica; en M\u00e9xico se estima que alrededor<\/p>\n","protected":false},"author":64,"featured_media":0,"parent":0,"menu_order":0,"comment_status":"closed","ping_status":"closed","template":"","meta":{"colormag_page_container_layout":"default_layout","colormag_page_sidebar_layout":"default_layout","footnotes":""},"class_list":["post-1614","page","type-page","status-publish","hentry"],"_links":{"self":[{"href":"https:\/\/www.ssaver.gob.mx\/salud-publica\/wp-json\/wp\/v2\/pages\/1614","targetHints":{"allow":["GET"]}}],"collection":[{"href":"https:\/\/www.ssaver.gob.mx\/salud-publica\/wp-json\/wp\/v2\/pages"}],"about":[{"href":"https:\/\/www.ssaver.gob.mx\/salud-publica\/wp-json\/wp\/v2\/types\/page"}],"author":[{"embeddable":true,"href":"https:\/\/www.ssaver.gob.mx\/salud-publica\/wp-json\/wp\/v2\/users\/64"}],"replies":[{"embeddable":true,"href":"https:\/\/www.ssaver.gob.mx\/salud-publica\/wp-json\/wp\/v2\/comments?post=1614"}],"version-history":[{"count":3,"href":"https:\/\/www.ssaver.gob.mx\/salud-publica\/wp-json\/wp\/v2\/pages\/1614\/revisions"}],"predecessor-version":[{"id":1740,"href":"https:\/\/www.ssaver.gob.mx\/salud-publica\/wp-json\/wp\/v2\/pages\/1614\/revisions\/1740"}],"wp:attachment":[{"href":"https:\/\/www.ssaver.gob.mx\/salud-publica\/wp-json\/wp\/v2\/media?parent=1614"}],"curies":[{"name":"wp","href":"https:\/\/api.w.org\/{rel}","templated":true}]}}

Eliminación de la Hepatitis C

<div class="wp-block-group is-layout-constrained wp-container-core-group-is-layout-9517baca wp-block-group-is-layout-constrained">
<div class="wp-block-columns is-layout-flex wp-container-core-columns-is-layout-28f84493 wp-block-columns-is-layout-flex">
<div class="wp-block-column is-layout-flow wp-block-column-is-layout-flow" style="flex-basis:100%">
<div class="wp-block-columns is-layout-flex wp-container-core-columns-is-layout-28f84493 wp-block-columns-is-layout-flex">
<div class="wp-block-column is-layout-flow wp-block-column-is-layout-flow">
<figure class="wp-block-image size-large"><img loading="lazy" decoding="async" width="1008" height="1024" src="https://www.ssaver.gob.mx/salud-publica/wp-content/uploads/sites/42/2025/11/hepatitis_c_Mesa-de-trabajo-1-1008x1024.png" alt="" class="wp-image-1620" srcset="https://www.ssaver.gob.mx/salud-publica/wp-content/uploads/sites/42/2025/11/hepatitis_c_Mesa-de-trabajo-1-1008x1024.png 1008w, https://www.ssaver.gob.mx/salud-publica/wp-content/uploads/sites/42/2025/11/hepatitis_c_Mesa-de-trabajo-1-295x300.png 295w, https://www.ssaver.gob.mx/salud-publica/wp-content/uploads/sites/42/2025/11/hepatitis_c_Mesa-de-trabajo-1-768x780.png 768w, https://www.ssaver.gob.mx/salud-publica/wp-content/uploads/sites/42/2025/11/hepatitis_c_Mesa-de-trabajo-1-1512x1536.png 1512w, https://www.ssaver.gob.mx/salud-publica/wp-content/uploads/sites/42/2025/11/hepatitis_c_Mesa-de-trabajo-1-2015x2048.png 2015w" sizes="auto, (max-width: 1008px) 100vw, 1008px" /></figure>
</div>



<div class="wp-block-column is-layout-flow wp-block-column-is-layout-flow">
<p></p>



<p class="has-medium-font-size" style="padding-top:var(--wp--preset--spacing--40);padding-right:0;padding-bottom:var(--wp--preset--spacing--40);padding-left:0"><strong>La hepatitis C es una enfermedad transmisible, y un problema prioritario de salud pública</strong>; en México se estima que alrededor de 532 mil personas viven con infección por el virus de la hepatitis C (VHC), de quienes, únicamente 25% conoce su diagnóstico y apenas 1% de ellas recibe tratamiento. Como resultado de esta infección puede desarrollarse problemas crónicos como&nbsp;<strong>cirrosis y carcinoma hepatocelular.</strong></p>



<p class="has-medium-font-size">El Programa de hepatitis C tiene como&nbsp;<strong>propósito</strong>&nbsp;establecer estrategias dirigidas a la prevención, tamizaje y diagnóstico oportuno, así como al acceso del tratamiento, monitoreo y seguimiento para la curación de los pacientes.</p>
</div>
</div>



<hr class="wp-block-separator has-alpha-channel-opacity" style="margin-top:var(--wp--preset--spacing--40);margin-bottom:var(--wp--preset--spacing--40)" />



<div class="wp-block-columns is-layout-flex wp-container-core-columns-is-layout-28f84493 wp-block-columns-is-layout-flex">
<div class="wp-block-column is-layout-flow wp-block-column-is-layout-flow">
<div data-wp-interactive="core/file" class="wp-block-file"><object data-wp-bind--hidden="!state.hasPdfPreview" hidden class="wp-block-file__embed" data="https://www.ssaver.gob.mx/salud-publica/wp-content/uploads/sites/42/2025/11/Dia-hepatitis_SESVER.pdf" type="application/pdf" style="width:100%;height:600px" aria-label="Incrustado de Dìa hepatitis_SESVER."></object><a id="wp-block-file--media-9d3bcd3e-1c27-4e07-a36b-d9b4644331aa" href="https://www.ssaver.gob.mx/salud-publica/wp-content/uploads/sites/42/2025/11/Dia-hepatitis_SESVER.pdf">Dìa hepatitis_SESVER</a><a href="https://www.ssaver.gob.mx/salud-publica/wp-content/uploads/sites/42/2025/11/Dia-hepatitis_SESVER.pdf" class="wp-block-file__button wp-element-button" download aria-describedby="wp-block-file--media-9d3bcd3e-1c27-4e07-a36b-d9b4644331aa">Descarga</a></div>
</div>



<div class="wp-block-column is-layout-flow wp-block-column-is-layout-flow">
<div data-wp-interactive="core/file" class="wp-block-file"><object data-wp-bind--hidden="!state.hasPdfPreview" hidden class="wp-block-file__embed" data="https://www.ssaver.gob.mx/salud-publica/wp-content/uploads/sites/42/2025/11/DIA-MUNDIAL-CONTRA-LA-HEPATITIS-2025_SESVER.pdf" type="application/pdf" style="width:100%;height:600px" aria-label="Incrustado de DIA MUNDIAL CONTRA LA HEPATITIS 2025_SESVER."></object><a id="wp-block-file--media-b4131e7c-b3d0-4145-8bb3-0ca906f86a93" href="https://www.ssaver.gob.mx/salud-publica/wp-content/uploads/sites/42/2025/11/DIA-MUNDIAL-CONTRA-LA-HEPATITIS-2025_SESVER.pdf">DIA MUNDIAL CONTRA LA HEPATITIS 2025_SESVER</a><a href="https://www.ssaver.gob.mx/salud-publica/wp-content/uploads/sites/42/2025/11/DIA-MUNDIAL-CONTRA-LA-HEPATITIS-2025_SESVER.pdf" class="wp-block-file__button wp-element-button" download aria-describedby="wp-block-file--media-b4131e7c-b3d0-4145-8bb3-0ca906f86a93">Descarga</a></div>
</div>
</div>



<hr class="wp-block-separator has-alpha-channel-opacity" style="margin-top:var(--wp--preset--spacing--30);margin-bottom:var(--wp--preset--spacing--30)" />



<div class="wp-block-columns is-layout-flex wp-container-core-columns-is-layout-28f84493 wp-block-columns-is-layout-flex">
<div class="wp-block-column is-layout-flow wp-block-column-is-layout-flow">
<div data-wp-interactive="core/file" class="wp-block-file"><object data-wp-bind--hidden="!state.hasPdfPreview" hidden class="wp-block-file__embed" data="https://www.ssaver.gob.mx/salud-publica/wp-content/uploads/sites/42/2025/11/INFOGRAFIA-DIA-MUNDIAL-CONTRA-LA-HEPATITIS_SESVER.pdf" type="application/pdf" style="width:100%;height:600px" aria-label="Incrustado de INFOGRAFIA DIA MUNDIAL CONTRA LA HEPATITIS_SESVER."></object><a id="wp-block-file--media-92aac4c6-166b-4daa-ac51-9d8dd4327e3b" href="https://www.ssaver.gob.mx/salud-publica/wp-content/uploads/sites/42/2025/11/INFOGRAFIA-DIA-MUNDIAL-CONTRA-LA-HEPATITIS_SESVER.pdf">INFOGRAFIA DIA MUNDIAL CONTRA LA HEPATITIS_SESVER</a><a href="https://www.ssaver.gob.mx/salud-publica/wp-content/uploads/sites/42/2025/11/INFOGRAFIA-DIA-MUNDIAL-CONTRA-LA-HEPATITIS_SESVER.pdf" class="wp-block-file__button wp-element-button" download aria-describedby="wp-block-file--media-92aac4c6-166b-4daa-ac51-9d8dd4327e3b">Descarga</a></div>
</div>
</div>



<hr class="wp-block-separator has-alpha-channel-opacity" />



<div data-wp-interactive="core/file" class="wp-block-file"><object data-wp-bind--hidden="!state.hasPdfPreview" hidden class="wp-block-file__embed" data="https://www.ssaver.gob.mx/salud-publica/wp-content/uploads/sites/42/2025/12/Hepatitis-A-B-C_SESVER.pdf" type="application/pdf" style="width:100%;height:600px" aria-label="Incrustado de Hepatitis A-B-C_SESVER."></object><a id="wp-block-file--media-bdccdd2b-0a01-4062-ad6f-70db5bb7b0d2" href="https://www.ssaver.gob.mx/salud-publica/wp-content/uploads/sites/42/2025/12/Hepatitis-A-B-C_SESVER.pdf">Hepatitis A-B-C_SESVER</a><a href="https://www.ssaver.gob.mx/salud-publica/wp-content/uploads/sites/42/2025/12/Hepatitis-A-B-C_SESVER.pdf" class="wp-block-file__button wp-element-button" download aria-describedby="wp-block-file--media-bdccdd2b-0a01-4062-ad6f-70db5bb7b0d2">Descarga</a></div>
</div>
</div>
</div>

<p>La hepatitis C es una enfermedad transmisible, y un problema prioritario de salud pública; en México se estima que alrededor</p>
