{"id":522,"date":"2022-10-06T14:13:46","date_gmt":"2022-10-06T19:13:46","guid":{"rendered":"https:\/\/www.ssaver.gob.mx\/saluddigital\/?page_id=522"},"modified":"2026-04-06T10:16:27","modified_gmt":"2026-04-06T16:16:27","slug":"que-es-la-salud-digital-o-telesalud","status":"publish","type":"page","link":"https:\/\/www.ssaver.gob.mx\/saluddigital\/que-es-la-salud-digital-o-telesalud\/","title":{"rendered":"\u00bfQu\u00e9 es la Salud Digital o Telesalud?"},"content":{"rendered":"\n<hr class=\"wp-block-separator has-text-color has-alpha-channel-opacity has-background is-style-wide\" style=\"background-color:#d8bf31;color:#d8bf31\" \/>\n\n\n\n<div class=\"wp-block-group is-layout-constrained wp-container-core-group-is-layout-9517baca wp-block-group-is-layout-constrained\">\n<div class=\"wp-block-columns is-layout-flex wp-container-core-columns-is-layout-28f84493 wp-block-columns-is-layout-flex\">\n<div class=\"wp-block-column is-layout-flow wp-block-column-is-layout-flow\">\n<p class=\"has-text-color\" style=\"color:#5b4c0d;font-size:22px\"><strong>OMS 2005<\/strong><\/p>\n\n\n\n<hr class=\"wp-block-separator has-text-color has-alpha-channel-opacity has-background is-style-wide\" style=\"background-color:#d8bf31;color:#d8bf31\" \/>\n\n\n\n<p class=\"has-text-color has-background\" style=\"color:#5b4c0d;background-color:#fff4e0;font-size:22px\">\u00abLa entrega de servicios de salud usando las tecnolog\u00edas de informaci\u00f3n y comunicaci\u00f3n (TIC&#8217;s) espec\u00edficamente cuando la distancia es un obst\u00e1culo para los servicios de la salud\u00bb.<\/p>\n\n\n\n<p style=\"font-size:11px\">Gob.mx. [citado el 14 de Mayo de 2022]. <br>Disponible en: <a href=\"https:\/\/www.gob.mx\/salud\/es\/articulos\/intervenciones-de-aps-i-mx-en-los-distritos-de-salud-245274?idiom=es\">https:\/\/www.gob.mx\/salud\/es\/articulos\/intervenciones-de-aps-i-mx-en-los-distritos-de-salud-245274?idiom=es<\/a><\/p>\n<\/div>\n\n\n\n<div class=\"wp-block-column is-layout-flow wp-block-column-is-layout-flow\">\n<figure class=\"wp-block-image size-full\"><img loading=\"lazy\" decoding=\"async\" width=\"830\" height=\"830\" src=\"https:\/\/www.ssaver.gob.mx\/saluddigital\/wp-content\/uploads\/sites\/34\/2022\/10\/image-17.png\" alt=\"\" class=\"wp-image-710\" srcset=\"https:\/\/www.ssaver.gob.mx\/saluddigital\/wp-content\/uploads\/sites\/34\/2022\/10\/image-17.png 830w, https:\/\/www.ssaver.gob.mx\/saluddigital\/wp-content\/uploads\/sites\/34\/2022\/10\/image-17-300x300.png 300w, https:\/\/www.ssaver.gob.mx\/saluddigital\/wp-content\/uploads\/sites\/34\/2022\/10\/image-17-150x150.png 150w, https:\/\/www.ssaver.gob.mx\/saluddigital\/wp-content\/uploads\/sites\/34\/2022\/10\/image-17-768x768.png 768w, https:\/\/www.ssaver.gob.mx\/saluddigital\/wp-content\/uploads\/sites\/34\/2022\/10\/image-17-215x215.png 215w\" sizes=\"auto, (max-width: 830px) 100vw, 830px\" \/><\/figure>\n<\/div>\n<\/div>\n<\/div>\n","protected":false},"excerpt":{"rendered":"<p>OMS 2005 \u00abLa entrega de servicios de salud usando las tecnolog\u00edas de informaci\u00f3n y comunicaci\u00f3n (TIC&#8217;s) espec\u00edficamente cuando la distancia<\/p>\n","protected":false},"author":2,"featured_media":0,"parent":0,"menu_order":0,"comment_status":"closed","ping_status":"closed","template":"","meta":{"colormag_page_container_layout":"default_layout","colormag_page_sidebar_layout":"default_layout","footnotes":""},"class_list":["post-522","page","type-page","status-publish","hentry"],"_links":{"self":[{"href":"https:\/\/www.ssaver.gob.mx\/saluddigital\/wp-json\/wp\/v2\/pages\/522","targetHints":{"allow":["GET"]}}],"collection":[{"href":"https:\/\/www.ssaver.gob.mx\/saluddigital\/wp-json\/wp\/v2\/pages"}],"about":[{"href":"https:\/\/www.ssaver.gob.mx\/saluddigital\/wp-json\/wp\/v2\/types\/page"}],"author":[{"embeddable":true,"href":"https:\/\/www.ssaver.gob.mx\/saluddigital\/wp-json\/wp\/v2\/users\/2"}],"replies":[{"embeddable":true,"href":"https:\/\/www.ssaver.gob.mx\/saluddigital\/wp-json\/wp\/v2\/comments?post=522"}],"version-history":[{"count":3,"href":"https:\/\/www.ssaver.gob.mx\/saluddigital\/wp-json\/wp\/v2\/pages\/522\/revisions"}],"predecessor-version":[{"id":1459,"href":"https:\/\/www.ssaver.gob.mx\/saluddigital\/wp-json\/wp\/v2\/pages\/522\/revisions\/1459"}],"wp:attachment":[{"href":"https:\/\/www.ssaver.gob.mx\/saluddigital\/wp-json\/wp\/v2\/media?parent=522"}],"curies":[{"name":"wp","href":"https:\/\/api.w.org\/{rel}","templated":true}]}}