{"id":530,"date":"2022-10-06T14:20:05","date_gmt":"2022-10-06T19:20:05","guid":{"rendered":"https:\/\/www.ssaver.gob.mx\/saluddigital\/?page_id=530"},"modified":"2026-04-06T10:28:44","modified_gmt":"2026-04-06T16:28:44","slug":"telesalud-aps","status":"publish","type":"page","link":"https:\/\/www.ssaver.gob.mx\/saluddigital\/telesalud-aps\/","title":{"rendered":"Telesalud APS"},"content":{"rendered":"\n<hr class=\"wp-block-separator has-text-color has-alpha-channel-opacity has-background is-style-wide\" style=\"background-color:#d8bf31;color:#d8bf31\" \/>\n\n\n\n<div class=\"wp-block-group is-layout-constrained wp-container-core-group-is-layout-9517baca wp-block-group-is-layout-constrained\">\n<p class=\"has-text-align-center has-white-color has-text-color has-background\" style=\"background-color:#9d861e;font-size:22px\"><strong>TELESALUD<\/strong><\/p>\n\n\n\n<div class=\"wp-block-columns has-background is-layout-flex wp-container-core-columns-is-layout-28f84493 wp-block-columns-is-layout-flex\" style=\"background-color:#fff4e0\">\n<div class=\"wp-block-column is-layout-flow wp-block-column-is-layout-flow\">\n<hr class=\"wp-block-separator has-text-color has-alpha-channel-opacity has-background is-style-wide\" style=\"background-color:#d8bf31;color:#d8bf31\" \/>\n\n\n\n<p class=\"has-text-align-center has-text-color has-background\" style=\"color:#5b4c0d;background-color:#fff4e0;font-size:18px\">Fortalecer unidades m\u00e9dicas de primer nivel<\/p>\n<\/div>\n\n\n\n<div class=\"wp-block-column is-layout-flow wp-block-column-is-layout-flow\">\n<hr class=\"wp-block-separator has-text-color has-alpha-channel-opacity has-background is-style-wide\" style=\"background-color:#d8bf31;color:#d8bf31\" \/>\n\n\n\n<p class=\"has-text-align-center has-text-color has-background\" style=\"color:#5b4c0d;background-color:#fff4e0;font-size:18px\">Ampliar la cartera de servicios a distancia mediante la Telemedicina<\/p>\n<\/div>\n\n\n\n<div class=\"wp-block-column is-layout-flow wp-block-column-is-layout-flow\">\n<hr class=\"wp-block-separator has-text-color has-alpha-channel-opacity has-background is-style-wide\" style=\"background-color:#d8bf31;color:#d8bf31\" \/>\n\n\n\n<p class=\"has-text-align-center has-text-color has-background\" style=\"color:#5b4c0d;background-color:#fff4e0;font-size:18px\">Sistema de Agenda M\u00e9dica Electr\u00f3nica<\/p>\n<\/div>\n\n\n\n<div class=\"wp-block-column is-layout-flow wp-block-column-is-layout-flow\">\n<hr class=\"wp-block-separator has-text-color has-alpha-channel-opacity has-background is-style-wide\" style=\"background-color:#d8bf31;color:#d8bf31\" \/>\n\n\n\n<p class=\"has-text-align-center has-text-color has-background\" style=\"color:#5b4c0d;background-color:#fff4e0;font-size:18px\">Capacitaci\u00f3n Continua en Tecnolog\u00edas de la Informaci\u00f3n y Comunicaci\u00f3n<\/p>\n<\/div>\n<\/div>\n\n\n\n<hr class=\"wp-block-separator has-text-color has-alpha-channel-opacity has-background is-style-wide\" style=\"background-color:#d8bf31;color:#d8bf31\" \/>\n\n\n\n<div class=\"wp-block-columns is-layout-flex wp-container-core-columns-is-layout-28f84493 wp-block-columns-is-layout-flex\">\n<div class=\"wp-block-column has-background is-layout-flow wp-block-column-is-layout-flow\" style=\"background-color:#fff4e0\">\n<figure class=\"wp-block-image aligncenter size-full\"><img loading=\"lazy\" decoding=\"async\" width=\"871\" height=\"495\" src=\"https:\/\/www.ssaver.gob.mx\/saluddigital\/wp-content\/uploads\/sites\/34\/2022\/10\/INFOGSALUDDIGITAL1.jpg\" alt=\"\" class=\"wp-image-635\" srcset=\"https:\/\/www.ssaver.gob.mx\/saluddigital\/wp-content\/uploads\/sites\/34\/2022\/10\/INFOGSALUDDIGITAL1.jpg 871w, https:\/\/www.ssaver.gob.mx\/saluddigital\/wp-content\/uploads\/sites\/34\/2022\/10\/INFOGSALUDDIGITAL1-300x170.jpg 300w, https:\/\/www.ssaver.gob.mx\/saluddigital\/wp-content\/uploads\/sites\/34\/2022\/10\/INFOGSALUDDIGITAL1-768x436.jpg 768w\" sizes=\"auto, (max-width: 871px) 100vw, 871px\" \/><\/figure>\n\n\n\n<figure class=\"wp-block-image aligncenter size-full\"><img loading=\"lazy\" decoding=\"async\" width=\"871\" height=\"287\" src=\"https:\/\/www.ssaver.gob.mx\/saluddigital\/wp-content\/uploads\/sites\/34\/2022\/10\/INFOGSALUDDIGITAL2.jpg\" alt=\"\" class=\"wp-image-640\" srcset=\"https:\/\/www.ssaver.gob.mx\/saluddigital\/wp-content\/uploads\/sites\/34\/2022\/10\/INFOGSALUDDIGITAL2.jpg 871w, https:\/\/www.ssaver.gob.mx\/saluddigital\/wp-content\/uploads\/sites\/34\/2022\/10\/INFOGSALUDDIGITAL2-300x99.jpg 300w, https:\/\/www.ssaver.gob.mx\/saluddigital\/wp-content\/uploads\/sites\/34\/2022\/10\/INFOGSALUDDIGITAL2-768x253.jpg 768w\" sizes=\"auto, (max-width: 871px) 100vw, 871px\" \/><\/figure>\n<\/div>\n<\/div>\n<\/div>\n","protected":false},"excerpt":{"rendered":"<p>TELESALUD Fortalecer unidades m\u00e9dicas de primer nivel Ampliar la cartera de servicios a distancia mediante la Telemedicina Sistema de Agenda<\/p>\n","protected":false},"author":2,"featured_media":0,"parent":0,"menu_order":0,"comment_status":"closed","ping_status":"closed","template":"","meta":{"colormag_page_container_layout":"default_layout","colormag_page_sidebar_layout":"default_layout","footnotes":""},"class_list":["post-530","page","type-page","status-publish","hentry"],"_links":{"self":[{"href":"https:\/\/www.ssaver.gob.mx\/saluddigital\/wp-json\/wp\/v2\/pages\/530","targetHints":{"allow":["GET"]}}],"collection":[{"href":"https:\/\/www.ssaver.gob.mx\/saluddigital\/wp-json\/wp\/v2\/pages"}],"about":[{"href":"https:\/\/www.ssaver.gob.mx\/saluddigital\/wp-json\/wp\/v2\/types\/page"}],"author":[{"embeddable":true,"href":"https:\/\/www.ssaver.gob.mx\/saluddigital\/wp-json\/wp\/v2\/users\/2"}],"replies":[{"embeddable":true,"href":"https:\/\/www.ssaver.gob.mx\/saluddigital\/wp-json\/wp\/v2\/comments?post=530"}],"version-history":[{"count":7,"href":"https:\/\/www.ssaver.gob.mx\/saluddigital\/wp-json\/wp\/v2\/pages\/530\/revisions"}],"predecessor-version":[{"id":1476,"href":"https:\/\/www.ssaver.gob.mx\/saluddigital\/wp-json\/wp\/v2\/pages\/530\/revisions\/1476"}],"wp:attachment":[{"href":"https:\/\/www.ssaver.gob.mx\/saluddigital\/wp-json\/wp\/v2\/media?parent=530"}],"curies":[{"name":"wp","href":"https:\/\/api.w.org\/{rel}","templated":true}]}}

<hr class="wp-block-separator has-text-color has-alpha-channel-opacity has-background is-style-wide" style="background-color:#d8bf31;color:#d8bf31" />



<div class="wp-block-group is-layout-constrained wp-container-core-group-is-layout-9517baca wp-block-group-is-layout-constrained">
<p class="has-text-align-center has-white-color has-text-color has-background" style="background-color:#9d861e;font-size:22px"><strong>TELESALUD</strong></p>



<div class="wp-block-columns has-background is-layout-flex wp-container-core-columns-is-layout-28f84493 wp-block-columns-is-layout-flex" style="background-color:#fff4e0">
<div class="wp-block-column is-layout-flow wp-block-column-is-layout-flow">
<hr class="wp-block-separator has-text-color has-alpha-channel-opacity has-background is-style-wide" style="background-color:#d8bf31;color:#d8bf31" />



<p class="has-text-align-center has-text-color has-background" style="color:#5b4c0d;background-color:#fff4e0;font-size:18px">Fortalecer unidades médicas de primer nivel</p>
</div>



<div class="wp-block-column is-layout-flow wp-block-column-is-layout-flow">
<hr class="wp-block-separator has-text-color has-alpha-channel-opacity has-background is-style-wide" style="background-color:#d8bf31;color:#d8bf31" />



<p class="has-text-align-center has-text-color has-background" style="color:#5b4c0d;background-color:#fff4e0;font-size:18px">Ampliar la cartera de servicios a distancia mediante la Telemedicina</p>
</div>



<div class="wp-block-column is-layout-flow wp-block-column-is-layout-flow">
<hr class="wp-block-separator has-text-color has-alpha-channel-opacity has-background is-style-wide" style="background-color:#d8bf31;color:#d8bf31" />



<p class="has-text-align-center has-text-color has-background" style="color:#5b4c0d;background-color:#fff4e0;font-size:18px">Sistema de Agenda Médica Electrónica</p>
</div>



<div class="wp-block-column is-layout-flow wp-block-column-is-layout-flow">
<hr class="wp-block-separator has-text-color has-alpha-channel-opacity has-background is-style-wide" style="background-color:#d8bf31;color:#d8bf31" />



<p class="has-text-align-center has-text-color has-background" style="color:#5b4c0d;background-color:#fff4e0;font-size:18px">Capacitación Continua en Tecnologías de la Información y Comunicación</p>
</div>
</div>



<hr class="wp-block-separator has-text-color has-alpha-channel-opacity has-background is-style-wide" style="background-color:#d8bf31;color:#d8bf31" />



<div class="wp-block-columns is-layout-flex wp-container-core-columns-is-layout-28f84493 wp-block-columns-is-layout-flex">
<div class="wp-block-column has-background is-layout-flow wp-block-column-is-layout-flow" style="background-color:#fff4e0">
<figure class="wp-block-image aligncenter size-full"><img loading="lazy" decoding="async" width="871" height="495" src="https://www.ssaver.gob.mx/saluddigital/wp-content/uploads/sites/34/2022/10/INFOGSALUDDIGITAL1.jpg" alt="" class="wp-image-635" srcset="https://www.ssaver.gob.mx/saluddigital/wp-content/uploads/sites/34/2022/10/INFOGSALUDDIGITAL1.jpg 871w, https://www.ssaver.gob.mx/saluddigital/wp-content/uploads/sites/34/2022/10/INFOGSALUDDIGITAL1-300x170.jpg 300w, https://www.ssaver.gob.mx/saluddigital/wp-content/uploads/sites/34/2022/10/INFOGSALUDDIGITAL1-768x436.jpg 768w" sizes="auto, (max-width: 871px) 100vw, 871px" /></figure>



<figure class="wp-block-image aligncenter size-full"><img loading="lazy" decoding="async" width="871" height="287" src="https://www.ssaver.gob.mx/saluddigital/wp-content/uploads/sites/34/2022/10/INFOGSALUDDIGITAL2.jpg" alt="" class="wp-image-640" srcset="https://www.ssaver.gob.mx/saluddigital/wp-content/uploads/sites/34/2022/10/INFOGSALUDDIGITAL2.jpg 871w, https://www.ssaver.gob.mx/saluddigital/wp-content/uploads/sites/34/2022/10/INFOGSALUDDIGITAL2-300x99.jpg 300w, https://www.ssaver.gob.mx/saluddigital/wp-content/uploads/sites/34/2022/10/INFOGSALUDDIGITAL2-768x253.jpg 768w" sizes="auto, (max-width: 871px) 100vw, 871px" /></figure>
</div>
</div>
</div>

<p>TELESALUD Fortalecer unidades médicas de primer nivel Ampliar la cartera de servicios a distancia mediante la Telemedicina Sistema de Agenda</p>
