{"id":580,"date":"2022-10-11T12:16:59","date_gmt":"2022-10-11T17:16:59","guid":{"rendered":"https:\/\/www.ssaver.gob.mx\/saluddigital\/?page_id=580"},"modified":"2026-04-06T10:24:38","modified_gmt":"2026-04-06T16:24:38","slug":"centro","status":"publish","type":"page","link":"https:\/\/www.ssaver.gob.mx\/saluddigital\/implementacion-de-telesalud-por-riss\/centro\/","title":{"rendered":"Implementaci\u00f3n RISS Centro"},"content":{"rendered":"\n<hr class=\"wp-block-separator has-text-color has-alpha-channel-opacity has-background is-style-wide\" style=\"background-color:#d8bf31;color:#d8bf31\" \/>\n\n\n\n<div class=\"wp-block-group is-layout-constrained wp-container-core-group-is-layout-9517baca wp-block-group-is-layout-constrained\">\n<div class=\"wp-block-columns is-layout-flex wp-container-core-columns-is-layout-28f84493 wp-block-columns-is-layout-flex\">\n<div class=\"wp-block-column is-layout-flow wp-block-column-is-layout-flow\">\n<figure class=\"wp-block-image aligncenter size-full\"><img loading=\"lazy\" decoding=\"async\" width=\"806\" height=\"760\" src=\"https:\/\/www.ssaver.gob.mx\/saluddigital\/wp-content\/uploads\/sites\/34\/2022\/10\/image-10.png\" alt=\"\" class=\"wp-image-582\" srcset=\"https:\/\/www.ssaver.gob.mx\/saluddigital\/wp-content\/uploads\/sites\/34\/2022\/10\/image-10.png 806w, https:\/\/www.ssaver.gob.mx\/saluddigital\/wp-content\/uploads\/sites\/34\/2022\/10\/image-10-300x283.png 300w, https:\/\/www.ssaver.gob.mx\/saluddigital\/wp-content\/uploads\/sites\/34\/2022\/10\/image-10-768x724.png 768w\" sizes=\"auto, (max-width: 806px) 100vw, 806px\" \/><\/figure>\n<\/div>\n\n\n\n<div class=\"wp-block-column is-layout-flow wp-block-column-is-layout-flow\">\n<div class=\"wp-block-columns is-layout-flex wp-container-core-columns-is-layout-28f84493 wp-block-columns-is-layout-flex\">\n<div class=\"wp-block-column has-background is-layout-flow wp-block-column-is-layout-flow\" style=\"background-color:#fdf5d0;flex-basis:100%\">\n<div class=\"wp-block-columns has-background is-layout-flex wp-container-core-columns-is-layout-28f84493 wp-block-columns-is-layout-flex\" style=\"background-color:#916904\">\n<div class=\"wp-block-column is-vertically-aligned-center has-white-color has-text-color is-layout-flow wp-block-column-is-layout-flow\">\n<p class=\"has-text-align-center\" style=\"font-size:22px\"><strong>JURISDICCI\u00d3N<\/strong><\/p>\n<\/div>\n\n\n\n<div class=\"wp-block-column is-vertically-aligned-center has-white-color has-text-color is-layout-flow wp-block-column-is-layout-flow\">\n<p class=\"has-text-align-center\" style=\"font-size:22px\"><strong>UNIDAD M\u00c9DICA<\/strong><\/p>\n<\/div>\n<\/div>\n\n\n\n<hr class=\"wp-block-separator has-text-color has-alpha-channel-opacity has-background is-style-wide\" style=\"background-color:#d8bf31;color:#d8bf31\" \/>\n\n\n\n<div class=\"wp-block-columns has-background is-layout-flex wp-container-core-columns-is-layout-28f84493 wp-block-columns-is-layout-flex\" style=\"background-color:#fdf5d0\">\n<div class=\"wp-block-column is-vertically-aligned-center is-layout-flow wp-block-column-is-layout-flow\">\n<p class=\"has-text-align-center has-medium-font-size\">MART\u00cdNEZ DE LA TORRE<\/p>\n<\/div>\n\n\n\n<div class=\"wp-block-column is-layout-flow wp-block-column-is-layout-flow\">\n<p class=\"has-text-align-center has-medium-font-size\">HG. Mart\u00ednez de la Torre<\/p>\n\n\n\n<p class=\"has-text-align-center has-medium-font-size\">HG Misantla<\/p>\n\n\n\n<p class=\"has-text-align-center has-medium-font-size\">H.C. Tlapacoyan<\/p>\n<\/div>\n<\/div>\n\n\n\n<hr class=\"wp-block-separator has-text-color has-alpha-channel-opacity has-background is-style-wide\" style=\"background-color:#d8bf31;color:#d8bf31\" \/>\n\n\n\n<div class=\"wp-block-columns has-background is-layout-flex wp-container-core-columns-is-layout-28f84493 wp-block-columns-is-layout-flex\" style=\"background-color:#fdf5d0\">\n<div class=\"wp-block-column is-vertically-aligned-center is-layout-flow wp-block-column-is-layout-flow\">\n<p class=\"has-text-align-center has-medium-font-size\">XALAPA<\/p>\n<\/div>\n\n\n\n<div class=\"wp-block-column is-layout-flow wp-block-column-is-layout-flow\">\n<p class=\"has-text-align-center has-medium-font-size\">C.S. Banderilla<\/p>\n\n\n\n<p class=\"has-text-align-center has-medium-font-size\">C.S. Coatepec<\/p>\n\n\n\n<p class=\"has-text-align-center has-medium-font-size\">H.G. Perote<\/p>\n\n\n\n<p class=\"has-text-align-center has-medium-font-size\">H.G. Altotonga<\/p>\n\n\n\n<p class=\"has-text-align-center has-medium-font-size\">H.C. Naolinco<\/p>\n\n\n\n<p class=\"has-text-align-center has-medium-font-size\">H.C. Coatepec<\/p>\n\n\n\n<p class=\"has-text-align-center has-medium-font-size\">H.C. Teocelo<\/p>\n\n\n\n<p class=\"has-text-align-center has-medium-font-size\">C.S. Alto Lucero<\/p>\n\n\n\n<p class=\"has-text-align-center has-medium-font-size\">H.R. Nach\u00f3n<\/p>\n\n\n\n<p class=\"has-text-align-center has-medium-font-size\"><strong>CAE<\/strong><\/p>\n\n\n\n<p class=\"has-text-align-center has-medium-font-size\"><strong>CECAN<\/strong><\/p>\n<\/div>\n<\/div>\n\n\n\n<hr class=\"wp-block-separator has-text-color has-alpha-channel-opacity has-background is-style-wide\" style=\"background-color:#d8bf31;color:#d8bf31\" \/>\n<\/div>\n<\/div>\n\n\n\n<p><\/p>\n<\/div>\n<\/div>\n<\/div>\n","protected":false},"excerpt":{"rendered":"<p>JURISDICCI\u00d3N UNIDAD M\u00c9DICA MART\u00cdNEZ DE LA TORRE HG. Mart\u00ednez de la Torre HG Misantla H.C. Tlapacoyan XALAPA C.S. Banderilla C.S.<\/p>\n","protected":false},"author":2,"featured_media":0,"parent":568,"menu_order":1,"comment_status":"closed","ping_status":"closed","template":"","meta":{"colormag_page_container_layout":"default_layout","colormag_page_sidebar_layout":"default_layout","footnotes":""},"class_list":["post-580","page","type-page","status-publish","hentry"],"_links":{"self":[{"href":"https:\/\/www.ssaver.gob.mx\/saluddigital\/wp-json\/wp\/v2\/pages\/580","targetHints":{"allow":["GET"]}}],"collection":[{"href":"https:\/\/www.ssaver.gob.mx\/saluddigital\/wp-json\/wp\/v2\/pages"}],"about":[{"href":"https:\/\/www.ssaver.gob.mx\/saluddigital\/wp-json\/wp\/v2\/types\/page"}],"author":[{"embeddable":true,"href":"https:\/\/www.ssaver.gob.mx\/saluddigital\/wp-json\/wp\/v2\/users\/2"}],"replies":[{"embeddable":true,"href":"https:\/\/www.ssaver.gob.mx\/saluddigital\/wp-json\/wp\/v2\/comments?post=580"}],"version-history":[{"count":4,"href":"https:\/\/www.ssaver.gob.mx\/saluddigital\/wp-json\/wp\/v2\/pages\/580\/revisions"}],"predecessor-version":[{"id":1469,"href":"https:\/\/www.ssaver.gob.mx\/saluddigital\/wp-json\/wp\/v2\/pages\/580\/revisions\/1469"}],"up":[{"embeddable":true,"href":"https:\/\/www.ssaver.gob.mx\/saluddigital\/wp-json\/wp\/v2\/pages\/568"}],"wp:attachment":[{"href":"https:\/\/www.ssaver.gob.mx\/saluddigital\/wp-json\/wp\/v2\/media?parent=580"}],"curies":[{"name":"wp","href":"https:\/\/api.w.org\/{rel}","templated":true}]}}

Implementación RISS Centro

<hr class="wp-block-separator has-text-color has-alpha-channel-opacity has-background is-style-wide" style="background-color:#d8bf31;color:#d8bf31" />



<div class="wp-block-group is-layout-constrained wp-container-core-group-is-layout-9517baca wp-block-group-is-layout-constrained">
<div class="wp-block-columns is-layout-flex wp-container-core-columns-is-layout-28f84493 wp-block-columns-is-layout-flex">
<div class="wp-block-column is-layout-flow wp-block-column-is-layout-flow">
<figure class="wp-block-image aligncenter size-full"><img loading="lazy" decoding="async" width="806" height="760" src="https://www.ssaver.gob.mx/saluddigital/wp-content/uploads/sites/34/2022/10/image-10.png" alt="" class="wp-image-582" srcset="https://www.ssaver.gob.mx/saluddigital/wp-content/uploads/sites/34/2022/10/image-10.png 806w, https://www.ssaver.gob.mx/saluddigital/wp-content/uploads/sites/34/2022/10/image-10-300x283.png 300w, https://www.ssaver.gob.mx/saluddigital/wp-content/uploads/sites/34/2022/10/image-10-768x724.png 768w" sizes="auto, (max-width: 806px) 100vw, 806px" /></figure>
</div>



<div class="wp-block-column is-layout-flow wp-block-column-is-layout-flow">
<div class="wp-block-columns is-layout-flex wp-container-core-columns-is-layout-28f84493 wp-block-columns-is-layout-flex">
<div class="wp-block-column has-background is-layout-flow wp-block-column-is-layout-flow" style="background-color:#fdf5d0;flex-basis:100%">
<div class="wp-block-columns has-background is-layout-flex wp-container-core-columns-is-layout-28f84493 wp-block-columns-is-layout-flex" style="background-color:#916904">
<div class="wp-block-column is-vertically-aligned-center has-white-color has-text-color is-layout-flow wp-block-column-is-layout-flow">
<p class="has-text-align-center" style="font-size:22px"><strong>JURISDICCIÓN</strong></p>
</div>



<div class="wp-block-column is-vertically-aligned-center has-white-color has-text-color is-layout-flow wp-block-column-is-layout-flow">
<p class="has-text-align-center" style="font-size:22px"><strong>UNIDAD MÉDICA</strong></p>
</div>
</div>



<hr class="wp-block-separator has-text-color has-alpha-channel-opacity has-background is-style-wide" style="background-color:#d8bf31;color:#d8bf31" />



<div class="wp-block-columns has-background is-layout-flex wp-container-core-columns-is-layout-28f84493 wp-block-columns-is-layout-flex" style="background-color:#fdf5d0">
<div class="wp-block-column is-vertically-aligned-center is-layout-flow wp-block-column-is-layout-flow">
<p class="has-text-align-center has-medium-font-size">MARTÍNEZ DE LA TORRE</p>
</div>



<div class="wp-block-column is-layout-flow wp-block-column-is-layout-flow">
<p class="has-text-align-center has-medium-font-size">HG. Martínez de la Torre</p>



<p class="has-text-align-center has-medium-font-size">HG Misantla</p>



<p class="has-text-align-center has-medium-font-size">H.C. Tlapacoyan</p>
</div>
</div>



<hr class="wp-block-separator has-text-color has-alpha-channel-opacity has-background is-style-wide" style="background-color:#d8bf31;color:#d8bf31" />



<div class="wp-block-columns has-background is-layout-flex wp-container-core-columns-is-layout-28f84493 wp-block-columns-is-layout-flex" style="background-color:#fdf5d0">
<div class="wp-block-column is-vertically-aligned-center is-layout-flow wp-block-column-is-layout-flow">
<p class="has-text-align-center has-medium-font-size">XALAPA</p>
</div>



<div class="wp-block-column is-layout-flow wp-block-column-is-layout-flow">
<p class="has-text-align-center has-medium-font-size">C.S. Banderilla</p>



<p class="has-text-align-center has-medium-font-size">C.S. Coatepec</p>



<p class="has-text-align-center has-medium-font-size">H.G. Perote</p>



<p class="has-text-align-center has-medium-font-size">H.G. Altotonga</p>



<p class="has-text-align-center has-medium-font-size">H.C. Naolinco</p>



<p class="has-text-align-center has-medium-font-size">H.C. Coatepec</p>



<p class="has-text-align-center has-medium-font-size">H.C. Teocelo</p>



<p class="has-text-align-center has-medium-font-size">C.S. Alto Lucero</p>



<p class="has-text-align-center has-medium-font-size">H.R. Nachón</p>



<p class="has-text-align-center has-medium-font-size"><strong>CAE</strong></p>



<p class="has-text-align-center has-medium-font-size"><strong>CECAN</strong></p>
</div>
</div>



<hr class="wp-block-separator has-text-color has-alpha-channel-opacity has-background is-style-wide" style="background-color:#d8bf31;color:#d8bf31" />
</div>
</div>



<p></p>
</div>
</div>
</div>

<p>JURISDICCIÓN UNIDAD MÉDICA MARTÍNEZ DE LA TORRE HG. Martínez de la Torre HG Misantla H.C. Tlapacoyan XALAPA C.S. Banderilla C.S.</p>
