{"id":591,"date":"2022-10-11T12:49:10","date_gmt":"2022-10-11T17:49:10","guid":{"rendered":"https:\/\/www.ssaver.gob.mx\/saluddigital\/?page_id=591"},"modified":"2026-04-06T10:25:38","modified_gmt":"2026-04-06T16:25:38","slug":"sur","status":"publish","type":"page","link":"https:\/\/www.ssaver.gob.mx\/saluddigital\/implementacion-de-telesalud-por-riss\/sur\/","title":{"rendered":"Implementaci\u00f3n RISS Sur"},"content":{"rendered":"\n<hr class=\"wp-block-separator has-text-color has-alpha-channel-opacity has-background is-style-wide\" style=\"background-color:#d8bf31;color:#d8bf31\" \/>\n\n\n\n<div class=\"wp-block-group is-layout-constrained wp-container-core-group-is-layout-9517baca wp-block-group-is-layout-constrained\">\n<div class=\"wp-block-columns is-layout-flex wp-container-core-columns-is-layout-28f84493 wp-block-columns-is-layout-flex\">\n<div class=\"wp-block-column is-layout-flow wp-block-column-is-layout-flow\">\n<figure class=\"wp-block-image aligncenter size-full\"><img loading=\"lazy\" decoding=\"async\" width=\"698\" height=\"714\" src=\"https:\/\/www.ssaver.gob.mx\/saluddigital\/wp-content\/uploads\/sites\/34\/2022\/10\/image-12.png\" alt=\"\" class=\"wp-image-592\" srcset=\"https:\/\/www.ssaver.gob.mx\/saluddigital\/wp-content\/uploads\/sites\/34\/2022\/10\/image-12.png 698w, https:\/\/www.ssaver.gob.mx\/saluddigital\/wp-content\/uploads\/sites\/34\/2022\/10\/image-12-293x300.png 293w\" sizes=\"auto, (max-width: 698px) 100vw, 698px\" \/><\/figure>\n<\/div>\n\n\n\n<div class=\"wp-block-column is-layout-flow wp-block-column-is-layout-flow\">\n<div class=\"wp-block-columns is-layout-flex wp-container-core-columns-is-layout-28f84493 wp-block-columns-is-layout-flex\">\n<div class=\"wp-block-column has-background is-layout-flow wp-block-column-is-layout-flow\" style=\"background-color:#fdf5d0;flex-basis:100%\">\n<div class=\"wp-block-columns has-background is-layout-flex wp-container-core-columns-is-layout-28f84493 wp-block-columns-is-layout-flex\" style=\"background-color:#916904\">\n<div class=\"wp-block-column is-vertically-aligned-center has-white-color has-text-color is-layout-flow wp-block-column-is-layout-flow\">\n<p class=\"has-text-align-center\" style=\"font-size:22px\"><strong>JURISDICCI\u00d3N<\/strong><\/p>\n<\/div>\n\n\n\n<div class=\"wp-block-column is-vertically-aligned-center has-white-color has-text-color is-layout-flow wp-block-column-is-layout-flow\">\n<p class=\"has-text-align-center\" style=\"font-size:22px\"><strong>UNIDAD M\u00c9DICA<\/strong><\/p>\n<\/div>\n<\/div>\n\n\n\n<hr class=\"wp-block-separator has-text-color has-alpha-channel-opacity has-background is-style-wide\" style=\"background-color:#d8bf31;color:#d8bf31\" \/>\n\n\n\n<div class=\"wp-block-columns has-background is-layout-flex wp-container-core-columns-is-layout-28f84493 wp-block-columns-is-layout-flex\" style=\"background-color:#fdf5d0\">\n<div class=\"wp-block-column is-vertically-aligned-center is-layout-flow wp-block-column-is-layout-flow\">\n<p class=\"has-text-align-center has-medium-font-size\">SAN ANDR\u00c9S TUXTLA<\/p>\n<\/div>\n\n\n\n<div class=\"wp-block-column is-layout-flow wp-block-column-is-layout-flow\">\n<p class=\"has-text-align-center has-medium-font-size\">C.S. San Juan Evangelista<\/p>\n\n\n\n<p class=\"has-text-align-center has-medium-font-size\">C.S. Hueyapan De Ocampo<\/p>\n\n\n\n<p class=\"has-text-align-center has-medium-font-size\">H.G. San Andr\u00e9s Tuxtla<\/p>\n\n\n\n<p class=\"has-text-align-center has-medium-font-size\">H.G. Acayucan<\/p>\n<\/div>\n<\/div>\n\n\n\n<hr class=\"wp-block-separator has-text-color has-alpha-channel-opacity has-background is-style-wide\" style=\"background-color:#d8bf31;color:#d8bf31\" \/>\n\n\n\n<div class=\"wp-block-columns has-background is-layout-flex wp-container-core-columns-is-layout-28f84493 wp-block-columns-is-layout-flex\" style=\"background-color:#fdf5d0\">\n<div class=\"wp-block-column is-vertically-aligned-center is-layout-flow wp-block-column-is-layout-flow\">\n<p class=\"has-text-align-center has-medium-font-size\">COATZACOALCOS<\/p>\n<\/div>\n\n\n\n<div class=\"wp-block-column is-layout-flow wp-block-column-is-layout-flow\">\n<p class=\"has-text-align-center has-medium-font-size\">CESSA Tatahuicapan<\/p>\n\n\n\n<p class=\"has-text-align-center has-medium-font-size\">H.C. Tonalapan<\/p>\n\n\n\n<p class=\"has-text-align-center has-medium-font-size\">H.G Minatitl\u00e1n<\/p>\n\n\n\n<p class=\"has-text-align-center has-medium-font-size\"><strong>H.R. Coatzacoalcos<\/strong><\/p>\n<\/div>\n<\/div>\n\n\n\n<hr class=\"wp-block-separator has-text-color has-alpha-channel-opacity has-background is-style-wide\" style=\"background-color:#d8bf31;color:#d8bf31\" \/>\n<\/div>\n<\/div>\n\n\n\n<p><\/p>\n<\/div>\n<\/div>\n<\/div>\n","protected":false},"excerpt":{"rendered":"<p>JURISDICCI\u00d3N UNIDAD M\u00c9DICA SAN ANDR\u00c9S TUXTLA C.S. San Juan Evangelista C.S. Hueyapan De Ocampo H.G. San Andr\u00e9s Tuxtla H.G. Acayucan<\/p>\n","protected":false},"author":2,"featured_media":0,"parent":568,"menu_order":3,"comment_status":"closed","ping_status":"closed","template":"","meta":{"colormag_page_container_layout":"default_layout","colormag_page_sidebar_layout":"default_layout","footnotes":""},"class_list":["post-591","page","type-page","status-publish","hentry"],"_links":{"self":[{"href":"https:\/\/www.ssaver.gob.mx\/saluddigital\/wp-json\/wp\/v2\/pages\/591","targetHints":{"allow":["GET"]}}],"collection":[{"href":"https:\/\/www.ssaver.gob.mx\/saluddigital\/wp-json\/wp\/v2\/pages"}],"about":[{"href":"https:\/\/www.ssaver.gob.mx\/saluddigital\/wp-json\/wp\/v2\/types\/page"}],"author":[{"embeddable":true,"href":"https:\/\/www.ssaver.gob.mx\/saluddigital\/wp-json\/wp\/v2\/users\/2"}],"replies":[{"embeddable":true,"href":"https:\/\/www.ssaver.gob.mx\/saluddigital\/wp-json\/wp\/v2\/comments?post=591"}],"version-history":[{"count":2,"href":"https:\/\/www.ssaver.gob.mx\/saluddigital\/wp-json\/wp\/v2\/pages\/591\/revisions"}],"predecessor-version":[{"id":1471,"href":"https:\/\/www.ssaver.gob.mx\/saluddigital\/wp-json\/wp\/v2\/pages\/591\/revisions\/1471"}],"up":[{"embeddable":true,"href":"https:\/\/www.ssaver.gob.mx\/saluddigital\/wp-json\/wp\/v2\/pages\/568"}],"wp:attachment":[{"href":"https:\/\/www.ssaver.gob.mx\/saluddigital\/wp-json\/wp\/v2\/media?parent=591"}],"curies":[{"name":"wp","href":"https:\/\/api.w.org\/{rel}","templated":true}]}}

Implementación RISS Sur

<hr class="wp-block-separator has-text-color has-alpha-channel-opacity has-background is-style-wide" style="background-color:#d8bf31;color:#d8bf31" />



<div class="wp-block-group is-layout-constrained wp-container-core-group-is-layout-9517baca wp-block-group-is-layout-constrained">
<div class="wp-block-columns is-layout-flex wp-container-core-columns-is-layout-28f84493 wp-block-columns-is-layout-flex">
<div class="wp-block-column is-layout-flow wp-block-column-is-layout-flow">
<figure class="wp-block-image aligncenter size-full"><img loading="lazy" decoding="async" width="698" height="714" src="https://www.ssaver.gob.mx/saluddigital/wp-content/uploads/sites/34/2022/10/image-12.png" alt="" class="wp-image-592" srcset="https://www.ssaver.gob.mx/saluddigital/wp-content/uploads/sites/34/2022/10/image-12.png 698w, https://www.ssaver.gob.mx/saluddigital/wp-content/uploads/sites/34/2022/10/image-12-293x300.png 293w" sizes="auto, (max-width: 698px) 100vw, 698px" /></figure>
</div>



<div class="wp-block-column is-layout-flow wp-block-column-is-layout-flow">
<div class="wp-block-columns is-layout-flex wp-container-core-columns-is-layout-28f84493 wp-block-columns-is-layout-flex">
<div class="wp-block-column has-background is-layout-flow wp-block-column-is-layout-flow" style="background-color:#fdf5d0;flex-basis:100%">
<div class="wp-block-columns has-background is-layout-flex wp-container-core-columns-is-layout-28f84493 wp-block-columns-is-layout-flex" style="background-color:#916904">
<div class="wp-block-column is-vertically-aligned-center has-white-color has-text-color is-layout-flow wp-block-column-is-layout-flow">
<p class="has-text-align-center" style="font-size:22px"><strong>JURISDICCIÓN</strong></p>
</div>



<div class="wp-block-column is-vertically-aligned-center has-white-color has-text-color is-layout-flow wp-block-column-is-layout-flow">
<p class="has-text-align-center" style="font-size:22px"><strong>UNIDAD MÉDICA</strong></p>
</div>
</div>



<hr class="wp-block-separator has-text-color has-alpha-channel-opacity has-background is-style-wide" style="background-color:#d8bf31;color:#d8bf31" />



<div class="wp-block-columns has-background is-layout-flex wp-container-core-columns-is-layout-28f84493 wp-block-columns-is-layout-flex" style="background-color:#fdf5d0">
<div class="wp-block-column is-vertically-aligned-center is-layout-flow wp-block-column-is-layout-flow">
<p class="has-text-align-center has-medium-font-size">SAN ANDRÉS TUXTLA</p>
</div>



<div class="wp-block-column is-layout-flow wp-block-column-is-layout-flow">
<p class="has-text-align-center has-medium-font-size">C.S. San Juan Evangelista</p>



<p class="has-text-align-center has-medium-font-size">C.S. Hueyapan De Ocampo</p>



<p class="has-text-align-center has-medium-font-size">H.G. San Andrés Tuxtla</p>



<p class="has-text-align-center has-medium-font-size">H.G. Acayucan</p>
</div>
</div>



<hr class="wp-block-separator has-text-color has-alpha-channel-opacity has-background is-style-wide" style="background-color:#d8bf31;color:#d8bf31" />



<div class="wp-block-columns has-background is-layout-flex wp-container-core-columns-is-layout-28f84493 wp-block-columns-is-layout-flex" style="background-color:#fdf5d0">
<div class="wp-block-column is-vertically-aligned-center is-layout-flow wp-block-column-is-layout-flow">
<p class="has-text-align-center has-medium-font-size">COATZACOALCOS</p>
</div>



<div class="wp-block-column is-layout-flow wp-block-column-is-layout-flow">
<p class="has-text-align-center has-medium-font-size">CESSA Tatahuicapan</p>



<p class="has-text-align-center has-medium-font-size">H.C. Tonalapan</p>



<p class="has-text-align-center has-medium-font-size">H.G Minatitlán</p>



<p class="has-text-align-center has-medium-font-size"><strong>H.R. Coatzacoalcos</strong></p>
</div>
</div>



<hr class="wp-block-separator has-text-color has-alpha-channel-opacity has-background is-style-wide" style="background-color:#d8bf31;color:#d8bf31" />
</div>
</div>



<p></p>
</div>
</div>
</div>

<p>JURISDICCIÓN UNIDAD MÉDICA SAN ANDRÉS TUXTLA C.S. San Juan Evangelista C.S. Hueyapan De Ocampo H.G. San Andrés Tuxtla H.G. Acayucan</p>
