{"id":102,"date":"2022-06-13T12:03:45","date_gmt":"2022-06-13T17:03:45","guid":{"rendered":"https:\/\/www.ssaver.gob.mx\/seic\/?page_id=102"},"modified":"2026-02-10T12:11:14","modified_gmt":"2026-02-10T18:11:14","slug":"inicio","status":"publish","type":"page","link":"https:\/\/www.ssaver.gob.mx\/seic\/","title":{"rendered":""},"content":{"rendered":"\n<div class=\"wp-block-cover aligncenter is-light has-aspect-ratio\" style=\"border-radius:0px;margin-top:0;margin-bottom:0;padding-top:var(--wp--preset--spacing--60);padding-bottom:var(--wp--preset--spacing--60);aspect-ratio:auto;min-height:unset;\"><img decoding=\"async\" class=\"wp-block-cover__image-background wp-image-4186 size-full\" alt=\"\" src=\"https:\/\/www.ssaver.gob.mx\/tecnologias\/wp-content\/uploads\/sites\/14\/2025\/06\/Textura-varias_page-0003.jpg\" data-object-fit=\"cover\"\/><span aria-hidden=\"true\" class=\"wp-block-cover__background has-background-dim\" style=\"background-color:#efedea\"><\/span><div class=\"wp-block-cover__inner-container is-layout-flow wp-container-core-cover-is-layout-defb704a wp-block-cover-is-layout-flow\">\n<div class=\"wp-block-group is-layout-constrained wp-container-core-group-is-layout-9517baca wp-block-group-is-layout-constrained\">\n<hr class=\"wp-block-separator aligncenter has-text-color has-alpha-channel-opacity has-background is-style-wide\" style=\"margin-top:0;margin-bottom:0;background-color:#dac195;color:#dac195\"\/>\n\n\n\n<p class=\"has-text-align-center has-text-color has-link-color has-large-font-size wp-elements-bef8e9fb539b02b6feb9565ab95de85c\" style=\"color:#7a1737;margin-top:0;margin-bottom:0\"><strong>SECCIONES<\/strong><\/p>\n\n\n\n<hr class=\"wp-block-separator aligncenter has-text-color has-alpha-channel-opacity has-background is-style-wide\" style=\"margin-top:0;margin-bottom:0;background-color:#dac195;color:#dac195\"\/>\n\n\n\n<div class=\"wp-block-columns is-layout-flex wp-container-core-columns-is-layout-28f84493 wp-block-columns-is-layout-flex\">\n<div class=\"wp-block-column is-layout-flow wp-block-column-is-layout-flow\">\n<a href=\"https:\/\/www.ssaver.gob.mx\/seic\/dept\/\" target=\"_blank\" rel=\"noopener noreferrer\" class=\"banner-container\">\n  <div class=\"banner-left\">\n    <img decoding=\"async\" src=\"https:\/\/www.ssaver.gob.mx\/seic\/wp-content\/uploads\/sites\/22\/2026\/01\/ensenanza_y_t_1.png\" class=\"base\" alt=\"Bot\u00f3n para abrir sitio SEIC\">\n    <img decoding=\"async\" src=\"https:\/\/www.ssaver.gob.mx\/seic\/wp-content\/uploads\/sites\/22\/2026\/01\/ensenanza_y_t_2.png\" class=\"hover\" alt=\"\">\n  <\/div>\n  <div class=\"banner-right\">\n    <span style=\"font-size: 18px;font-weight: bold\">Ense\u00f1anza Profesional y T\u00e9cnica<\/span>\n  <\/div>\n<\/a>\n<\/div>\n\n\n\n<div class=\"wp-block-column is-layout-flow wp-block-column-is-layout-flow\">\n<a href=\"https:\/\/www.ssaver.gob.mx\/seic\/dph\" target=\"_blank\" rel=\"noopener noreferrer\" class=\"banner-container\">\n  <div class=\"banner-left\">\n    <img decoding=\"async\" src=\"https:\/\/www.ssaver.gob.mx\/seic\/wp-content\/uploads\/sites\/22\/2026\/01\/d_potencial_h1.png\" class=\"base\" alt=\"Bot\u00f3n para abrir pagina Desarrollo del Potencial Humano\">\n    <img decoding=\"async\" src=\"https:\/\/www.ssaver.gob.mx\/seic\/wp-content\/uploads\/sites\/22\/2026\/01\/d_potencial_h2.png\" class=\"hover\" alt=\"\">\n  <\/div>\n  <div class=\"banner-right\">\n    <span style=\"font-size: 15.4px;font-weight: bold\">Desarrollo del Potencial Humano<\/span>\n  <\/div>\n<\/a>\n<\/div>\n\n\n\n<div class=\"wp-block-column is-layout-flow wp-block-column-is-layout-flow\">\n<a href=\"https:\/\/www.ssaver.gob.mx\/seic\/dcec\" target=\"_blank\" rel=\"noopener noreferrer\" class=\"banner-container\">\n  <div class=\"banner-left\">\n    <img decoding=\"async\" src=\"https:\/\/www.ssaver.gob.mx\/seic\/wp-content\/uploads\/sites\/22\/2026\/01\/capacitacio_1.png\" class=\"base\" alt=\"Bot\u00f3n para abrir pagina Capacitaci\u00f3n y Educaci\u00f3n Continua\">\n    <img decoding=\"async\" src=\"https:\/\/www.ssaver.gob.mx\/seic\/wp-content\/uploads\/sites\/22\/2026\/01\/capacitacion_2.png\" class=\"hover\" alt=\"\">\n  <\/div>\n  <div class=\"banner-right\">\n    <span style=\"font-size: 18px;font-weight: bold\">Capacitaci\u00f3n y Educaci\u00f3n Continua<\/span>\n  <\/div>\n<\/a>\n<\/div>\n<\/div>\n\n\n\n<div class=\"wp-block-columns is-layout-flex wp-container-core-columns-is-layout-28f84493 wp-block-columns-is-layout-flex\">\n<div class=\"wp-block-column is-layout-flow wp-block-column-is-layout-flow\">\n<a href=\"https:\/\/www.ssaver.gob.mx\/seic\/dpi\/\" target=\"_blank\" rel=\"noopener noreferrer\" class=\"banner-container\">\n  <div class=\"banner-left\">\n    <img decoding=\"async\" src=\"https:\/\/www.ssaver.gob.mx\/seic\/wp-content\/uploads\/sites\/22\/2026\/01\/p_investigacion_1.png\" class=\"base\" alt=\"Bot\u00f3n para abrir pagina Posgrado e Investigaci\u00f3n\">\n    <img decoding=\"async\" src=\"https:\/\/www.ssaver.gob.mx\/seic\/wp-content\/uploads\/sites\/22\/2026\/01\/p_investigacion_2.png\" class=\"hover\" alt=\"\">\n  <\/div>\n  <div class=\"banner-right\">\n    <span style=\"font-size: 18px;font-weight: bold\">Posgrado e Investigaci\u00f3n<\/span>\n  <\/div>\n<\/a>\n<\/div>\n\n\n\n<div class=\"wp-block-column is-layout-flow wp-block-column-is-layout-flow\">\n<a href=\"https:\/\/www.ssaver.gob.mx\/seic\/vinacademica\" target=\"_blank\" rel=\"noopener noreferrer\" class=\"banner-container\">\n  <div class=\"banner-left\">\n    <img decoding=\"async\" src=\"https:\/\/www.ssaver.gob.mx\/seic\/wp-content\/uploads\/sites\/22\/2026\/01\/v_academica_1.png\" class=\"base\" alt=\"Bot\u00f3n para abrir pagina Vinculaci\u00f3n Acad\u00e9mica\">\n    <img decoding=\"async\" src=\"https:\/\/www.ssaver.gob.mx\/seic\/wp-content\/uploads\/sites\/22\/2026\/01\/v_academica_2.png\" class=\"hover\" alt=\"\">\n  <\/div>\n  <div class=\"banner-right\">\n    <span style=\"font-size: 18px;font-weight: bold\">Vinculaci\u00f3n Acad\u00e9mica<\/span>\n  <\/div>\n<\/a>\n<\/div>\n\n\n\n<div class=\"wp-block-column is-layout-flow wp-block-column-is-layout-flow\">\n<a href=\"https:\/\/www.ssaver.gob.mx\/seic\/cifcrhisev\" target=\"_blank\" rel=\"noopener noreferrer\" class=\"banner-container\">\n  <div class=\"banner-left\">\n    <img decoding=\"async\" src=\"https:\/\/www.ssaver.gob.mx\/seic\/wp-content\/uploads\/sites\/22\/2026\/01\/CIFCRHISEV_1.png\" class=\"base\" alt=\"Bot\u00f3n para abrir pagina CIFCRHISEV\">\n    <img decoding=\"async\" src=\"https:\/\/www.ssaver.gob.mx\/seic\/wp-content\/uploads\/sites\/22\/2026\/01\/CIFCRHISEV_2.png\" class=\"hover\" alt=\"\">\n  <\/div>\n  <div class=\"banner-right\">\n    <span style=\"font-size: 18px;font-weight: bold\">CIFCRHISEV<\/span>\n  <\/div>\n<\/a>\n<\/div>\n<\/div>\n\n\n\n<div class=\"wp-block-columns is-layout-flex wp-container-core-columns-is-layout-28f84493 wp-block-columns-is-layout-flex\">\n<div class=\"wp-block-column is-layout-flow wp-block-column-is-layout-flow\">\n<a href=\"https:\/\/www.ssaver.gob.mx\/seic\/cbe\/\" target=\"_blank\" rel=\"noopener noreferrer\" class=\"banner-container\">\n  <div class=\"banner-left\">\n    <img decoding=\"async\" src=\"https:\/\/www.ssaver.gob.mx\/seic\/wp-content\/uploads\/sites\/22\/2026\/01\/C_DE_BIOETICA_1.png\" class=\"base\" alt=\"Bot\u00f3n para abrir pagina Comisi\u00f3n de Bio\u00e9tica\">\n    <img decoding=\"async\" src=\"https:\/\/www.ssaver.gob.mx\/seic\/wp-content\/uploads\/sites\/22\/2026\/01\/C_DE_BIOETICA_2.png\" class=\"hover\" alt=\"\">\n  <\/div>\n  <div class=\"banner-right\">\n    <span style=\"font-size: 18px;font-weight: bold\">Comisi\u00f3n de Bio\u00e9tica del Estado de Veracruz de Ignacio de la Llave<\/span>\n  <\/div>\n<\/a>\n<\/div>\n\n\n\n<div class=\"wp-block-column is-layout-flow wp-block-column-is-layout-flow\">\n<a href=\"https:\/\/www.ssaver.gob.mx\/seic\/directorio\" target=\"_blank\" rel=\"noopener noreferrer\" class=\"banner-container\">\n  <div class=\"banner-left\">\n    <img decoding=\"async\" src=\"https:\/\/www.ssaver.gob.mx\/seic\/wp-content\/uploads\/sites\/22\/2026\/01\/DIRECTORIO_SUBDIREC_1.png\" class=\"base\" alt=\"Bot\u00f3n para abrir pagina Directorio Ense\u00f1anza\">\n    <img decoding=\"async\" src=\"https:\/\/www.ssaver.gob.mx\/seic\/wp-content\/uploads\/sites\/22\/2026\/01\/DIRECTORIO_SUBDIREC_2.png\" class=\"hover\" alt=\"\">\n  <\/div>\n  <div class=\"banner-right\">\n    <span style=\"font-size: 18px;font-weight: bold\">Directorio de la Subdirecci\u00f3n de Ense\u00f1anza<\/span>\n  <\/div>\n<\/a>\n<\/div>\n<\/div>\n<\/div>\n<\/div><\/div>\n\n\n\n<div class=\"wp-block-group is-layout-constrained wp-container-core-group-is-layout-9517baca wp-block-group-is-layout-constrained\">\n<h1 class=\"wp-block-heading has-text-align-center has-text-color has-large-font-size\" style=\"color:#7a1737;margin-top:0;margin-bottom:0;padding-top:var(--wp--preset--spacing--40);padding-bottom:var(--wp--preset--spacing--40);font-style:normal;font-weight:500\"><strong>Solicitud de Beca para residencia m\u00e9dica<\/strong><\/h1>\n\n\n\n<hr class=\"wp-block-separator aligncenter has-text-color has-alpha-channel-opacity has-background is-style-wide\" style=\"margin-top:var(--wp--preset--spacing--20);margin-bottom:var(--wp--preset--spacing--20);background-color:#dac195;color:#dac195\"\/>\n\n\n\n<figure class=\"wp-block-image aligncenter size-full\"><img loading=\"lazy\" decoding=\"async\" width=\"2560\" height=\"1280\" src=\"https:\/\/www.ssaver.gob.mx\/seic\/wp-content\/uploads\/sites\/22\/2025\/12\/Banner-de-Becas-scaled.png\" alt=\"\" class=\"wp-image-3986\" srcset=\"https:\/\/www.ssaver.gob.mx\/seic\/wp-content\/uploads\/sites\/22\/2025\/12\/Banner-de-Becas-scaled.png 2560w, https:\/\/www.ssaver.gob.mx\/seic\/wp-content\/uploads\/sites\/22\/2025\/12\/Banner-de-Becas-300x150.png 300w, https:\/\/www.ssaver.gob.mx\/seic\/wp-content\/uploads\/sites\/22\/2025\/12\/Banner-de-Becas-1024x512.png 1024w, https:\/\/www.ssaver.gob.mx\/seic\/wp-content\/uploads\/sites\/22\/2025\/12\/Banner-de-Becas-768x384.png 768w, https:\/\/www.ssaver.gob.mx\/seic\/wp-content\/uploads\/sites\/22\/2025\/12\/Banner-de-Becas-1536x768.png 1536w, https:\/\/www.ssaver.gob.mx\/seic\/wp-content\/uploads\/sites\/22\/2025\/12\/Banner-de-Becas-2048x1024.png 2048w\" sizes=\"auto, (max-width: 2560px) 100vw, 2560px\" \/><\/figure>\n<\/div>\n","protected":false},"excerpt":{"rendered":"<p>Solicitud de Beca para residencia m\u00e9dica<\/p>\n","protected":false},"author":31,"featured_media":0,"parent":0,"menu_order":0,"comment_status":"closed","ping_status":"closed","template":"","meta":{"colormag_page_container_layout":"default_layout","colormag_page_sidebar_layout":"default_layout","footnotes":""},"class_list":["post-102","page","type-page","status-publish","hentry"],"_links":{"self":[{"href":"https:\/\/www.ssaver.gob.mx\/seic\/wp-json\/wp\/v2\/pages\/102","targetHints":{"allow":["GET"]}}],"collection":[{"href":"https:\/\/www.ssaver.gob.mx\/seic\/wp-json\/wp\/v2\/pages"}],"about":[{"href":"https:\/\/www.ssaver.gob.mx\/seic\/wp-json\/wp\/v2\/types\/page"}],"author":[{"embeddable":true,"href":"https:\/\/www.ssaver.gob.mx\/seic\/wp-json\/wp\/v2\/users\/31"}],"replies":[{"embeddable":true,"href":"https:\/\/www.ssaver.gob.mx\/seic\/wp-json\/wp\/v2\/comments?post=102"}],"version-history":[{"count":366,"href":"https:\/\/www.ssaver.gob.mx\/seic\/wp-json\/wp\/v2\/pages\/102\/revisions"}],"predecessor-version":[{"id":4115,"href":"https:\/\/www.ssaver.gob.mx\/seic\/wp-json\/wp\/v2\/pages\/102\/revisions\/4115"}],"wp:attachment":[{"href":"https:\/\/www.ssaver.gob.mx\/seic\/wp-json\/wp\/v2\/media?parent=102"}],"curies":[{"name":"wp","href":"https:\/\/api.w.org\/{rel}","templated":true}]}}

<div class="wp-block-cover aligncenter is-light has-aspect-ratio" style="border-radius:0px;margin-top:0;margin-bottom:0;padding-top:var(--wp--preset--spacing--60);padding-bottom:var(--wp--preset--spacing--60);aspect-ratio:auto;min-height:unset;"><img decoding="async" class="wp-block-cover__image-background wp-image-4186 size-full" alt="" src="https://www.ssaver.gob.mx/tecnologias/wp-content/uploads/sites/14/2025/06/Textura-varias_page-0003.jpg" data-object-fit="cover"/><span aria-hidden="true" class="wp-block-cover__background has-background-dim" style="background-color:#efedea"></span><div class="wp-block-cover__inner-container is-layout-flow wp-container-core-cover-is-layout-defb704a wp-block-cover-is-layout-flow">
<div class="wp-block-group is-layout-constrained wp-container-core-group-is-layout-9517baca wp-block-group-is-layout-constrained">
<hr class="wp-block-separator aligncenter has-text-color has-alpha-channel-opacity has-background is-style-wide" style="margin-top:0;margin-bottom:0;background-color:#dac195;color:#dac195"/>



<p class="has-text-align-center has-text-color has-link-color has-large-font-size wp-elements-bef8e9fb539b02b6feb9565ab95de85c" style="color:#7a1737;margin-top:0;margin-bottom:0"><strong>SECCIONES</strong></p>



<hr class="wp-block-separator aligncenter has-text-color has-alpha-channel-opacity has-background is-style-wide" style="margin-top:0;margin-bottom:0;background-color:#dac195;color:#dac195"/>



<div class="wp-block-columns is-layout-flex wp-container-core-columns-is-layout-28f84493 wp-block-columns-is-layout-flex">
<div class="wp-block-column is-layout-flow wp-block-column-is-layout-flow">
<a href="https://www.ssaver.gob.mx/seic/dept/" target="_blank" rel="noopener noreferrer" class="banner-container">
  <div class="banner-left">
    <img decoding="async" src="https://www.ssaver.gob.mx/seic/wp-content/uploads/sites/22/2026/01/ensenanza_y_t_1.png" class="base" alt="Botón para abrir sitio SEIC">
    <img decoding="async" src="https://www.ssaver.gob.mx/seic/wp-content/uploads/sites/22/2026/01/ensenanza_y_t_2.png" class="hover" alt="">
  </div>
  <div class="banner-right">
    <span style="font-size: 18px;font-weight: bold">Enseñanza Profesional y Técnica</span>
  </div>
</a>
</div>



<div class="wp-block-column is-layout-flow wp-block-column-is-layout-flow">
<a href="https://www.ssaver.gob.mx/seic/dph" target="_blank" rel="noopener noreferrer" class="banner-container">
  <div class="banner-left">
    <img decoding="async" src="https://www.ssaver.gob.mx/seic/wp-content/uploads/sites/22/2026/01/d_potencial_h1.png" class="base" alt="Botón para abrir pagina Desarrollo del Potencial Humano">
    <img decoding="async" src="https://www.ssaver.gob.mx/seic/wp-content/uploads/sites/22/2026/01/d_potencial_h2.png" class="hover" alt="">
  </div>
  <div class="banner-right">
    <span style="font-size: 15.4px;font-weight: bold">Desarrollo del Potencial Humano</span>
  </div>
</a>
</div>



<div class="wp-block-column is-layout-flow wp-block-column-is-layout-flow">
<a href="https://www.ssaver.gob.mx/seic/dcec" target="_blank" rel="noopener noreferrer" class="banner-container">
  <div class="banner-left">
    <img decoding="async" src="https://www.ssaver.gob.mx/seic/wp-content/uploads/sites/22/2026/01/capacitacio_1.png" class="base" alt="Botón para abrir pagina Capacitación y Educación Continua">
    <img decoding="async" src="https://www.ssaver.gob.mx/seic/wp-content/uploads/sites/22/2026/01/capacitacion_2.png" class="hover" alt="">
  </div>
  <div class="banner-right">
    <span style="font-size: 18px;font-weight: bold">Capacitación y Educación Continua</span>
  </div>
</a>
</div>
</div>



<div class="wp-block-columns is-layout-flex wp-container-core-columns-is-layout-28f84493 wp-block-columns-is-layout-flex">
<div class="wp-block-column is-layout-flow wp-block-column-is-layout-flow">
<a href="https://www.ssaver.gob.mx/seic/dpi/" target="_blank" rel="noopener noreferrer" class="banner-container">
  <div class="banner-left">
    <img decoding="async" src="https://www.ssaver.gob.mx/seic/wp-content/uploads/sites/22/2026/01/p_investigacion_1.png" class="base" alt="Botón para abrir pagina Posgrado e Investigación">
    <img decoding="async" src="https://www.ssaver.gob.mx/seic/wp-content/uploads/sites/22/2026/01/p_investigacion_2.png" class="hover" alt="">
  </div>
  <div class="banner-right">
    <span style="font-size: 18px;font-weight: bold">Posgrado e Investigación</span>
  </div>
</a>
</div>



<div class="wp-block-column is-layout-flow wp-block-column-is-layout-flow">
<a href="https://www.ssaver.gob.mx/seic/vinacademica" target="_blank" rel="noopener noreferrer" class="banner-container">
  <div class="banner-left">
    <img decoding="async" src="https://www.ssaver.gob.mx/seic/wp-content/uploads/sites/22/2026/01/v_academica_1.png" class="base" alt="Botón para abrir pagina Vinculación Académica">
    <img decoding="async" src="https://www.ssaver.gob.mx/seic/wp-content/uploads/sites/22/2026/01/v_academica_2.png" class="hover" alt="">
  </div>
  <div class="banner-right">
    <span style="font-size: 18px;font-weight: bold">Vinculación Académica</span>
  </div>
</a>
</div>



<div class="wp-block-column is-layout-flow wp-block-column-is-layout-flow">
<a href="https://www.ssaver.gob.mx/seic/cifcrhisev" target="_blank" rel="noopener noreferrer" class="banner-container">
  <div class="banner-left">
    <img decoding="async" src="https://www.ssaver.gob.mx/seic/wp-content/uploads/sites/22/2026/01/CIFCRHISEV_1.png" class="base" alt="Botón para abrir pagina CIFCRHISEV">
    <img decoding="async" src="https://www.ssaver.gob.mx/seic/wp-content/uploads/sites/22/2026/01/CIFCRHISEV_2.png" class="hover" alt="">
  </div>
  <div class="banner-right">
    <span style="font-size: 18px;font-weight: bold">CIFCRHISEV</span>
  </div>
</a>
</div>
</div>



<div class="wp-block-columns is-layout-flex wp-container-core-columns-is-layout-28f84493 wp-block-columns-is-layout-flex">
<div class="wp-block-column is-layout-flow wp-block-column-is-layout-flow">
<a href="https://www.ssaver.gob.mx/seic/cbe/" target="_blank" rel="noopener noreferrer" class="banner-container">
  <div class="banner-left">
    <img decoding="async" src="https://www.ssaver.gob.mx/seic/wp-content/uploads/sites/22/2026/01/C_DE_BIOETICA_1.png" class="base" alt="Botón para abrir pagina Comisión de Bioética">
    <img decoding="async" src="https://www.ssaver.gob.mx/seic/wp-content/uploads/sites/22/2026/01/C_DE_BIOETICA_2.png" class="hover" alt="">
  </div>
  <div class="banner-right">
    <span style="font-size: 18px;font-weight: bold">Comisión de Bioética del Estado de Veracruz de Ignacio de la Llave</span>
  </div>
</a>
</div>



<div class="wp-block-column is-layout-flow wp-block-column-is-layout-flow">
<a href="https://www.ssaver.gob.mx/seic/directorio" target="_blank" rel="noopener noreferrer" class="banner-container">
  <div class="banner-left">
    <img decoding="async" src="https://www.ssaver.gob.mx/seic/wp-content/uploads/sites/22/2026/01/DIRECTORIO_SUBDIREC_1.png" class="base" alt="Botón para abrir pagina Directorio Enseñanza">
    <img decoding="async" src="https://www.ssaver.gob.mx/seic/wp-content/uploads/sites/22/2026/01/DIRECTORIO_SUBDIREC_2.png" class="hover" alt="">
  </div>
  <div class="banner-right">
    <span style="font-size: 18px;font-weight: bold">Directorio de la Subdirección de Enseñanza</span>
  </div>
</a>
</div>
</div>
</div>
</div></div>



<div class="wp-block-group is-layout-constrained wp-container-core-group-is-layout-9517baca wp-block-group-is-layout-constrained">
<h1 class="wp-block-heading has-text-align-center has-text-color has-large-font-size" style="color:#7a1737;margin-top:0;margin-bottom:0;padding-top:var(--wp--preset--spacing--40);padding-bottom:var(--wp--preset--spacing--40);font-style:normal;font-weight:500"><strong>Solicitud de Beca para residencia médica</strong></h1>



<hr class="wp-block-separator aligncenter has-text-color has-alpha-channel-opacity has-background is-style-wide" style="margin-top:var(--wp--preset--spacing--20);margin-bottom:var(--wp--preset--spacing--20);background-color:#dac195;color:#dac195"/>



<figure class="wp-block-image aligncenter size-full"><img loading="lazy" decoding="async" width="2560" height="1280" src="https://www.ssaver.gob.mx/seic/wp-content/uploads/sites/22/2025/12/Banner-de-Becas-scaled.png" alt="" class="wp-image-3986" srcset="https://www.ssaver.gob.mx/seic/wp-content/uploads/sites/22/2025/12/Banner-de-Becas-scaled.png 2560w, https://www.ssaver.gob.mx/seic/wp-content/uploads/sites/22/2025/12/Banner-de-Becas-300x150.png 300w, https://www.ssaver.gob.mx/seic/wp-content/uploads/sites/22/2025/12/Banner-de-Becas-1024x512.png 1024w, https://www.ssaver.gob.mx/seic/wp-content/uploads/sites/22/2025/12/Banner-de-Becas-768x384.png 768w, https://www.ssaver.gob.mx/seic/wp-content/uploads/sites/22/2025/12/Banner-de-Becas-1536x768.png 1536w, https://www.ssaver.gob.mx/seic/wp-content/uploads/sites/22/2025/12/Banner-de-Becas-2048x1024.png 2048w" sizes="auto, (max-width: 2560px) 100vw, 2560px" /></figure>
</div>

<p>Solicitud de Beca para residencia médica</p>
