{"id":1255,"date":"2023-04-04T13:10:03","date_gmt":"2023-04-04T18:10:03","guid":{"rendered":"https:\/\/www.ssaver.gob.mx\/seic\/?page_id=1255"},"modified":"2023-04-05T11:41:19","modified_gmt":"2023-04-05T16:41:19","slug":"ssocial","status":"publish","type":"page","link":"https:\/\/www.ssaver.gob.mx\/seic\/ssocial\/","title":{"rendered":"Servicio Social"},"content":{"rendered":"\n<p class=\"has-text-color has-medium-font-size\" style=\"color:#5b4c0d\"><strong>El servicio social es el ciclo acad\u00e9mico que conjunta las actividades te\u00f3rico-pr\u00e1cticas de car\u00e1cter temporal y obligatorio que contribuyen en la formaci\u00f3n profesional del estudiante, el cual le permite aplicar y reforzar sus conocimientos, habilidades, destrezas y aptitudes, realizando actividades educativas, asistenciales, de investigaci\u00f3n y difusi\u00f3n en beneficio de la poblaci\u00f3n.<\/strong><\/p>\n\n\n\n<div class=\"wp-block-group has-background is-layout-flow wp-block-group-is-layout-flow\" style=\"background-color:#fff4e0\">\n<div class=\"wp-block-group has-text-color has-background is-layout-flow wp-block-group-is-layout-flow\" style=\"color:#5b4c0d;background-color:#fff4e0\">\n<div class=\"wp-block-group is-layout-flow wp-block-group-is-layout-flow\">\n<p class=\"has-medium-font-size\">Servicios de salud de Veracruz \u00fanicamente recibe pasantes de servicio social de las carreras de la salud a trav\u00e9s del programa nacional perteneciente a la Direcci\u00f3n General de Calidad y Educaci\u00f3n en Salud, el cual cuenta con los siguientes programas, por perfiles profesionales:<\/p>\n<\/div>\n\n\n\n<div class=\"wp-block-group is-layout-flow wp-block-group-is-layout-flow\">\n<ul class=\"wp-block-list\">\n<li style=\"font-size:21px\"><strong>Medicina<\/strong><\/li>\n\n\n\n<li style=\"font-size:21px\"><strong>Enfermer\u00eda<\/strong><\/li>\n\n\n\n<li style=\"font-size:21px\"><strong>Odontolog\u00eda<\/strong><\/li>\n\n\n\n<li style=\"font-size:21px\"><strong>Carreras Afines a la Atenci\u00f3n M\u00e9dica (45 carreras)<\/strong><\/li>\n\n\n\n<li style=\"font-size:21px\"><strong>Regulaci\u00f3n Sanitaria (13 carreras)<\/strong><\/li>\n<\/ul>\n<\/div>\n<\/div>\n<\/div>\n","protected":false},"excerpt":{"rendered":"<p>El servicio social es el ciclo acad\u00e9mico que conjunta las actividades te\u00f3rico-pr\u00e1cticas de car\u00e1cter temporal y obligatorio que contribuyen en<\/p>\n","protected":false},"author":31,"featured_media":0,"parent":0,"menu_order":0,"comment_status":"closed","ping_status":"closed","template":"","meta":{"colormag_page_container_layout":"default_layout","colormag_page_sidebar_layout":"default_layout","footnotes":""},"class_list":["post-1255","page","type-page","status-publish","hentry"],"_links":{"self":[{"href":"https:\/\/www.ssaver.gob.mx\/seic\/wp-json\/wp\/v2\/pages\/1255","targetHints":{"allow":["GET"]}}],"collection":[{"href":"https:\/\/www.ssaver.gob.mx\/seic\/wp-json\/wp\/v2\/pages"}],"about":[{"href":"https:\/\/www.ssaver.gob.mx\/seic\/wp-json\/wp\/v2\/types\/page"}],"author":[{"embeddable":true,"href":"https:\/\/www.ssaver.gob.mx\/seic\/wp-json\/wp\/v2\/users\/31"}],"replies":[{"embeddable":true,"href":"https:\/\/www.ssaver.gob.mx\/seic\/wp-json\/wp\/v2\/comments?post=1255"}],"version-history":[{"count":2,"href":"https:\/\/www.ssaver.gob.mx\/seic\/wp-json\/wp\/v2\/pages\/1255\/revisions"}],"predecessor-version":[{"id":1302,"href":"https:\/\/www.ssaver.gob.mx\/seic\/wp-json\/wp\/v2\/pages\/1255\/revisions\/1302"}],"wp:attachment":[{"href":"https:\/\/www.ssaver.gob.mx\/seic\/wp-json\/wp\/v2\/media?parent=1255"}],"curies":[{"name":"wp","href":"https:\/\/api.w.org\/{rel}","templated":true}]}}

<p class="has-text-color has-medium-font-size" style="color:#5b4c0d"><strong>El servicio social es el ciclo académico que conjunta las actividades teórico-prácticas de carácter temporal y obligatorio que contribuyen en la formación profesional del estudiante, el cual le permite aplicar y reforzar sus conocimientos, habilidades, destrezas y aptitudes, realizando actividades educativas, asistenciales, de investigación y difusión en beneficio de la población.</strong></p>



<div class="wp-block-group has-background is-layout-flow wp-block-group-is-layout-flow" style="background-color:#fff4e0">
<div class="wp-block-group has-text-color has-background is-layout-flow wp-block-group-is-layout-flow" style="color:#5b4c0d;background-color:#fff4e0">
<div class="wp-block-group is-layout-flow wp-block-group-is-layout-flow">
<p class="has-medium-font-size">Servicios de salud de Veracruz únicamente recibe pasantes de servicio social de las carreras de la salud a través del programa nacional perteneciente a la Dirección General de Calidad y Educación en Salud, el cual cuenta con los siguientes programas, por perfiles profesionales:</p>
</div>



<div class="wp-block-group is-layout-flow wp-block-group-is-layout-flow">
<ul class="wp-block-list">
<li style="font-size:21px"><strong>Medicina</strong></li>



<li style="font-size:21px"><strong>Enfermería</strong></li>



<li style="font-size:21px"><strong>Odontología</strong></li>



<li style="font-size:21px"><strong>Carreras Afines a la Atención Médica (45 carreras)</strong></li>



<li style="font-size:21px"><strong>Regulación Sanitaria (13 carreras)</strong></li>
</ul>
</div>
</div>
</div>

<p>El servicio social es el ciclo académico que conjunta las actividades teórico-prácticas de carácter temporal y obligatorio que contribuyen en</p>
