{"id":1269,"date":"2023-04-05T10:07:27","date_gmt":"2023-04-05T15:07:27","guid":{"rendered":"https:\/\/www.ssaver.gob.mx\/seic\/?page_id=1269"},"modified":"2023-04-05T10:12:32","modified_gmt":"2023-04-05T15:12:32","slug":"sccotroestado","status":"publish","type":"page","link":"https:\/\/www.ssaver.gob.mx\/seic\/sccotroestado\/","title":{"rendered":"Solicitud de campo cl\u00ednico en otro Estado"},"content":{"rendered":"\n<div class=\"wp-block-group is-layout-constrained wp-block-group-is-layout-constrained\">\n<p class=\"has-text-color has-medium-font-size\" style=\"color:#5b4c0d\"><strong>Solicitud de campo cl\u00ednico para SALIR del estado:<\/strong> Estudiante que realiza sus estudios en el estado de Veracruz, que desea realizar el internado m\u00e9dico de pregrado o servicio social en otras entidades federativas.<\/p>\n\n\n\n<ul class=\"has-text-color has-medium-font-size wp-block-list\" style=\"color:#5b4c0d\">\n<li><strong><a href=\"https:\/\/www.ssaver.gob.mx\/seic\/wp-content\/uploads\/sites\/22\/2023\/04\/Solicitud-de-Campo-Clinico-para-salir-del-Estado.pdf\" target=\"_blank\" rel=\"noreferrer noopener\">Requisitos Solicitud de campo cl\u00ednico para SALIR del estado<\/a><\/strong><\/li>\n<\/ul>\n<\/div>\n\n\n\n<div class=\"wp-block-group has-text-color has-background has-medium-font-size is-layout-flow wp-block-group-is-layout-flow\" style=\"color:#5b4c0d;background-color:#fff4e0\">\n<p class=\"has-medium-font-size\"><strong>Solicitud de campo cl\u00ednico para ENTRAR al estado:<\/strong> para solicitar un campo cl\u00ednico para internado m\u00e9dico de pregrado o servicio social de las carreras de la salud en el estado de Veracruz, la Instituci\u00f3n Educativa (IE) del alumno candidato deber\u00e1 contar con convenio de colaboraci\u00f3n con la Instituci\u00f3n de Salud (IS) requerida.<\/p>\n\n\n\n<ul class=\"wp-block-list\">\n<li class=\"has-medium-font-size\"><strong><a href=\"https:\/\/www.ssaver.gob.mx\/seic\/wp-content\/uploads\/sites\/22\/2023\/04\/Solicitud-de-Campo-Clinico-para-Entrar-al-Estado.pdf\" target=\"_blank\" rel=\"noreferrer noopener\">Requisitos Solicitud de campo cl\u00ednico para ENTRAR del estado<\/a><\/strong><\/li>\n<\/ul>\n<\/div>\n","protected":false},"excerpt":{"rendered":"<p>Solicitud de campo cl\u00ednico para SALIR del estado: Estudiante que realiza sus estudios en el estado de Veracruz, que desea<\/p>\n","protected":false},"author":31,"featured_media":0,"parent":0,"menu_order":0,"comment_status":"closed","ping_status":"closed","template":"","meta":{"colormag_page_container_layout":"default_layout","colormag_page_sidebar_layout":"default_layout","footnotes":""},"class_list":["post-1269","page","type-page","status-publish","hentry"],"_links":{"self":[{"href":"https:\/\/www.ssaver.gob.mx\/seic\/wp-json\/wp\/v2\/pages\/1269","targetHints":{"allow":["GET"]}}],"collection":[{"href":"https:\/\/www.ssaver.gob.mx\/seic\/wp-json\/wp\/v2\/pages"}],"about":[{"href":"https:\/\/www.ssaver.gob.mx\/seic\/wp-json\/wp\/v2\/types\/page"}],"author":[{"embeddable":true,"href":"https:\/\/www.ssaver.gob.mx\/seic\/wp-json\/wp\/v2\/users\/31"}],"replies":[{"embeddable":true,"href":"https:\/\/www.ssaver.gob.mx\/seic\/wp-json\/wp\/v2\/comments?post=1269"}],"version-history":[{"count":5,"href":"https:\/\/www.ssaver.gob.mx\/seic\/wp-json\/wp\/v2\/pages\/1269\/revisions"}],"predecessor-version":[{"id":1278,"href":"https:\/\/www.ssaver.gob.mx\/seic\/wp-json\/wp\/v2\/pages\/1269\/revisions\/1278"}],"wp:attachment":[{"href":"https:\/\/www.ssaver.gob.mx\/seic\/wp-json\/wp\/v2\/media?parent=1269"}],"curies":[{"name":"wp","href":"https:\/\/api.w.org\/{rel}","templated":true}]}}