{"id":1920,"date":"2023-09-14T14:39:22","date_gmt":"2023-09-14T19:39:22","guid":{"rendered":"https:\/\/www.ssaver.gob.mx\/transparencia\/?page_id=1920"},"modified":"2026-03-30T14:21:10","modified_gmt":"2026-03-30T20:21:10","slug":"archivos","status":"publish","type":"page","link":"https:\/\/www.ssaver.gob.mx\/transparencia\/1260-2\/archivos\/","title":{"rendered":"Archivos"},"content":{"rendered":"\n<hr class=\"wp-block-separator aligncenter has-text-color has-alpha-channel-opacity has-background is-style-wide\" style=\"background-color:#d8bf31;color:#d8bf31\" \/>\n\n\n\n<div class=\"wp-block-group is-layout-constrained wp-container-core-group-is-layout-9517baca wp-block-group-is-layout-constrained\">\n<div class=\"wp-block-columns is-layout-flex wp-container-core-columns-is-layout-9c22b1e3 wp-block-columns-is-layout-flex\">\n<div class=\"wp-block-column is-vertically-aligned-stretch is-layout-flow wp-container-core-column-is-layout-c43c6636 wp-block-column-is-layout-flow\" style=\"padding-right:0;padding-left:0;flex-basis:100%\">\n<div class=\"wp-block-cover wp-elements-9e65c71d123a8d2fde1e073259d6bc0d has-aspect-ratio\" style=\"margin-top:0;margin-bottom:0;padding-top:0;padding-right:0;padding-bottom:0;padding-left:0;aspect-ratio:auto;min-height:unset;\"><img decoding=\"async\" class=\"wp-block-cover__image-background wp-image-5220 size-full\" alt=\"\" src=\"https:\/\/www.ssaver.gob.mx\/tecnologias\/wp-content\/uploads\/sites\/14\/2025\/09\/textura_areas_TI-scaled.png\" style=\"object-position:15% 27%\" data-object-fit=\"cover\" data-object-position=\"15% 27%\" \/><span aria-hidden=\"true\" class=\"wp-block-cover__background has-background-dim-100 has-background-dim\" style=\"background-color:#720f37\"><\/span><div class=\"wp-block-cover__inner-container is-layout-constrained wp-container-core-cover-is-layout-72190d31 wp-block-cover-is-layout-constrained\">\n<p class=\"has-text-align-center\" style=\"font-size:28px\"><strong>Archivos<\/strong><\/p>\n<\/div><\/div>\n<\/div>\n<\/div>\n\n\n\n<div class=\"wp-block-columns is-layout-flex wp-container-core-columns-is-layout-b2864ded wp-block-columns-is-layout-flex\" style=\"margin-top:0;margin-bottom:0;padding-top:0;padding-bottom:0\">\n<div class=\"wp-block-column is-vertically-aligned-center has-background is-layout-flow wp-block-column-is-layout-flow\" style=\"background:linear-gradient(180deg,rgb(233,231,225) 32%,rgba(232,230,225,0) 100%);padding-top:var(--wp--preset--spacing--40);padding-right:var(--wp--preset--spacing--40);padding-bottom:var(--wp--preset--spacing--40);padding-left:var(--wp--preset--spacing--70);flex-basis:100%\">\n<hr class=\"wp-block-separator aligncenter has-text-color has-alpha-channel-opacity has-background is-style-wide\" style=\"margin-top:var(--wp--preset--spacing--20);margin-bottom:var(--wp--preset--spacing--20);background-color:#d6af4d;color:#d6af4d\" \/>\n\n\n\n<div class=\"wp-block-group is-layout-constrained wp-block-group-is-layout-constrained\">\n<h1 class=\"wp-block-heading has-text-align-center has-white-color has-text-color has-background has-link-color wp-elements-62315823a2c8b64301a6a74f29f37885\" style=\"background-color:#7a1737;font-size:16px\"><strong>Instrumentos archiv\u00edsticos<\/strong><\/h1>\n<\/div>\n\n\n\n<p class=\"has-medium-font-size\"><a href=\"https:\/\/www.ssaver.gob.mx\/transparencia\/wp-content\/uploads\/sites\/7\/2025\/07\/CUADRO_DE_CLASIFICACION.pdf\">Cuadro general de clasificaci\u00f3n archiv\u00edstica y cat\u00e1logo de disposici\u00f3n documental<\/a><\/p>\n\n\n\n<p class=\"has-medium-font-size\"><a href=\"https:\/\/www.ssaver.gob.mx\/transparencia\/wp-content\/uploads\/sites\/7\/2025\/12\/GUIA-SIMPLE-DE-ARCHIVO-2025.pdf\">Gu\u00eda simple de archivo<\/a><\/p>\n\n\n\n<p class=\"has-medium-font-size\"><a href=\"https:\/\/www.ssaver.gob.mx\/transparencia\/wp-content\/uploads\/sites\/7\/2026\/03\/PADA_2026.pdf\" target=\"_blank\" rel=\"noreferrer noopener\">Programa anual de desarrollo archiv\u00edstico 2026 (PADA)<\/a><\/p>\n\n\n\n<p class=\"has-medium-font-size\"><a href=\"https:\/\/www.ssaver.gob.mx\/transparencia\/wp-content\/uploads\/sites\/7\/2025\/12\/PROGRAMA-ANUAL-DE-DESARROLLO-ARCHIVISTICO-PADA-2025.pdf\" target=\"_blank\" rel=\"noreferrer noopener\">Programa anual de desarrollo archiv\u00edstico 2025 (PADA)<\/a><\/p>\n\n\n\n<p class=\"has-medium-font-size\"><a href=\"https:\/\/www.ssaver.gob.mx\/transparencia\/wp-content\/uploads\/sites\/7\/2026\/03\/ARCHIVISTICO_2025.pdf\" target=\"_blank\" rel=\"noreferrer noopener\">Informe de cumplimiento de desarrollo archiv\u00edstico 2025<\/a><\/p>\n\n\n\n<p class=\"has-medium-font-size\"><a href=\"https:\/\/www.ssaver.gob.mx\/transparencia\/wp-content\/uploads\/sites\/7\/2025\/12\/INFORME-DE-CUMPLIMIENTO-DE-DESARROLLO-ARCHIVISTICO-2024.pdf\" target=\"_blank\" rel=\"noreferrer noopener\">Informe de cumplimiento de desarrollo archiv\u00edstico 2024<\/a><\/p>\n\n\n\n<p class=\"has-medium-font-size\"><a href=\"https:\/\/drive.google.com\/file\/d\/1AySuKcNyFETS0gY0uIrIot0njz6y4rNo\/view?usp=sharing\">INSTRUMENTOS DE CONTROL ARCHIV\u00cdSTICO (Incluye el Cuadro General de Clasificaci\u00f3n Archiv\u00edstica y Cat\u00e1logo de Disposici\u00f3n Documental)<\/a><\/p>\n\n\n\n<p class=\"has-medium-font-size\"><a href=\"https:\/\/www.ssaver.gob.mx\/transparencia\/wp-content\/uploads\/sites\/7\/2025\/01\/ANEXO_V_FORMATO_PARA_ENTREGA_RECEPCION.docx\" target=\"_blank\" rel=\"noreferrer noopener\">Formato para Entrega-Recepci\u00f3n: Relaci\u00f3n de documentaci\u00f3n activa en archivo de tr\u00e1mite (MS-Word)<\/a><\/p>\n\n\n\n<p class=\"has-medium-font-size\"><a href=\"https:\/\/drive.google.com\/file\/d\/1OmGwLGL0X2pOffEPzTFDCW_0heAeZGyA\/view?usp=sharing\">Reglas de Operaci\u00f3n (PDF)<\/a><\/p>\n\n\n\n<p class=\"has-medium-font-size\"><a href=\"https:\/\/www.ssaver.gob.mx\/transparencia\/wp-content\/uploads\/sites\/7\/2025\/01\/FICHA_DE_VALORACION_DOCUMENTAL.docx\" target=\"_blank\" rel=\"noreferrer noopener\">Formato de Ficha de Valoraci\u00f3n Documental (MS-Word)<\/a><\/p>\n\n\n\n<p class=\"has-medium-font-size\"><a href=\"https:\/\/www.ssaver.gob.mx\/transparencia\/wp-content\/uploads\/sites\/7\/2023\/04\/FICHA-DE-VALORACION-DOCUMENTAL-EJEMPLO.pdf\">Ejemplo de Ficha de Valoraci\u00f3n Documental (PDF)<\/a><\/p>\n\n\n\n<p class=\"has-medium-font-size\"><a href=\"https:\/\/www.ssaver.gob.mx\/transparencia\/wp-content\/uploads\/sites\/7\/2025\/01\/INVENTARIO_DE_BAJA_DOCUMENTAL_SIMPLE.docx\">Inventario de Baja Documental Simple<\/a><\/p>\n\n\n\n<p class=\"has-medium-font-size\"><a href=\"https:\/\/drive.google.com\/drive\/folders\/1hr9_KClmsNDnAQWiVQGmFDg9i2Gs6966?usp=sharing\" data-type=\"link\" data-id=\"https:\/\/drive.google.com\/drive\/folders\/1hr9_KClmsNDnAQWiVQGmFDg9i2Gs6966?usp=sharing\">Actas de baja documental hist\u00f3ricas<\/a><\/p>\n\n\n\n<p class=\"has-medium-font-size\"><a href=\"https:\/\/www.ssaver.gob.mx\/transparencia\/wp-content\/uploads\/sites\/7\/2025\/01\/CARATULA_DE_EXPEDIENTE.docx\" target=\"_blank\" rel=\"noreferrer noopener\">Caratula de expediente<\/a><\/p>\n\n\n\n<p class=\"has-medium-font-size\"><a href=\"https:\/\/www.ssaver.gob.mx\/transparencia\/wp-content\/uploads\/sites\/7\/2025\/01\/INVENTARIO_DE_BAJA_DOCUMENTAL.docx\" target=\"_blank\" rel=\"noreferrer noopener\">Inventario de baja documental<\/a><\/p>\n\n\n\n<p class=\"has-medium-font-size\"><a href=\"https:\/\/www.ssaver.gob.mx\/transparencia\/wp-content\/uploads\/sites\/7\/2025\/01\/INVENTARIO_GENERAL_EN_ARCHIVO_DE_TRAMITE.docx\" target=\"_blank\" rel=\"noreferrer noopener\">Inventario general en archivo de tr\u00e1mite (MS-Word)<\/a><\/p>\n\n\n\n<p class=\"has-medium-font-size\"><a href=\"https:\/\/www.ssaver.gob.mx\/transparencia\/wp-content\/uploads\/sites\/7\/2025\/01\/LOMO_DE_CARPETA.docx\" target=\"_blank\" rel=\"noreferrer noopener\">LOMO DE CARPETA<\/a><\/p>\n\n\n\n<p class=\"has-medium-font-size\"><a href=\"https:\/\/www.ssaver.gob.mx\/transparencia\/wp-content\/uploads\/sites\/7\/2025\/01\/INVENTARIO_DE_TRANSFERENCIA_PRIMARIA.docx\" target=\"_blank\" rel=\"noreferrer noopener\">Inventario de Transferencia Primaria (MS-Word)<\/a><\/p>\n\n\n\n<p class=\"has-medium-font-size\"><a href=\"https:\/\/www.ssaver.gob.mx\/transparencia\/wp-content\/uploads\/sites\/7\/2025\/01\/CALENDARIO_DE_CADUCIDADES.docx\" target=\"_blank\" rel=\"noreferrer noopener\">Calendario de Caducidades (MS-Word)<\/a><\/p>\n\n\n\n<p class=\"has-medium-font-size\"><a href=\"https:\/\/www.ssaver.gob.mx\/transparencia\/wp-content\/uploads\/sites\/7\/2025\/01\/FORMATO_DE_REVISION_Y_VALORACION_PARA_BAJA_DOCUMENTAL.docx\" target=\"_blank\" rel=\"noreferrer noopener\">Formato de Revisi\u00f3n y Valoraci\u00f3n para baja documental<\/a><\/p>\n\n\n\n<p class=\"has-medium-font-size\"><a href=\"https:\/\/www.ssaver.gob.mx\/transparencia\/wp-content\/uploads\/sites\/7\/2026\/03\/CEDULA_IDENTIFICACION.pdf\">C\u00e9dula de identificaci\u00f3n de caja o paquete<\/a><\/p>\n\n\n\n<p class=\"has-medium-font-size\"><a href=\"https:\/\/www.ssaver.gob.mx\/transparencia\/wp-content\/uploads\/sites\/7\/2026\/03\/HOJA_COTEJO.pdf\">Hoja de cotejo archivo de concentraci\u00f3n<\/a> <\/p>\n\n\n\n<p><\/p>\n\n\n\n<p>&#8212;&#8212;&#8212;&#8212;&#8212;&#8212;&#8212;&#8212;&#8212;&#8212;&#8212;&#8212;&#8212;&#8212;&#8212;&#8212;&#8212;&#8212;&#8212;&#8212;&#8212;&#8212;&#8212;&#8212;&#8212;&#8212;&#8212;&#8212;&#8212;&#8212;&#8212;&#8212;&#8212;&#8212;&#8212;&#8212;&#8212;&#8212;&#8212;&#8212;&#8212;&#8212;&#8212;&#8212;&#8212;&#8212;&#8212;&#8212;&#8212;&#8212;&#8212;&#8212;&#8212;&#8212;&#8212;&#8212;&#8212;&#8212;&#8212;&#8212;&#8212;&#8212;&#8212;&#8212;&#8212;&#8212;&#8212;&#8212;&#8212;&#8212;&#8212;&#8212;&#8212;&#8212;&#8212;&#8212;&#8212;&#8212;&#8212;&#8212;&#8212;&#8212;&#8212;&#8212;&#8212;<\/p>\n\n\n\n<h3 class=\"wp-block-heading has-medium-font-size\"><strong><a href=\"https:\/\/www.ssaver.gob.mx\/transparencia\/1260-2\/archivos\/sia\/\">SISTEMA INSTITUCIONAL DE ARCHIVO<\/a><\/strong><\/h3>\n\n\n\n<p class=\"has-medium-font-size\"><a href=\"https:\/\/drive.google.com\/drive\/folders\/140HmI9w-TUvTTYdWanGXnuLFjQZPouqT?usp=sharing\"><strong>INVENTARIO GENERAL DE ARCHIVO<\/strong><\/a><\/p>\n\n\n\n<p><\/p>\n<\/div>\n<\/div>\n<\/div>\n","protected":false},"excerpt":{"rendered":"<p>Instrumentos archiv\u00edsticos Cuadro general de clasificaci\u00f3n archiv\u00edstica y cat\u00e1logo de disposici\u00f3n documental Gu\u00eda simple de archivo Programa anual de desarrollo<\/p>\n","protected":false},"author":18,"featured_media":0,"parent":1260,"menu_order":1,"comment_status":"closed","ping_status":"closed","template":"","meta":{"colormag_page_container_layout":"default_layout","colormag_page_sidebar_layout":"default_layout","footnotes":""},"class_list":["post-1920","page","type-page","status-publish","hentry"],"_links":{"self":[{"href":"https:\/\/www.ssaver.gob.mx\/transparencia\/wp-json\/wp\/v2\/pages\/1920","targetHints":{"allow":["GET"]}}],"collection":[{"href":"https:\/\/www.ssaver.gob.mx\/transparencia\/wp-json\/wp\/v2\/pages"}],"about":[{"href":"https:\/\/www.ssaver.gob.mx\/transparencia\/wp-json\/wp\/v2\/types\/page"}],"author":[{"embeddable":true,"href":"https:\/\/www.ssaver.gob.mx\/transparencia\/wp-json\/wp\/v2\/users\/18"}],"replies":[{"embeddable":true,"href":"https:\/\/www.ssaver.gob.mx\/transparencia\/wp-json\/wp\/v2\/comments?post=1920"}],"version-history":[{"count":57,"href":"https:\/\/www.ssaver.gob.mx\/transparencia\/wp-json\/wp\/v2\/pages\/1920\/revisions"}],"predecessor-version":[{"id":4301,"href":"https:\/\/www.ssaver.gob.mx\/transparencia\/wp-json\/wp\/v2\/pages\/1920\/revisions\/4301"}],"up":[{"embeddable":true,"href":"https:\/\/www.ssaver.gob.mx\/transparencia\/wp-json\/wp\/v2\/pages\/1260"}],"wp:attachment":[{"href":"https:\/\/www.ssaver.gob.mx\/transparencia\/wp-json\/wp\/v2\/media?parent=1920"}],"curies":[{"name":"wp","href":"https:\/\/api.w.org\/{rel}","templated":true}]}}

<hr class="wp-block-separator aligncenter has-text-color has-alpha-channel-opacity has-background is-style-wide" style="background-color:#d8bf31;color:#d8bf31" />



<div class="wp-block-group is-layout-constrained wp-container-core-group-is-layout-9517baca wp-block-group-is-layout-constrained">
<div class="wp-block-columns is-layout-flex wp-container-core-columns-is-layout-9c22b1e3 wp-block-columns-is-layout-flex">
<div class="wp-block-column is-vertically-aligned-stretch is-layout-flow wp-container-core-column-is-layout-c43c6636 wp-block-column-is-layout-flow" style="padding-right:0;padding-left:0;flex-basis:100%">
<div class="wp-block-cover wp-elements-9e65c71d123a8d2fde1e073259d6bc0d has-aspect-ratio" style="margin-top:0;margin-bottom:0;padding-top:0;padding-right:0;padding-bottom:0;padding-left:0;aspect-ratio:auto;min-height:unset;"><img decoding="async" class="wp-block-cover__image-background wp-image-5220 size-full" alt="" src="https://www.ssaver.gob.mx/tecnologias/wp-content/uploads/sites/14/2025/09/textura_areas_TI-scaled.png" style="object-position:15% 27%" data-object-fit="cover" data-object-position="15% 27%" /><span aria-hidden="true" class="wp-block-cover__background has-background-dim-100 has-background-dim" style="background-color:#720f37"></span><div class="wp-block-cover__inner-container is-layout-constrained wp-container-core-cover-is-layout-72190d31 wp-block-cover-is-layout-constrained">
<p class="has-text-align-center" style="font-size:28px"><strong>Archivos</strong></p>
</div></div>
</div>
</div>



<div class="wp-block-columns is-layout-flex wp-container-core-columns-is-layout-b2864ded wp-block-columns-is-layout-flex" style="margin-top:0;margin-bottom:0;padding-top:0;padding-bottom:0">
<div class="wp-block-column is-vertically-aligned-center has-background is-layout-flow wp-block-column-is-layout-flow" style="background:linear-gradient(180deg,rgb(233,231,225) 32%,rgba(232,230,225,0) 100%);padding-top:var(--wp--preset--spacing--40);padding-right:var(--wp--preset--spacing--40);padding-bottom:var(--wp--preset--spacing--40);padding-left:var(--wp--preset--spacing--70);flex-basis:100%">
<hr class="wp-block-separator aligncenter has-text-color has-alpha-channel-opacity has-background is-style-wide" style="margin-top:var(--wp--preset--spacing--20);margin-bottom:var(--wp--preset--spacing--20);background-color:#d6af4d;color:#d6af4d" />



<div class="wp-block-group is-layout-constrained wp-block-group-is-layout-constrained">
<h1 class="wp-block-heading has-text-align-center has-white-color has-text-color has-background has-link-color wp-elements-62315823a2c8b64301a6a74f29f37885" style="background-color:#7a1737;font-size:16px"><strong>Instrumentos archivísticos</strong></h1>
</div>



<p class="has-medium-font-size"><a href="https://www.ssaver.gob.mx/transparencia/wp-content/uploads/sites/7/2025/07/CUADRO_DE_CLASIFICACION.pdf">Cuadro general de clasificación archivística y catálogo de disposición documental</a></p>



<p class="has-medium-font-size"><a href="https://www.ssaver.gob.mx/transparencia/wp-content/uploads/sites/7/2025/12/GUIA-SIMPLE-DE-ARCHIVO-2025.pdf">Guía simple de archivo</a></p>



<p class="has-medium-font-size"><a href="https://www.ssaver.gob.mx/transparencia/wp-content/uploads/sites/7/2026/03/PADA_2026.pdf" target="_blank" rel="noreferrer noopener">Programa anual de desarrollo archivístico 2026 (PADA)</a></p>



<p class="has-medium-font-size"><a href="https://www.ssaver.gob.mx/transparencia/wp-content/uploads/sites/7/2025/12/PROGRAMA-ANUAL-DE-DESARROLLO-ARCHIVISTICO-PADA-2025.pdf" target="_blank" rel="noreferrer noopener">Programa anual de desarrollo archivístico 2025 (PADA)</a></p>



<p class="has-medium-font-size"><a href="https://www.ssaver.gob.mx/transparencia/wp-content/uploads/sites/7/2026/03/ARCHIVISTICO_2025.pdf" target="_blank" rel="noreferrer noopener">Informe de cumplimiento de desarrollo archivístico 2025</a></p>



<p class="has-medium-font-size"><a href="https://www.ssaver.gob.mx/transparencia/wp-content/uploads/sites/7/2025/12/INFORME-DE-CUMPLIMIENTO-DE-DESARROLLO-ARCHIVISTICO-2024.pdf" target="_blank" rel="noreferrer noopener">Informe de cumplimiento de desarrollo archivístico 2024</a></p>



<p class="has-medium-font-size"><a href="https://drive.google.com/file/d/1AySuKcNyFETS0gY0uIrIot0njz6y4rNo/view?usp=sharing">INSTRUMENTOS DE CONTROL ARCHIVÍSTICO (Incluye el Cuadro General de Clasificación Archivística y Catálogo de Disposición Documental)</a></p>



<p class="has-medium-font-size"><a href="https://www.ssaver.gob.mx/transparencia/wp-content/uploads/sites/7/2025/01/ANEXO_V_FORMATO_PARA_ENTREGA_RECEPCION.docx" target="_blank" rel="noreferrer noopener">Formato para Entrega-Recepción: Relación de documentación activa en archivo de trámite (MS-Word)</a></p>



<p class="has-medium-font-size"><a href="https://drive.google.com/file/d/1OmGwLGL0X2pOffEPzTFDCW_0heAeZGyA/view?usp=sharing">Reglas de Operación (PDF)</a></p>



<p class="has-medium-font-size"><a href="https://www.ssaver.gob.mx/transparencia/wp-content/uploads/sites/7/2025/01/FICHA_DE_VALORACION_DOCUMENTAL.docx" target="_blank" rel="noreferrer noopener">Formato de Ficha de Valoración Documental (MS-Word)</a></p>



<p class="has-medium-font-size"><a href="https://www.ssaver.gob.mx/transparencia/wp-content/uploads/sites/7/2023/04/FICHA-DE-VALORACION-DOCUMENTAL-EJEMPLO.pdf">Ejemplo de Ficha de Valoración Documental (PDF)</a></p>



<p class="has-medium-font-size"><a href="https://www.ssaver.gob.mx/transparencia/wp-content/uploads/sites/7/2025/01/INVENTARIO_DE_BAJA_DOCUMENTAL_SIMPLE.docx">Inventario de Baja Documental Simple</a></p>



<p class="has-medium-font-size"><a href="https://drive.google.com/drive/folders/1hr9_KClmsNDnAQWiVQGmFDg9i2Gs6966?usp=sharing" data-type="link" data-id="https://drive.google.com/drive/folders/1hr9_KClmsNDnAQWiVQGmFDg9i2Gs6966?usp=sharing">Actas de baja documental históricas</a></p>



<p class="has-medium-font-size"><a href="https://www.ssaver.gob.mx/transparencia/wp-content/uploads/sites/7/2025/01/CARATULA_DE_EXPEDIENTE.docx" target="_blank" rel="noreferrer noopener">Caratula de expediente</a></p>



<p class="has-medium-font-size"><a href="https://www.ssaver.gob.mx/transparencia/wp-content/uploads/sites/7/2025/01/INVENTARIO_DE_BAJA_DOCUMENTAL.docx" target="_blank" rel="noreferrer noopener">Inventario de baja documental</a></p>



<p class="has-medium-font-size"><a href="https://www.ssaver.gob.mx/transparencia/wp-content/uploads/sites/7/2025/01/INVENTARIO_GENERAL_EN_ARCHIVO_DE_TRAMITE.docx" target="_blank" rel="noreferrer noopener">Inventario general en archivo de trámite (MS-Word)</a></p>



<p class="has-medium-font-size"><a href="https://www.ssaver.gob.mx/transparencia/wp-content/uploads/sites/7/2025/01/LOMO_DE_CARPETA.docx" target="_blank" rel="noreferrer noopener">LOMO DE CARPETA</a></p>



<p class="has-medium-font-size"><a href="https://www.ssaver.gob.mx/transparencia/wp-content/uploads/sites/7/2025/01/INVENTARIO_DE_TRANSFERENCIA_PRIMARIA.docx" target="_blank" rel="noreferrer noopener">Inventario de Transferencia Primaria (MS-Word)</a></p>



<p class="has-medium-font-size"><a href="https://www.ssaver.gob.mx/transparencia/wp-content/uploads/sites/7/2025/01/CALENDARIO_DE_CADUCIDADES.docx" target="_blank" rel="noreferrer noopener">Calendario de Caducidades (MS-Word)</a></p>



<p class="has-medium-font-size"><a href="https://www.ssaver.gob.mx/transparencia/wp-content/uploads/sites/7/2025/01/FORMATO_DE_REVISION_Y_VALORACION_PARA_BAJA_DOCUMENTAL.docx" target="_blank" rel="noreferrer noopener">Formato de Revisión y Valoración para baja documental</a></p>



<p class="has-medium-font-size"><a href="https://www.ssaver.gob.mx/transparencia/wp-content/uploads/sites/7/2026/03/CEDULA_IDENTIFICACION.pdf">Cédula de identificación de caja o paquete</a></p>



<p class="has-medium-font-size"><a href="https://www.ssaver.gob.mx/transparencia/wp-content/uploads/sites/7/2026/03/HOJA_COTEJO.pdf">Hoja de cotejo archivo de concentración</a> </p>



<p></p>



<p>&#8212;&#8212;&#8212;&#8212;&#8212;&#8212;&#8212;&#8212;&#8212;&#8212;&#8212;&#8212;&#8212;&#8212;&#8212;&#8212;&#8212;&#8212;&#8212;&#8212;&#8212;&#8212;&#8212;&#8212;&#8212;&#8212;&#8212;&#8212;&#8212;&#8212;&#8212;&#8212;&#8212;&#8212;&#8212;&#8212;&#8212;&#8212;&#8212;&#8212;&#8212;&#8212;&#8212;&#8212;&#8212;&#8212;&#8212;&#8212;&#8212;&#8212;&#8212;&#8212;&#8212;&#8212;&#8212;&#8212;&#8212;&#8212;&#8212;&#8212;&#8212;&#8212;&#8212;&#8212;&#8212;&#8212;&#8212;&#8212;&#8212;&#8212;&#8212;&#8212;&#8212;&#8212;&#8212;&#8212;&#8212;&#8212;&#8212;&#8212;&#8212;&#8212;&#8212;&#8212;&#8212;</p>



<h3 class="wp-block-heading has-medium-font-size"><strong><a href="https://www.ssaver.gob.mx/transparencia/1260-2/archivos/sia/">SISTEMA INSTITUCIONAL DE ARCHIVO</a></strong></h3>



<p class="has-medium-font-size"><a href="https://drive.google.com/drive/folders/140HmI9w-TUvTTYdWanGXnuLFjQZPouqT?usp=sharing"><strong>INVENTARIO GENERAL DE ARCHIVO</strong></a></p>



<p></p>
</div>
</div>
</div>

<p>Instrumentos archivísticos Cuadro general de clasificación archivística y catálogo de disposición documental Guía simple de archivo Programa anual de desarrollo</p>
