{"id":149,"date":"2025-07-17T14:34:02","date_gmt":"2025-07-17T20:34:02","guid":{"rendered":"https:\/\/www.ssaver.gob.mx\/trasplantes\/?page_id=149"},"modified":"2026-03-19T11:12:09","modified_gmt":"2026-03-19T17:12:09","slug":"preguntas-frecuentes","status":"publish","type":"page","link":"https:\/\/www.ssaver.gob.mx\/trasplantes\/preguntas-frecuentes\/","title":{"rendered":"Preguntas frecuentes"},"content":{"rendered":"\n<div class=\"wp-block-group is-layout-constrained wp-container-core-group-is-layout-9517baca wp-block-group-is-layout-constrained\">\n<div class=\"wp-block-columns is-layout-flex wp-container-core-columns-is-layout-28f84493 wp-block-columns-is-layout-flex\">\n<div class=\"wp-block-column is-layout-flow wp-container-core-column-is-layout-8a368f38 wp-block-column-is-layout-flow\" style=\"flex-basis:100%\">\n<figure class=\"wp-block-image size-full has-custom-border\"><img loading=\"lazy\" decoding=\"async\" width=\"2560\" height=\"389\" src=\"https:\/\/www.ssaver.gob.mx\/trasplantes\/wp-content\/uploads\/sites\/49\/2025\/08\/PREGUNTAS_FRECUENTES_ENCABEZADO_BANNER_2-scaled.png\" alt=\"\" class=\"has-border-color wp-image-270\" style=\"border-color:#2f854c;border-width:2px;border-radius:5px\" srcset=\"https:\/\/www.ssaver.gob.mx\/trasplantes\/wp-content\/uploads\/sites\/49\/2025\/08\/PREGUNTAS_FRECUENTES_ENCABEZADO_BANNER_2-scaled.png 2560w, https:\/\/www.ssaver.gob.mx\/trasplantes\/wp-content\/uploads\/sites\/49\/2025\/08\/PREGUNTAS_FRECUENTES_ENCABEZADO_BANNER_2-300x46.png 300w, https:\/\/www.ssaver.gob.mx\/trasplantes\/wp-content\/uploads\/sites\/49\/2025\/08\/PREGUNTAS_FRECUENTES_ENCABEZADO_BANNER_2-1024x156.png 1024w, https:\/\/www.ssaver.gob.mx\/trasplantes\/wp-content\/uploads\/sites\/49\/2025\/08\/PREGUNTAS_FRECUENTES_ENCABEZADO_BANNER_2-768x117.png 768w, https:\/\/www.ssaver.gob.mx\/trasplantes\/wp-content\/uploads\/sites\/49\/2025\/08\/PREGUNTAS_FRECUENTES_ENCABEZADO_BANNER_2-1536x234.png 1536w, https:\/\/www.ssaver.gob.mx\/trasplantes\/wp-content\/uploads\/sites\/49\/2025\/08\/PREGUNTAS_FRECUENTES_ENCABEZADO_BANNER_2-2048x312.png 2048w\" sizes=\"auto, (max-width: 2560px) 100vw, 2560px\" \/><\/figure>\n\n\n\n<div class=\"wp-block-columns has-background is-layout-flex wp-container-core-columns-is-layout-6bc20b2e wp-block-columns-is-layout-flex\" style=\"border-radius:26px;background-color:#f4f4ef;padding-top:var(--wp--preset--spacing--30);padding-right:var(--wp--preset--spacing--80);padding-bottom:var(--wp--preset--spacing--50);padding-left:var(--wp--preset--spacing--80)\">\n<div class=\"wp-block-column is-layout-flow wp-container-core-column-is-layout-a77db08e wp-block-column-is-layout-flow\" style=\"flex-basis:100%\">\n<p class=\"has-text-align-center has-text-color\" style=\"color:#5b4c0d;margin-top:var(--wp--preset--spacing--20);margin-bottom:var(--wp--preset--spacing--20);font-size:22px\"><strong>Donar es amar.  Donar es vivir.<\/strong><\/p>\n\n\n\n<hr class=\"wp-block-separator has-text-color has-alpha-channel-opacity has-background is-style-wide\" style=\"margin-top:var(--wp--preset--spacing--20);margin-bottom:var(--wp--preset--spacing--20);background-color:#d8bf31;color:#d8bf31\" \/>\n\n\n\n<div class=\"wp-block-columns is-layout-flex wp-container-core-columns-is-layout-33233fb6 wp-block-columns-is-layout-flex\" style=\"margin-top:var(--wp--preset--spacing--20);margin-bottom:var(--wp--preset--spacing--20)\">\n<div class=\"wp-block-column is-layout-flow wp-container-core-column-is-layout-1396dd20 wp-block-column-is-layout-flow\" style=\"padding-top:0;padding-right:0;padding-bottom:0;padding-left:0;flex-basis:100%\">\n<ul class=\"wp-block-list has-medium-font-size\">\n<li style=\"font-size:20px\"><strong>\u00bfQu\u00e9 es la donaci\u00f3n de \u00f3rganos y tejidos?<\/strong>\n<ul class=\"wp-block-list\">\n<li style=\"font-size:16px\">Es un acto de amor que puedes dejar como legado.  Donar significa decidir, en vida, que cuando ya no est\u00e9s, tus \u00f3rganos y tejidos puedan dar una segunda oportunidad a alguien m\u00e1s.  Tu familia debe conocer tu decisi\u00f3n, porque juntos hacen posible este regalo de vida.<\/li>\n<\/ul>\n<\/li>\n\n\n\n<li class=\"has-medium-font-size\"><strong>\u00bfQu\u00e9 es un trasplante?<\/strong>\n<ul class=\"wp-block-list\">\n<li>Es una cirug\u00eda que permite reemplazar un \u00f3rgano o tejido enfermo por uno sano, que viene de una persona donante.  Gracias a esta acci\u00f3n solidaria, miles de personas recuperan su salud, su energ\u00eda\u2026 y su vida.<\/li>\n<\/ul>\n<\/li>\n\n\n\n<li class=\"has-medium-font-size\"><strong>\u00bfQui\u00e9n puede ser donante?<\/strong>\n<ul class=\"wp-block-list\">\n<li>En vida: Personas adultas, sanas y dispuestas a ayudar con conciencia y amor.  Despu\u00e9s de fallecer: Todas las personas pueden ser donantes si sus \u00f3rganos y tejidos est\u00e1n en buen estado.  No hay l\u00edmite de edad para dar vida.<\/li>\n<\/ul>\n<\/li>\n\n\n\n<li class=\"has-medium-font-size\"><strong>\u00bf Qu\u00e9 se puede donar?<\/strong>\n<ul class=\"wp-block-list\">\n<li>En vida:\n<ul class=\"wp-block-list\">\n<li>Un ri\u00f1\u00f3n<\/li>\n\n\n\n<li>Parte del h\u00edgado<\/li>\n\n\n\n<li>Parte de un pulm\u00f3n<br><\/li>\n<\/ul>\n<\/li>\n\n\n\n<li>Despu\u00e9s de fallecer:\n<ul class=\"wp-block-list\">\n<li>Con muerte encef\u00e1lica: \u00f3rganos y tejidos<\/li>\n\n\n\n<li>Con paro cardiaco: tejidos<br><\/li>\n<\/ul>\n<\/li>\n\n\n\n<li>Cada tipo de fallecimiento determina qu\u00e9 se puede donar, pero cada donaci\u00f3n transforma vidas.<\/li>\n<\/ul>\n<\/li>\n\n\n\n<li class=\"has-medium-font-size\"><strong>Sobre la donaci\u00f3n en vida<\/strong>\n<ul class=\"wp-block-list\">\n<li>Quien dona en vida lo hace desde el coraz\u00f3n.  Debe ser mayor de edad y pasar por evaluaciones m\u00e9dicas, psicol\u00f3gicas y legales.  La donaci\u00f3n debe ser libre, voluntaria y sin fines de lucro.  Est\u00e1 prohibido vender \u00f3rganos.<\/li>\n<\/ul>\n<\/li>\n\n\n\n<li class=\"has-medium-font-size\"><strong>Elige ser donante<\/strong>\n<ul class=\"wp-block-list\">\n<li>Habla con tu familia. Inspira vida.  La donaci\u00f3n es el acto m\u00e1s generoso que puedes dejar como huella.  Hoy t\u00fa puedes elegir ser la raz\u00f3n por la que alguien vuelva a vivir.<\/li>\n<\/ul>\n<\/li>\n\n\n\n<li class=\"has-medium-font-size\"><strong>Donaci\u00f3n de personas fallecidas<\/strong>\n<ul class=\"wp-block-list\">\n<li>Cuando una persona fallece, todav\u00eda puede regalar vida.  No hay l\u00edmite de edad para donar despu\u00e9s de morir: lo importante es la salud de los \u00f3rganos y tejidos al momento del fallecimiento.  Fuente: <strong>CENATRA<\/strong><\/li>\n<\/ul>\n<\/li>\n\n\n\n<li class=\"has-medium-font-size\"><strong>Muerte encef\u00e1lica<\/strong>\n<ul class=\"wp-block-list\">\n<li>Es cuando el cerebro deja de funcionar por completo y de forma irreversible.  Puede deberse a un accidente, un derrame o un tumor.  Esta condici\u00f3n s\u00ed permite la donaci\u00f3n de \u00f3rganos y tejidos, ya que otros \u00f3rganos pueden seguir funcionando con apoyo m\u00e9dico por un corto tiempo.<\/li>\n\n\n\n<li>Confirmada por estudios m\u00e9dicos. <strong>Art\u00edculo 343 de la Ley General de Salud (LGS)<\/strong><\/li>\n<\/ul>\n<\/li>\n\n\n\n<li class=\"has-medium-font-size\"><strong>\u00bfY el coma?<\/strong>\n<ul class=\"wp-block-list\">\n<li>El estado de coma es diferente.  Aqu\u00ed el cerebro todav\u00eda funciona en alguna medida.  Aunque la persona est\u00e1 inconsciente, no se considera fallecida.  En estado de coma no es posible donar \u00f3rganos.<\/li>\n<\/ul>\n<\/li>\n\n\n\n<li class=\"has-medium-font-size\"><strong>Donar despu\u00e9s de partir\u2026<\/strong>\n<ul class=\"wp-block-list\">\n<li>&#8230;es transformar el final en un nuevo comienzo para alguien m\u00e1s.  T\u00fa puedes decidir hoy ser parte de esta cadena de vida.<\/li>\n<\/ul>\n<\/li>\n\n\n\n<li class=\"has-medium-font-size\"><strong>El papel de la familia en la donaci\u00f3n<\/strong>\n<ul class=\"wp-block-list\">\n<li>Tu familia es quien puede hacer realidad tu deseo de donar.  Por eso es fundamental que hables con ellos y comparta<\/li>\n<\/ul>\n<\/li>\n\n\n\n<li class=\"has-medium-font-size\"><strong>Mitos y realidades sobre la donaci\u00f3n<\/strong>\n<ul class=\"wp-block-list\">\n<li>Mito:  \n<ul class=\"wp-block-list\">\n<li>\u00abHay organizaciones que pagan por los \u00f3rganos.\u00bb<\/li>\n<\/ul>\n<\/li>\n\n\n\n<li>Realidad:\n<ul class=\"wp-block-list\">\n<li>La donaci\u00f3n es un acto 100% altruista y regulado por la ley.<\/li>\n\n\n\n<li>La Secretar\u00eda de Salud, junto con el CENATRA y COFEPRIS, vigilan que el proceso sea transparente y proh\u00edben el tr\u00e1fico de \u00f3rganos en todo el pa\u00eds.<\/li>\n<\/ul>\n<\/li>\n\n\n\n<li>Mito:\n<ul class=\"wp-block-list\">\n<li>\u00abSi dono mis \u00f3rganos, mi familia no podr\u00e1 hacerme un funeral con ata\u00fad abierto.\u00bb<\/li>\n<\/ul>\n<\/li>\n\n\n\n<li>Realidad:\n<ul class=\"wp-block-list\">\n<li>S\u00ed es posible. El cuerpo es tratado con respeto y cuidado en todo momento. Las suturas se hacen con delicadeza, permitiendo una despedida digna y amorosa.<\/li>\n<\/ul>\n<\/li>\n<\/ul>\n<\/li>\n\n\n\n<li class=\"has-medium-font-size\"><strong>Habla hoy con tu familia<\/strong>\n<ul class=\"wp-block-list\">\n<li>Donar es un acto de amor\u2026 y se vuelve posible cuando los tuyos saben que era tu voluntad&#8230;<\/li>\n<\/ul>\n<\/li>\n\n\n\n<li class=\"has-medium-font-size\"><strong>Preguntas frecuentes<\/strong>\n<ul class=\"wp-block-list\">\n<li>Porque donar tambi\u00e9n es informarse\u2026<\/li>\n<\/ul>\n<\/li>\n\n\n\n<li class=\"has-medium-font-size\"><strong>\u00bfQu\u00e9 tejidos se pueden donar al fallecer?<\/strong>\n<ul class=\"wp-block-list\">\n<li>C\u00f3rneas, hueso, cart\u00edlago, piel, v\u00e1lvulas del coraz\u00f3n y tendones.  Cada uno puede cambiar vidas.<\/li>\n<\/ul>\n<\/li>\n\n\n\n<li class=\"has-medium-font-size\"><strong>\u00bfQu\u00e9 \u00f3rganos se pueden donar al fallecer?<\/strong>\n<ul class=\"wp-block-list\">\n<li>Coraz\u00f3n, pulmones, h\u00edgado, ri\u00f1ones, p\u00e1ncreas e intestino.  Hasta 8 personas pueden beneficiarse de una sola donaci\u00f3n.<\/li>\n<\/ul>\n<\/li>\n\n\n\n<li class=\"has-medium-font-size\"><strong>\u00bfY si tengo diabetes o hipertensi\u00f3n?<\/strong>\n<ul class=\"wp-block-list\">\n<li>S\u00ed puedes donar. Cada caso se eval\u00faa individualmente.  No te excluyas, pregunta.<\/li>\n<\/ul>\n<\/li>\n\n\n\n<li class=\"has-medium-font-size\"><strong>\u00bfQu\u00e9 necesito para ser donante?<\/strong>\n<ul class=\"wp-block-list\">\n<li>Solo tres pasos:\n<ul class=\"wp-block-list\">\n<li>Decidirlo<\/li>\n\n\n\n<li>Compartirlo con tu familia<\/li>\n\n\n\n<li>Registrarte<br><\/li>\n<\/ul>\n<\/li>\n\n\n\n<li>Tu voluntad puede salvar muchas vidas.<\/li>\n<\/ul>\n<\/li>\n\n\n\n<li class=\"has-medium-font-size\"><strong>\u00bfY si cambio de opini\u00f3n?<\/strong>\n<ul class=\"wp-block-list\">\n<li>Puedes cambiar de decisi\u00f3n en cualquier momento, solo es importante informar a tu familia.  T\u00fa tienes el control.<\/li>\n<\/ul>\n<\/li>\n\n\n\n<li class=\"has-medium-font-size\"><strong>\u00bfQu\u00e9 dice la religi\u00f3n?<\/strong>\n<ul class=\"wp-block-list\">\n<li>La mayor\u00eda de las religiones ven la donaci\u00f3n como un acto de amor, compasi\u00f3n y ayuda al pr\u00f3jimo.<\/li>\n<\/ul>\n<\/li>\n\n\n\n<li class=\"has-medium-font-size\"><strong>Mito vs Realidad<\/strong>\n<ul class=\"wp-block-list\">\n<li>Mito:\n<ul class=\"wp-block-list\">\n<li>\u00abSi soy donante, los doctores no har\u00e1n todo por salvarme.\u00bb<\/li>\n<\/ul>\n<\/li>\n\n\n\n<li>Realidad:\n<ul class=\"wp-block-list\">\n<li>Los m\u00e9dicos siempre har\u00e1n todo por salvar tu vida.<\/li>\n\n\n\n<li>Adem\u00e1s, el equipo que realiza los trasplantes no es el mismo que te atiende en emergencias.<\/li>\n\n\n\n<li>Puedes tener total tranquilidad.<\/li>\n<\/ul>\n<\/li>\n<\/ul>\n<\/li>\n<\/ul>\n<\/div>\n<\/div>\n<\/div>\n<\/div>\n<\/div>\n<\/div>\n<\/div>\n","protected":false},"excerpt":{"rendered":"<p>Donar es amar. Donar es vivir.<\/p>\n","protected":false},"author":2,"featured_media":0,"parent":0,"menu_order":0,"comment_status":"closed","ping_status":"closed","template":"","meta":{"colormag_page_container_layout":"default_layout","colormag_page_sidebar_layout":"default_layout","footnotes":""},"class_list":["post-149","page","type-page","status-publish","hentry"],"_links":{"self":[{"href":"https:\/\/www.ssaver.gob.mx\/trasplantes\/wp-json\/wp\/v2\/pages\/149","targetHints":{"allow":["GET"]}}],"collection":[{"href":"https:\/\/www.ssaver.gob.mx\/trasplantes\/wp-json\/wp\/v2\/pages"}],"about":[{"href":"https:\/\/www.ssaver.gob.mx\/trasplantes\/wp-json\/wp\/v2\/types\/page"}],"author":[{"embeddable":true,"href":"https:\/\/www.ssaver.gob.mx\/trasplantes\/wp-json\/wp\/v2\/users\/2"}],"replies":[{"embeddable":true,"href":"https:\/\/www.ssaver.gob.mx\/trasplantes\/wp-json\/wp\/v2\/comments?post=149"}],"version-history":[{"count":10,"href":"https:\/\/www.ssaver.gob.mx\/trasplantes\/wp-json\/wp\/v2\/pages\/149\/revisions"}],"predecessor-version":[{"id":297,"href":"https:\/\/www.ssaver.gob.mx\/trasplantes\/wp-json\/wp\/v2\/pages\/149\/revisions\/297"}],"wp:attachment":[{"href":"https:\/\/www.ssaver.gob.mx\/trasplantes\/wp-json\/wp\/v2\/media?parent=149"}],"curies":[{"name":"wp","href":"https:\/\/api.w.org\/{rel}","templated":true}]}}