{"id":515,"date":"2022-07-19T18:29:05","date_gmt":"2022-07-19T23:29:05","guid":{"rendered":"https:\/\/www.ssaver.gob.mx\/unidaddegenero\/?page_id=515"},"modified":"2025-10-02T12:21:12","modified_gmt":"2025-10-02T18:21:12","slug":"que-es-la-unidad-de-genero","status":"publish","type":"page","link":"https:\/\/www.ssaver.gob.mx\/unidaddegenero\/que-es-la-unidad-de-genero\/","title":{"rendered":"\u00bfQu\u00e9 es la Unidad de G\u00e9nero?"},"content":{"rendered":"\n<hr class=\"wp-block-separator aligncenter has-text-color has-alpha-channel-opacity has-background is-style-wide\" style=\"background-color:#d8bf31;color:#d8bf31\"\/>\n\n\n\n<div class=\"wp-block-columns is-layout-flex wp-container-core-columns-is-layout-d39e70f1 wp-block-columns-is-layout-flex\" style=\"margin-top:0;margin-bottom:0;padding-top:0;padding-bottom:0\">\n<div class=\"wp-block-column is-layout-flow wp-container-core-column-is-layout-b108c007 wp-block-column-is-layout-flow\" style=\"padding-right:0;padding-left:0;flex-basis:15%\"><\/div>\n\n\n\n<div class=\"wp-block-column has-background is-layout-flow wp-block-column-is-layout-flow\" style=\"border-radius:0px;background-color:#530000;padding-top:0;padding-right:0;padding-bottom:0;padding-left:0;flex-basis:70%\">\n<div class=\"wp-block-cover wp-elements-b6ff6a3a6000b4f190bdcda47e7790de has-aspect-ratio\" style=\"margin-top:0;margin-bottom:0;padding-top:0;padding-right:0;padding-bottom:0;padding-left:0;aspect-ratio:auto;min-height:unset;\"><img loading=\"lazy\" decoding=\"async\" width=\"2560\" height=\"389\" class=\"wp-block-cover__image-background wp-image-1237 size-full\" alt=\"\" src=\"https:\/\/www.ssaver.gob.mx\/unidaddegenero\/wp-content\/uploads\/sites\/21\/2025\/10\/UNIDAD_DE_GENERO-scaled.png\" data-object-fit=\"cover\" srcset=\"https:\/\/www.ssaver.gob.mx\/unidaddegenero\/wp-content\/uploads\/sites\/21\/2025\/10\/UNIDAD_DE_GENERO-scaled.png 2560w, https:\/\/www.ssaver.gob.mx\/unidaddegenero\/wp-content\/uploads\/sites\/21\/2025\/10\/UNIDAD_DE_GENERO-300x46.png 300w, https:\/\/www.ssaver.gob.mx\/unidaddegenero\/wp-content\/uploads\/sites\/21\/2025\/10\/UNIDAD_DE_GENERO-1024x156.png 1024w, https:\/\/www.ssaver.gob.mx\/unidaddegenero\/wp-content\/uploads\/sites\/21\/2025\/10\/UNIDAD_DE_GENERO-768x117.png 768w, https:\/\/www.ssaver.gob.mx\/unidaddegenero\/wp-content\/uploads\/sites\/21\/2025\/10\/UNIDAD_DE_GENERO-1536x234.png 1536w, https:\/\/www.ssaver.gob.mx\/unidaddegenero\/wp-content\/uploads\/sites\/21\/2025\/10\/UNIDAD_DE_GENERO-2048x312.png 2048w\" sizes=\"auto, (max-width: 2560px) 100vw, 2560px\" \/><span aria-hidden=\"true\" class=\"wp-block-cover__background has-background-dim-0 has-background-dim\" style=\"background-color:#720f37\"><\/span><div class=\"wp-block-cover__inner-container is-layout-constrained wp-container-core-cover-is-layout-72190d31 wp-block-cover-is-layout-constrained\">\n<p class=\"has-text-align-center\" style=\"font-size:28px\"><strong>\u00bfQu\u00e9 es la Unidad de G\u00e9nero?<\/strong><\/p>\n<\/div><\/div>\n<\/div>\n\n\n\n<div class=\"wp-block-column is-layout-flow wp-block-column-is-layout-flow\" style=\"flex-basis:15%\"><\/div>\n<\/div>\n\n\n\n<div class=\"wp-block-columns is-layout-flex wp-container-core-columns-is-layout-b2864ded wp-block-columns-is-layout-flex\" style=\"margin-top:0;margin-bottom:0;padding-top:0;padding-bottom:0\">\n<div class=\"wp-block-column is-layout-flow wp-block-column-is-layout-flow\" style=\"flex-basis:15%\"><\/div>\n\n\n\n<div class=\"wp-block-column is-vertically-aligned-center has-background is-layout-flow wp-block-column-is-layout-flow\" style=\"background:linear-gradient(180deg,rgb(233,231,225) 32%,rgba(232,230,225,0) 100%);padding-top:var(--wp--preset--spacing--40);padding-right:var(--wp--preset--spacing--40);padding-bottom:var(--wp--preset--spacing--40);padding-left:var(--wp--preset--spacing--70);flex-basis:70%\">\n<p class=\"has-text-color has-background\" style=\"color:#5b4c0d;background-color:#fff4e0;font-size:22px\">Es un \u00e1rea administrativa, que tiene como prop\u00f3sito institucionalizar la perspectiva de g\u00e9nero; es decir, implantar dentro de la dependencia, las politicas y el Programa Estatal que emita el Sistema Estatal para la Igualdad entre Mujeres y Hombres, as\u00ed como observar los dem\u00e1s lineamientos que expida para dar cumplimiento a las disposiciones de la ley de la materia.  Constituye un mecanismo necesario para encausar las acciones institucionales tendentes a alcanzar la igualdad sustantiva entre mujeres y hombres.<\/p>\n\n\n\n<p class=\"has-text-align-center has-text-color\" style=\"color:#5b4c0d;font-size:22px\"><strong>\u00bfCu\u00e1les son las funciones de la Unidad de G\u00e9nero?<\/strong><\/p>\n\n\n\n<hr class=\"wp-block-separator aligncenter has-text-color has-alpha-channel-opacity has-background is-style-wide\" style=\"background-color:#d8bf31;color:#d8bf31\"\/>\n\n\n\n<p class=\"has-text-color has-background\" style=\"color:#5b4c0d;background-color:#fff4e0;font-size:22px\">I. Participar en los procesos de planeaci\u00f3n, programaci\u00f3n y presupuestaci\u00f3n de la Dependencia o Entidad, con el \u00fanico fin de proponer las medidas que permitan la incorporaci\u00f3n de la perspectiva de g\u00e9nero;<br>II. Realizar acciones encaminadas a disminuir la desigualdad entre mujeres y hombres en la Dependencia o Entidad;<br>III. Generar estad\u00edsticas y la informaci\u00f3n que la Dependencia o Entidad deber\u00e1 entregar al Sistema Estatal, as\u00ed como elaborar diagn\u00f3sticos sobre la situaci\u00f3n de las mujeres que laboran en la Dependencia o Entidad;<br>IV. Brindar asesor\u00eda en materia de igualdad de g\u00e9nero a la Dependencia y\/o Entidad respectiva;<br>V. Promover la revisi\u00f3n y\/o actualizaci\u00f3n de la normatividad administrativa con perspectiva de g\u00e9nero;<br>VI. Coordinarse con el Instituto Veracruzano de las Mujeres en las acciones que se requieran;<br>VII. Elaborar y someter a autorizaci\u00f3n del o la titular de la Dependencia o Entidad, el Programa Anual de Trabajo para fortalecer la Igualdad de G\u00e9nero dentro de las mismas; y<br>VIII. Las dem\u00e1s que determine la Ley de la materia y la normatividad interior de la Dependencia o Entidad.<\/p>\n\n\n\n<p class=\"has-text-align-center has-text-color\" style=\"color:#5b4c0d;font-size:22px\"><strong>Misi\u00f3n de la Unidad de G\u00e9nero de SESVER<\/strong><\/p>\n\n\n\n<hr class=\"wp-block-separator has-text-color has-alpha-channel-opacity has-background is-style-wide\" style=\"background-color:#d8bf31;color:#d8bf31\"\/>\n\n\n\n<p class=\"has-text-color has-background\" style=\"color:#5b4c0d;background-color:#fff4e0;font-size:22px\">Promover el respeto de los Derechos Humanos, impulsar la transversalizaci\u00f3n de la Perspectiva de G\u00e9nero en los Planes, Presupuestos, Programas y as\u00ed como en los Servicios que brinda Servicios de Salud de Veracruz, a fin alcanzar la igualdad sustantiva entre mujeres y hombres.<\/p>\n\n\n\n<p class=\"has-text-align-center has-text-color\" style=\"color:#5b4c0d;font-size:22px\"><strong>Visi\u00f3n<\/strong><\/p>\n\n\n\n<hr class=\"wp-block-separator has-text-color has-alpha-channel-opacity has-background is-style-wide\" style=\"background-color:#d8bf31;color:#d8bf31\"\/>\n\n\n\n<p class=\"has-text-color has-background\" style=\"color:#5b4c0d;background-color:#fff4e0;font-size:22px\">Se institucionaliza la Perspectiva de G\u00e9nero en Servicios de Salud de Veracruz, logrando que el personal incluya en su actuar cotidiano los principios de igualdad sustantiva y respeto a los Derechos Humanos impactando en la atenci\u00f3n a la poblaci\u00f3n veracruzana.<\/p>\n\n\n\n<p class=\"has-text-align-center has-text-color\" style=\"color:#5b4c0d;font-size:22px\"><strong>Objetivo<\/strong><\/p>\n\n\n\n<hr class=\"wp-block-separator has-text-color has-alpha-channel-opacity has-background is-style-wide\" style=\"background-color:#d8bf31;color:#d8bf31\"\/>\n\n\n\n<p class=\"has-text-color has-background\" style=\"color:#5b4c0d;background-color:#fff4e0;font-size:22px\">Avanzar hasta la igualdad sustantiva en salud entre mujeres y hombres en el marco de los derechos humanos para prevenir, atender y erradicar la violencia de g\u00e9nero.<\/p>\n<\/div>\n\n\n\n<div class=\"wp-block-column is-layout-flow wp-block-column-is-layout-flow\" style=\"flex-basis:15%\"><\/div>\n<\/div>\n","protected":false},"excerpt":{"rendered":"<p>Es un \u00e1rea administrativa, que tiene como prop\u00f3sito institucionalizar la perspectiva de g\u00e9nero; es decir, implantar dentro de la dependencia,<\/p>\n","protected":false},"author":3,"featured_media":0,"parent":0,"menu_order":1,"comment_status":"closed","ping_status":"closed","template":"","meta":{"colormag_page_container_layout":"default_layout","colormag_page_sidebar_layout":"default_layout","footnotes":""},"class_list":["post-515","page","type-page","status-publish","hentry"],"_links":{"self":[{"href":"https:\/\/www.ssaver.gob.mx\/unidaddegenero\/wp-json\/wp\/v2\/pages\/515","targetHints":{"allow":["GET"]}}],"collection":[{"href":"https:\/\/www.ssaver.gob.mx\/unidaddegenero\/wp-json\/wp\/v2\/pages"}],"about":[{"href":"https:\/\/www.ssaver.gob.mx\/unidaddegenero\/wp-json\/wp\/v2\/types\/page"}],"author":[{"embeddable":true,"href":"https:\/\/www.ssaver.gob.mx\/unidaddegenero\/wp-json\/wp\/v2\/users\/3"}],"replies":[{"embeddable":true,"href":"https:\/\/www.ssaver.gob.mx\/unidaddegenero\/wp-json\/wp\/v2\/comments?post=515"}],"version-history":[{"count":24,"href":"https:\/\/www.ssaver.gob.mx\/unidaddegenero\/wp-json\/wp\/v2\/pages\/515\/revisions"}],"predecessor-version":[{"id":1238,"href":"https:\/\/www.ssaver.gob.mx\/unidaddegenero\/wp-json\/wp\/v2\/pages\/515\/revisions\/1238"}],"wp:attachment":[{"href":"https:\/\/www.ssaver.gob.mx\/unidaddegenero\/wp-json\/wp\/v2\/media?parent=515"}],"curies":[{"name":"wp","href":"https:\/\/api.w.org\/{rel}","templated":true}]}}

¿Qué es la Unidad de Género?

<hr class="wp-block-separator aligncenter has-text-color has-alpha-channel-opacity has-background is-style-wide" style="background-color:#d8bf31;color:#d8bf31"/>



<div class="wp-block-columns is-layout-flex wp-container-core-columns-is-layout-d39e70f1 wp-block-columns-is-layout-flex" style="margin-top:0;margin-bottom:0;padding-top:0;padding-bottom:0">
<div class="wp-block-column is-layout-flow wp-container-core-column-is-layout-b108c007 wp-block-column-is-layout-flow" style="padding-right:0;padding-left:0;flex-basis:15%"></div>



<div class="wp-block-column has-background is-layout-flow wp-block-column-is-layout-flow" style="border-radius:0px;background-color:#530000;padding-top:0;padding-right:0;padding-bottom:0;padding-left:0;flex-basis:70%">
<div class="wp-block-cover wp-elements-b6ff6a3a6000b4f190bdcda47e7790de has-aspect-ratio" style="margin-top:0;margin-bottom:0;padding-top:0;padding-right:0;padding-bottom:0;padding-left:0;aspect-ratio:auto;min-height:unset;"><img loading="lazy" decoding="async" width="2560" height="389" class="wp-block-cover__image-background wp-image-1237 size-full" alt="" src="https://www.ssaver.gob.mx/unidaddegenero/wp-content/uploads/sites/21/2025/10/UNIDAD_DE_GENERO-scaled.png" data-object-fit="cover" srcset="https://www.ssaver.gob.mx/unidaddegenero/wp-content/uploads/sites/21/2025/10/UNIDAD_DE_GENERO-scaled.png 2560w, https://www.ssaver.gob.mx/unidaddegenero/wp-content/uploads/sites/21/2025/10/UNIDAD_DE_GENERO-300x46.png 300w, https://www.ssaver.gob.mx/unidaddegenero/wp-content/uploads/sites/21/2025/10/UNIDAD_DE_GENERO-1024x156.png 1024w, https://www.ssaver.gob.mx/unidaddegenero/wp-content/uploads/sites/21/2025/10/UNIDAD_DE_GENERO-768x117.png 768w, https://www.ssaver.gob.mx/unidaddegenero/wp-content/uploads/sites/21/2025/10/UNIDAD_DE_GENERO-1536x234.png 1536w, https://www.ssaver.gob.mx/unidaddegenero/wp-content/uploads/sites/21/2025/10/UNIDAD_DE_GENERO-2048x312.png 2048w" sizes="auto, (max-width: 2560px) 100vw, 2560px" /><span aria-hidden="true" class="wp-block-cover__background has-background-dim-0 has-background-dim" style="background-color:#720f37"></span><div class="wp-block-cover__inner-container is-layout-constrained wp-container-core-cover-is-layout-72190d31 wp-block-cover-is-layout-constrained">
<p class="has-text-align-center" style="font-size:28px"><strong>¿Qué es la Unidad de Género?</strong></p>
</div></div>
</div>



<div class="wp-block-column is-layout-flow wp-block-column-is-layout-flow" style="flex-basis:15%"></div>
</div>



<div class="wp-block-columns is-layout-flex wp-container-core-columns-is-layout-b2864ded wp-block-columns-is-layout-flex" style="margin-top:0;margin-bottom:0;padding-top:0;padding-bottom:0">
<div class="wp-block-column is-layout-flow wp-block-column-is-layout-flow" style="flex-basis:15%"></div>



<div class="wp-block-column is-vertically-aligned-center has-background is-layout-flow wp-block-column-is-layout-flow" style="background:linear-gradient(180deg,rgb(233,231,225) 32%,rgba(232,230,225,0) 100%);padding-top:var(--wp--preset--spacing--40);padding-right:var(--wp--preset--spacing--40);padding-bottom:var(--wp--preset--spacing--40);padding-left:var(--wp--preset--spacing--70);flex-basis:70%">
<p class="has-text-color has-background" style="color:#5b4c0d;background-color:#fff4e0;font-size:22px">Es un área administrativa, que tiene como propósito institucionalizar la perspectiva de género; es decir, implantar dentro de la dependencia, las politicas y el Programa Estatal que emita el Sistema Estatal para la Igualdad entre Mujeres y Hombres, así como observar los demás lineamientos que expida para dar cumplimiento a las disposiciones de la ley de la materia.  Constituye un mecanismo necesario para encausar las acciones institucionales tendentes a alcanzar la igualdad sustantiva entre mujeres y hombres.</p>



<p class="has-text-align-center has-text-color" style="color:#5b4c0d;font-size:22px"><strong>¿Cuáles son las funciones de la Unidad de Género?</strong></p>



<hr class="wp-block-separator aligncenter has-text-color has-alpha-channel-opacity has-background is-style-wide" style="background-color:#d8bf31;color:#d8bf31"/>



<p class="has-text-color has-background" style="color:#5b4c0d;background-color:#fff4e0;font-size:22px">I. Participar en los procesos de planeación, programación y presupuestación de la Dependencia o Entidad, con el único fin de proponer las medidas que permitan la incorporación de la perspectiva de género;<br>II. Realizar acciones encaminadas a disminuir la desigualdad entre mujeres y hombres en la Dependencia o Entidad;<br>III. Generar estadísticas y la información que la Dependencia o Entidad deberá entregar al Sistema Estatal, así como elaborar diagnósticos sobre la situación de las mujeres que laboran en la Dependencia o Entidad;<br>IV. Brindar asesoría en materia de igualdad de género a la Dependencia y/o Entidad respectiva;<br>V. Promover la revisión y/o actualización de la normatividad administrativa con perspectiva de género;<br>VI. Coordinarse con el Instituto Veracruzano de las Mujeres en las acciones que se requieran;<br>VII. Elaborar y someter a autorización del o la titular de la Dependencia o Entidad, el Programa Anual de Trabajo para fortalecer la Igualdad de Género dentro de las mismas; y<br>VIII. Las demás que determine la Ley de la materia y la normatividad interior de la Dependencia o Entidad.</p>



<p class="has-text-align-center has-text-color" style="color:#5b4c0d;font-size:22px"><strong>Misión de la Unidad de Género de SESVER</strong></p>



<hr class="wp-block-separator has-text-color has-alpha-channel-opacity has-background is-style-wide" style="background-color:#d8bf31;color:#d8bf31"/>



<p class="has-text-color has-background" style="color:#5b4c0d;background-color:#fff4e0;font-size:22px">Promover el respeto de los Derechos Humanos, impulsar la transversalización de la Perspectiva de Género en los Planes, Presupuestos, Programas y así como en los Servicios que brinda Servicios de Salud de Veracruz, a fin alcanzar la igualdad sustantiva entre mujeres y hombres.</p>



<p class="has-text-align-center has-text-color" style="color:#5b4c0d;font-size:22px"><strong>Visión</strong></p>



<hr class="wp-block-separator has-text-color has-alpha-channel-opacity has-background is-style-wide" style="background-color:#d8bf31;color:#d8bf31"/>



<p class="has-text-color has-background" style="color:#5b4c0d;background-color:#fff4e0;font-size:22px">Se institucionaliza la Perspectiva de Género en Servicios de Salud de Veracruz, logrando que el personal incluya en su actuar cotidiano los principios de igualdad sustantiva y respeto a los Derechos Humanos impactando en la atención a la población veracruzana.</p>



<p class="has-text-align-center has-text-color" style="color:#5b4c0d;font-size:22px"><strong>Objetivo</strong></p>



<hr class="wp-block-separator has-text-color has-alpha-channel-opacity has-background is-style-wide" style="background-color:#d8bf31;color:#d8bf31"/>



<p class="has-text-color has-background" style="color:#5b4c0d;background-color:#fff4e0;font-size:22px">Avanzar hasta la igualdad sustantiva en salud entre mujeres y hombres en el marco de los derechos humanos para prevenir, atender y erradicar la violencia de género.</p>
</div>



<div class="wp-block-column is-layout-flow wp-block-column-is-layout-flow" style="flex-basis:15%"></div>
</div>

<p>Es un área administrativa, que tiene como propósito institucionalizar la perspectiva de género; es decir, implantar dentro de la dependencia,</p>
