{"id":596,"date":"2022-07-20T14:10:22","date_gmt":"2022-07-20T19:10:22","guid":{"rendered":"https:\/\/www.ssaver.gob.mx\/unidaddegenero\/?page_id=596"},"modified":"2026-03-18T12:22:58","modified_gmt":"2026-03-18T18:22:58","slug":"identifica-y-denuncia-el-hostigamiento-y-acoso-sexual","status":"publish","type":"page","link":"https:\/\/www.ssaver.gob.mx\/unidaddegenero\/material-informativo\/identifica-y-denuncia-el-hostigamiento-y-acoso-sexual\/","title":{"rendered":"Identifica y Denuncia el Hostigamiento y Acoso Sexual"},"content":{"rendered":"\n<div class=\"wp-block-group is-layout-constrained wp-container-core-group-is-layout-9517baca wp-block-group-is-layout-constrained\">\n<div class=\"wp-block-columns is-layout-flex wp-container-core-columns-is-layout-d39e70f1 wp-block-columns-is-layout-flex\" style=\"margin-top:0;margin-bottom:0;padding-top:0;padding-bottom:0\">\n<div class=\"wp-block-column has-background is-layout-flow wp-block-column-is-layout-flow\" style=\"border-radius:0px;background-color:#530000;padding-top:0;padding-right:0;padding-bottom:0;padding-left:0;flex-basis:100%\">\n<div class=\"wp-block-cover wp-elements-c69f3c0bcd22c05310bbcc1356e9e2d7 has-aspect-ratio\" style=\"margin-top:0;margin-bottom:0;padding-top:0;padding-right:0;padding-bottom:0;padding-left:0;aspect-ratio:auto;min-height:unset;\"><img loading=\"lazy\" decoding=\"async\" width=\"2560\" height=\"389\" class=\"wp-block-cover__image-background wp-image-1235 size-full\" alt=\"\" src=\"https:\/\/www.ssaver.gob.mx\/unidaddegenero\/wp-content\/uploads\/sites\/21\/2025\/10\/UG_banner_RUTA_DE_ATENCION_ACOSO-scaled.png\" data-object-fit=\"cover\" srcset=\"https:\/\/www.ssaver.gob.mx\/unidaddegenero\/wp-content\/uploads\/sites\/21\/2025\/10\/UG_banner_RUTA_DE_ATENCION_ACOSO-scaled.png 2560w, https:\/\/www.ssaver.gob.mx\/unidaddegenero\/wp-content\/uploads\/sites\/21\/2025\/10\/UG_banner_RUTA_DE_ATENCION_ACOSO-300x46.png 300w, https:\/\/www.ssaver.gob.mx\/unidaddegenero\/wp-content\/uploads\/sites\/21\/2025\/10\/UG_banner_RUTA_DE_ATENCION_ACOSO-1024x156.png 1024w, https:\/\/www.ssaver.gob.mx\/unidaddegenero\/wp-content\/uploads\/sites\/21\/2025\/10\/UG_banner_RUTA_DE_ATENCION_ACOSO-768x117.png 768w, https:\/\/www.ssaver.gob.mx\/unidaddegenero\/wp-content\/uploads\/sites\/21\/2025\/10\/UG_banner_RUTA_DE_ATENCION_ACOSO-1536x234.png 1536w, https:\/\/www.ssaver.gob.mx\/unidaddegenero\/wp-content\/uploads\/sites\/21\/2025\/10\/UG_banner_RUTA_DE_ATENCION_ACOSO-2048x312.png 2048w\" sizes=\"auto, (max-width: 2560px) 100vw, 2560px\" \/><span aria-hidden=\"true\" class=\"wp-block-cover__background has-background-dim-0 has-background-dim\" style=\"background-color:#720f37\"><\/span><div class=\"wp-block-cover__inner-container is-layout-constrained wp-container-core-cover-is-layout-72190d31 wp-block-cover-is-layout-constrained\">\n<p class=\"has-text-align-center\" style=\"font-size:28px\"><strong>Identifica y Denuncia el Hostigamiento y Acoso Sexual<\/strong><\/p>\n<\/div><\/div>\n<\/div>\n<\/div>\n\n\n\n<div class=\"wp-block-columns is-layout-flex wp-container-core-columns-is-layout-b2864ded wp-block-columns-is-layout-flex\" style=\"margin-top:0;margin-bottom:0;padding-top:0;padding-bottom:0\">\n<div class=\"wp-block-column is-vertically-aligned-center has-background is-layout-flow wp-block-column-is-layout-flow\" style=\"background:linear-gradient(180deg,rgb(233,231,225) 32%,rgba(232,230,225,0) 100%);padding-top:var(--wp--preset--spacing--40);padding-right:var(--wp--preset--spacing--40);padding-bottom:var(--wp--preset--spacing--40);padding-left:var(--wp--preset--spacing--70);flex-basis:100%\">\n<figure class=\"wp-block-image size-full\"><img loading=\"lazy\" decoding=\"async\" width=\"2560\" height=\"640\" src=\"https:\/\/www.ssaver.gob.mx\/unidaddegenero\/wp-content\/uploads\/sites\/21\/2025\/09\/Ruta-Atn-1-scaled.jpg\" alt=\"\" class=\"wp-image-1084\" srcset=\"https:\/\/www.ssaver.gob.mx\/unidaddegenero\/wp-content\/uploads\/sites\/21\/2025\/09\/Ruta-Atn-1-scaled.jpg 2560w, https:\/\/www.ssaver.gob.mx\/unidaddegenero\/wp-content\/uploads\/sites\/21\/2025\/09\/Ruta-Atn-1-300x75.jpg 300w, https:\/\/www.ssaver.gob.mx\/unidaddegenero\/wp-content\/uploads\/sites\/21\/2025\/09\/Ruta-Atn-1-1024x256.jpg 1024w, https:\/\/www.ssaver.gob.mx\/unidaddegenero\/wp-content\/uploads\/sites\/21\/2025\/09\/Ruta-Atn-1-768x192.jpg 768w, https:\/\/www.ssaver.gob.mx\/unidaddegenero\/wp-content\/uploads\/sites\/21\/2025\/09\/Ruta-Atn-1-1536x384.jpg 1536w, https:\/\/www.ssaver.gob.mx\/unidaddegenero\/wp-content\/uploads\/sites\/21\/2025\/09\/Ruta-Atn-1-2048x512.jpg 2048w\" sizes=\"auto, (max-width: 2560px) 100vw, 2560px\" \/><\/figure>\n\n\n\n<ul style=\"color:#5b4c0d;background-color:#fff4e0;font-size:22px\" class=\"wp-block-list has-text-color has-background\">\n<li><strong><a href=\"https:\/\/www.ssaver.gob.mx\/unidaddegenero\/wp-content\/uploads\/sites\/21\/2022\/07\/HSAS1_GAC2020_118_Lunes_23TOMO_II_Ext.pdf\" target=\"_blank\" rel=\"noreferrer noopener\">GACETA OFICIAL 2020 TOMO II | ACUERDO POR EL QUE SE EXPIDE EL PROTOCOLO PARA LA PREVENCI\u00d3N, ATENCI\u00d3N Y SANCI\u00d3N DEL HOSTIGAMIENTO Y ACOSO SEXUAL EN LA ADMINISTRACI\u00d3N P\u00daBLICA ESTATAL.<\/a><\/strong><\/li>\n\n\n\n<li><strong><a href=\"https:\/\/www.ssaver.gob.mx\/unidaddegenero\/wp-content\/uploads\/sites\/21\/2024\/04\/Pronunciamiento_Cero_ToleranciaHyAS_2024_Firmado_Dra_Diaz_del_Castillo.pdf\" target=\"_blank\" rel=\"noreferrer noopener\">PRONUNCIAMIENTO DE CERO TOLERANCIA AL HOSTIGAMIENTO SEXUAL Y ACOSO SEXUAL EN LA SECRETAR\u00cdA DE SALUD Y EL O.P.D. SERVICIOS DE SALUD DE VERACRUZ.<\/a><\/strong><\/li>\n<\/ul>\n\n\n\n<figure class=\"wp-block-image size-large is-resized\"><img loading=\"lazy\" decoding=\"async\" width=\"1024\" height=\"663\" src=\"https:\/\/www.ssaver.gob.mx\/unidaddegenero\/wp-content\/uploads\/sites\/21\/2025\/07\/RUTA-DE-ACOSO-Y-HOSTIGAMIENTO-5-1024x663.png\" alt=\"\" class=\"wp-image-1063\" style=\"width:1140px;height:auto\" srcset=\"https:\/\/www.ssaver.gob.mx\/unidaddegenero\/wp-content\/uploads\/sites\/21\/2025\/07\/RUTA-DE-ACOSO-Y-HOSTIGAMIENTO-5-1024x663.png 1024w, https:\/\/www.ssaver.gob.mx\/unidaddegenero\/wp-content\/uploads\/sites\/21\/2025\/07\/RUTA-DE-ACOSO-Y-HOSTIGAMIENTO-5-300x194.png 300w, https:\/\/www.ssaver.gob.mx\/unidaddegenero\/wp-content\/uploads\/sites\/21\/2025\/07\/RUTA-DE-ACOSO-Y-HOSTIGAMIENTO-5-768x497.png 768w, https:\/\/www.ssaver.gob.mx\/unidaddegenero\/wp-content\/uploads\/sites\/21\/2025\/07\/RUTA-DE-ACOSO-Y-HOSTIGAMIENTO-5-1536x994.png 1536w, https:\/\/www.ssaver.gob.mx\/unidaddegenero\/wp-content\/uploads\/sites\/21\/2025\/07\/RUTA-DE-ACOSO-Y-HOSTIGAMIENTO-5.png 2000w\" sizes=\"auto, (max-width: 1024px) 100vw, 1024px\" \/><\/figure>\n<\/div>\n<\/div>\n<\/div>\n","protected":false},"excerpt":{"rendered":"","protected":false},"author":3,"featured_media":0,"parent":521,"menu_order":1,"comment_status":"closed","ping_status":"closed","template":"","meta":{"colormag_page_container_layout":"default_layout","colormag_page_sidebar_layout":"default_layout","footnotes":""},"class_list":["post-596","page","type-page","status-publish","hentry"],"_links":{"self":[{"href":"https:\/\/www.ssaver.gob.mx\/unidaddegenero\/wp-json\/wp\/v2\/pages\/596","targetHints":{"allow":["GET"]}}],"collection":[{"href":"https:\/\/www.ssaver.gob.mx\/unidaddegenero\/wp-json\/wp\/v2\/pages"}],"about":[{"href":"https:\/\/www.ssaver.gob.mx\/unidaddegenero\/wp-json\/wp\/v2\/types\/page"}],"author":[{"embeddable":true,"href":"https:\/\/www.ssaver.gob.mx\/unidaddegenero\/wp-json\/wp\/v2\/users\/3"}],"replies":[{"embeddable":true,"href":"https:\/\/www.ssaver.gob.mx\/unidaddegenero\/wp-json\/wp\/v2\/comments?post=596"}],"version-history":[{"count":20,"href":"https:\/\/www.ssaver.gob.mx\/unidaddegenero\/wp-json\/wp\/v2\/pages\/596\/revisions"}],"predecessor-version":[{"id":1364,"href":"https:\/\/www.ssaver.gob.mx\/unidaddegenero\/wp-json\/wp\/v2\/pages\/596\/revisions\/1364"}],"up":[{"embeddable":true,"href":"https:\/\/www.ssaver.gob.mx\/unidaddegenero\/wp-json\/wp\/v2\/pages\/521"}],"wp:attachment":[{"href":"https:\/\/www.ssaver.gob.mx\/unidaddegenero\/wp-json\/wp\/v2\/media?parent=596"}],"curies":[{"name":"wp","href":"https:\/\/api.w.org\/{rel}","templated":true}]}}