{"id":613,"date":"2022-07-20T14:33:03","date_gmt":"2022-07-20T19:33:03","guid":{"rendered":"https:\/\/www.ssaver.gob.mx\/unidaddegenero\/?page_id=613"},"modified":"2026-03-18T12:24:19","modified_gmt":"2026-03-18T18:24:19","slug":"alerta-de-violencia-de-genero-contra-las-mujeres-en-veracruz","status":"publish","type":"page","link":"https:\/\/www.ssaver.gob.mx\/unidaddegenero\/material-informativo\/alerta-de-violencia-de-genero-contra-las-mujeres-en-veracruz\/","title":{"rendered":"Alerta de Violencia de G\u00e9nero contra las Mujeres en Veracruz"},"content":{"rendered":"\n<div class=\"wp-block-group is-layout-constrained wp-container-core-group-is-layout-9517baca wp-block-group-is-layout-constrained\">\n<div class=\"wp-block-columns is-layout-flex wp-container-core-columns-is-layout-d39e70f1 wp-block-columns-is-layout-flex\" style=\"margin-top:0;margin-bottom:0;padding-top:0;padding-bottom:0\">\n<div class=\"wp-block-column has-background is-layout-flow wp-block-column-is-layout-flow\" style=\"border-radius:0px;background-color:#530000;padding-top:0;padding-right:0;padding-bottom:0;padding-left:0;flex-basis:100%\">\n<div class=\"wp-block-cover wp-elements-c755193cca2139fcf3231bb62dbdb1b6 has-aspect-ratio\" style=\"margin-top:0;margin-bottom:0;padding-top:0;padding-right:0;padding-bottom:0;padding-left:0;aspect-ratio:auto;min-height:unset;\"><img loading=\"lazy\" decoding=\"async\" width=\"2560\" height=\"392\" class=\"wp-block-cover__image-background wp-image-1188 size-full\" alt=\"\" src=\"https:\/\/www.ssaver.gob.mx\/unidaddegenero\/wp-content\/uploads\/sites\/21\/2025\/10\/UG_MaterialInfo_textura-scaled.png\" data-object-fit=\"cover\" srcset=\"https:\/\/www.ssaver.gob.mx\/unidaddegenero\/wp-content\/uploads\/sites\/21\/2025\/10\/UG_MaterialInfo_textura-scaled.png 2560w, https:\/\/www.ssaver.gob.mx\/unidaddegenero\/wp-content\/uploads\/sites\/21\/2025\/10\/UG_MaterialInfo_textura-300x46.png 300w, https:\/\/www.ssaver.gob.mx\/unidaddegenero\/wp-content\/uploads\/sites\/21\/2025\/10\/UG_MaterialInfo_textura-1024x157.png 1024w, https:\/\/www.ssaver.gob.mx\/unidaddegenero\/wp-content\/uploads\/sites\/21\/2025\/10\/UG_MaterialInfo_textura-768x118.png 768w, https:\/\/www.ssaver.gob.mx\/unidaddegenero\/wp-content\/uploads\/sites\/21\/2025\/10\/UG_MaterialInfo_textura-1536x235.png 1536w, https:\/\/www.ssaver.gob.mx\/unidaddegenero\/wp-content\/uploads\/sites\/21\/2025\/10\/UG_MaterialInfo_textura-2048x313.png 2048w\" sizes=\"auto, (max-width: 2560px) 100vw, 2560px\" \/><span aria-hidden=\"true\" class=\"wp-block-cover__background has-background-dim-0 has-background-dim\" style=\"background-color:#720f37\"><\/span><div class=\"wp-block-cover__inner-container is-layout-constrained wp-container-core-cover-is-layout-72190d31 wp-block-cover-is-layout-constrained\">\n<p class=\"has-text-align-center\" style=\"font-size:28px\"><strong>Alerta de Violencia de G\u00e9nero contra las Mujeres en Veracruz<\/strong><\/p>\n<\/div><\/div>\n<\/div>\n<\/div>\n\n\n\n<div class=\"wp-block-columns is-layout-flex wp-container-core-columns-is-layout-b2864ded wp-block-columns-is-layout-flex\" style=\"margin-top:0;margin-bottom:0;padding-top:0;padding-bottom:0\">\n<div class=\"wp-block-column is-vertically-aligned-center has-background is-layout-flow wp-block-column-is-layout-flow\" style=\"background:linear-gradient(180deg,rgb(233,231,225) 32%,rgba(232,230,225,0) 100%);padding-top:var(--wp--preset--spacing--40);padding-right:var(--wp--preset--spacing--40);padding-bottom:var(--wp--preset--spacing--40);padding-left:var(--wp--preset--spacing--70);flex-basis:100%\">\n<figure class=\"wp-block-image size-full is-resized\"><img loading=\"lazy\" decoding=\"async\" width=\"685\" height=\"171\" src=\"https:\/\/www.ssaver.gob.mx\/unidaddegenero\/wp-content\/uploads\/sites\/21\/2022\/07\/bannerUG2.jpg\" alt=\"\" class=\"wp-image-590\" style=\"width:1500px\" srcset=\"https:\/\/www.ssaver.gob.mx\/unidaddegenero\/wp-content\/uploads\/sites\/21\/2022\/07\/bannerUG2.jpg 685w, https:\/\/www.ssaver.gob.mx\/unidaddegenero\/wp-content\/uploads\/sites\/21\/2022\/07\/bannerUG2-300x75.jpg 300w\" sizes=\"auto, (max-width: 685px) 100vw, 685px\" \/><\/figure>\n\n\n\n<ul style=\"color:#5b4c0d;background-color:#fff4e0;font-size:22px\" class=\"wp-block-list has-text-color has-background\">\n<li><a href=\"https:\/\/www.ssaver.gob.mx\/unidaddegenero\/wp-content\/uploads\/sites\/21\/2024\/06\/GACETA_COMPLEMENTO_TECNICO_Y_LEGAL_DEL_PROGRAMA_ABORTO_SEGURO.pdf\" target=\"_blank\" rel=\"noreferrer noopener\"><strong>COMPLEMENTO T\u00c9CNICO Y LEGAL QUE ACTUALIZA EL PROGRAMA DE ABORTO SEGURO PARA EL ESTADO DE VERACRUZ DE SERVICIOS DE SALUD DE VERACRUZ<\/strong><\/a><\/li>\n\n\n\n<li><strong><a href=\"https:\/\/www.ssaver.gob.mx\/unidaddegenero\/wp-content\/uploads\/sites\/21\/2022\/07\/AVGM1GACETA_PROGRAMA_ABORTO_SEGURO_PARA_EL_ESTADO_DE_VERACRUZ.pdf\" target=\"_blank\" rel=\"noreferrer noopener\">GACETA OFICIAL TOMO III | PROGRAMA DE ABORTO SEGURO PARA EL ESTADO DE VERACRUZ DE SERVICIOS DE SALUD DE VERACRUZ.<\/a><\/strong><\/li>\n\n\n\n<li><strong><a href=\"https:\/\/www.ssaver.gob.mx\/unidaddegenero\/wp-content\/uploads\/sites\/21\/2022\/07\/AVGM2GACETA_PROTOCOLO_PARA_LA_ATENCION_A_VICTIMAS_DE_VS.pdf\" target=\"_blank\" rel=\"noreferrer noopener\">GACETA OFICIAL TOMO VI | PROTOCOLO PARA LA ATENCI\u00d3N M\u00c9DICA A V\u00cdCTIMAS DE VIOLENCIA SEXUAL. SERVICIOS DE SALUD DE VERACRUZ.<\/a><\/strong><\/li>\n\n\n\n<li><strong><a href=\"https:\/\/www.ssaver.gob.mx\/unidaddegenero\/wp-content\/uploads\/sites\/21\/2022\/07\/AVGM3NOM_046_SSA2_2005_ViolenciaFamiliarSexual.pdf\" target=\"_blank\" rel=\"noreferrer noopener\">NOM-046-SSA2-2005. VIOLENCIA FAMILIAR, SEXUAL Y CONTRA LAS MUJERES. CRITERIOS PARA LA PREVENCI\u00d3N Y ATENCI\u00d3N.<\/a><\/strong><\/li>\n\n\n\n<li><strong><a href=\"https:\/\/www.ssaver.gob.mx\/unidaddegenero\/wp-content\/uploads\/sites\/21\/2022\/07\/AVGM4TRIPTICO_AVGM.pdf\" target=\"_blank\" rel=\"noreferrer noopener\">ALERTA DE VIOLENCIA DE G\u00c9NERO CONTRA LAS MUJERES EN VERACRUZ (TR\u00cdPTICO).<\/a><\/strong><\/li>\n\n\n\n<li><strong><a href=\"https:\/\/www.ssaver.gob.mx\/unidaddegenero\/wp-content\/uploads\/sites\/21\/2022\/07\/AVGM5CARTEL_AVGM-scaled.jpg\" target=\"_blank\" rel=\"noreferrer noopener\">ALERTA DE VIOLENCIA DE G\u00c9NERO CONTRA LAS MUJERES EN VERACRUZ (CARTEL).<\/a><\/strong><\/li>\n\n\n\n<li><strong><a href=\"https:\/\/www.ssaver.gob.mx\/unidaddegenero\/wp-content\/uploads\/sites\/21\/2022\/07\/AVGM6Tarjeta_indicadores_de_violencia.jpg\" target=\"_blank\" rel=\"noreferrer noopener\">INDICADORES DE VIOLENCIA (TARJETA).<\/a><\/strong><\/li>\n\n\n\n<li><strong><a href=\"https:\/\/www.ssaver.gob.mx\/unidaddegenero\/wp-content\/uploads\/sites\/21\/2022\/07\/AVGM7Tarjeta_tiempos_de_atencion.jpg\" target=\"_blank\" rel=\"noreferrer noopener\">TIEMPOS DE ATENCI\u00d3N EN LA VIOLACI\u00d3N SEXUAL EN CENTROS DE SALUD (TARJETA).<\/a><\/strong><\/li>\n<\/ul>\n<\/div>\n<\/div>\n<\/div>\n","protected":false},"excerpt":{"rendered":"","protected":false},"author":2,"featured_media":0,"parent":521,"menu_order":2,"comment_status":"closed","ping_status":"closed","template":"","meta":{"colormag_page_container_layout":"default_layout","colormag_page_sidebar_layout":"default_layout","footnotes":""},"class_list":["post-613","page","type-page","status-publish","hentry"],"_links":{"self":[{"href":"https:\/\/www.ssaver.gob.mx\/unidaddegenero\/wp-json\/wp\/v2\/pages\/613","targetHints":{"allow":["GET"]}}],"collection":[{"href":"https:\/\/www.ssaver.gob.mx\/unidaddegenero\/wp-json\/wp\/v2\/pages"}],"about":[{"href":"https:\/\/www.ssaver.gob.mx\/unidaddegenero\/wp-json\/wp\/v2\/types\/page"}],"author":[{"embeddable":true,"href":"https:\/\/www.ssaver.gob.mx\/unidaddegenero\/wp-json\/wp\/v2\/users\/2"}],"replies":[{"embeddable":true,"href":"https:\/\/www.ssaver.gob.mx\/unidaddegenero\/wp-json\/wp\/v2\/comments?post=613"}],"version-history":[{"count":16,"href":"https:\/\/www.ssaver.gob.mx\/unidaddegenero\/wp-json\/wp\/v2\/pages\/613\/revisions"}],"predecessor-version":[{"id":1367,"href":"https:\/\/www.ssaver.gob.mx\/unidaddegenero\/wp-json\/wp\/v2\/pages\/613\/revisions\/1367"}],"up":[{"embeddable":true,"href":"https:\/\/www.ssaver.gob.mx\/unidaddegenero\/wp-json\/wp\/v2\/pages\/521"}],"wp:attachment":[{"href":"https:\/\/www.ssaver.gob.mx\/unidaddegenero\/wp-json\/wp\/v2\/media?parent=613"}],"curies":[{"name":"wp","href":"https:\/\/api.w.org\/{rel}","templated":true}]}}

Alerta de Violencia de Género contra las Mujeres en Veracruz

<div class="wp-block-group is-layout-constrained wp-container-core-group-is-layout-9517baca wp-block-group-is-layout-constrained">
<div class="wp-block-columns is-layout-flex wp-container-core-columns-is-layout-d39e70f1 wp-block-columns-is-layout-flex" style="margin-top:0;margin-bottom:0;padding-top:0;padding-bottom:0">
<div class="wp-block-column has-background is-layout-flow wp-block-column-is-layout-flow" style="border-radius:0px;background-color:#530000;padding-top:0;padding-right:0;padding-bottom:0;padding-left:0;flex-basis:100%">
<div class="wp-block-cover wp-elements-c755193cca2139fcf3231bb62dbdb1b6 has-aspect-ratio" style="margin-top:0;margin-bottom:0;padding-top:0;padding-right:0;padding-bottom:0;padding-left:0;aspect-ratio:auto;min-height:unset;"><img loading="lazy" decoding="async" width="2560" height="392" class="wp-block-cover__image-background wp-image-1188 size-full" alt="" src="https://www.ssaver.gob.mx/unidaddegenero/wp-content/uploads/sites/21/2025/10/UG_MaterialInfo_textura-scaled.png" data-object-fit="cover" srcset="https://www.ssaver.gob.mx/unidaddegenero/wp-content/uploads/sites/21/2025/10/UG_MaterialInfo_textura-scaled.png 2560w, https://www.ssaver.gob.mx/unidaddegenero/wp-content/uploads/sites/21/2025/10/UG_MaterialInfo_textura-300x46.png 300w, https://www.ssaver.gob.mx/unidaddegenero/wp-content/uploads/sites/21/2025/10/UG_MaterialInfo_textura-1024x157.png 1024w, https://www.ssaver.gob.mx/unidaddegenero/wp-content/uploads/sites/21/2025/10/UG_MaterialInfo_textura-768x118.png 768w, https://www.ssaver.gob.mx/unidaddegenero/wp-content/uploads/sites/21/2025/10/UG_MaterialInfo_textura-1536x235.png 1536w, https://www.ssaver.gob.mx/unidaddegenero/wp-content/uploads/sites/21/2025/10/UG_MaterialInfo_textura-2048x313.png 2048w" sizes="auto, (max-width: 2560px) 100vw, 2560px" /><span aria-hidden="true" class="wp-block-cover__background has-background-dim-0 has-background-dim" style="background-color:#720f37"></span><div class="wp-block-cover__inner-container is-layout-constrained wp-container-core-cover-is-layout-72190d31 wp-block-cover-is-layout-constrained">
<p class="has-text-align-center" style="font-size:28px"><strong>Alerta de Violencia de Género contra las Mujeres en Veracruz</strong></p>
</div></div>
</div>
</div>



<div class="wp-block-columns is-layout-flex wp-container-core-columns-is-layout-b2864ded wp-block-columns-is-layout-flex" style="margin-top:0;margin-bottom:0;padding-top:0;padding-bottom:0">
<div class="wp-block-column is-vertically-aligned-center has-background is-layout-flow wp-block-column-is-layout-flow" style="background:linear-gradient(180deg,rgb(233,231,225) 32%,rgba(232,230,225,0) 100%);padding-top:var(--wp--preset--spacing--40);padding-right:var(--wp--preset--spacing--40);padding-bottom:var(--wp--preset--spacing--40);padding-left:var(--wp--preset--spacing--70);flex-basis:100%">
<figure class="wp-block-image size-full is-resized"><img loading="lazy" decoding="async" width="685" height="171" src="https://www.ssaver.gob.mx/unidaddegenero/wp-content/uploads/sites/21/2022/07/bannerUG2.jpg" alt="" class="wp-image-590" style="width:1500px" srcset="https://www.ssaver.gob.mx/unidaddegenero/wp-content/uploads/sites/21/2022/07/bannerUG2.jpg 685w, https://www.ssaver.gob.mx/unidaddegenero/wp-content/uploads/sites/21/2022/07/bannerUG2-300x75.jpg 300w" sizes="auto, (max-width: 685px) 100vw, 685px" /></figure>



<ul style="color:#5b4c0d;background-color:#fff4e0;font-size:22px" class="wp-block-list has-text-color has-background">
<li><a href="https://www.ssaver.gob.mx/unidaddegenero/wp-content/uploads/sites/21/2024/06/GACETA_COMPLEMENTO_TECNICO_Y_LEGAL_DEL_PROGRAMA_ABORTO_SEGURO.pdf" target="_blank" rel="noreferrer noopener"><strong>COMPLEMENTO TÉCNICO Y LEGAL QUE ACTUALIZA EL PROGRAMA DE ABORTO SEGURO PARA EL ESTADO DE VERACRUZ DE SERVICIOS DE SALUD DE VERACRUZ</strong></a></li>



<li><strong><a href="https://www.ssaver.gob.mx/unidaddegenero/wp-content/uploads/sites/21/2022/07/AVGM1GACETA_PROGRAMA_ABORTO_SEGURO_PARA_EL_ESTADO_DE_VERACRUZ.pdf" target="_blank" rel="noreferrer noopener">GACETA OFICIAL TOMO III | PROGRAMA DE ABORTO SEGURO PARA EL ESTADO DE VERACRUZ DE SERVICIOS DE SALUD DE VERACRUZ.</a></strong></li>



<li><strong><a href="https://www.ssaver.gob.mx/unidaddegenero/wp-content/uploads/sites/21/2022/07/AVGM2GACETA_PROTOCOLO_PARA_LA_ATENCION_A_VICTIMAS_DE_VS.pdf" target="_blank" rel="noreferrer noopener">GACETA OFICIAL TOMO VI | PROTOCOLO PARA LA ATENCIÓN MÉDICA A VÍCTIMAS DE VIOLENCIA SEXUAL. SERVICIOS DE SALUD DE VERACRUZ.</a></strong></li>



<li><strong><a href="https://www.ssaver.gob.mx/unidaddegenero/wp-content/uploads/sites/21/2022/07/AVGM3NOM_046_SSA2_2005_ViolenciaFamiliarSexual.pdf" target="_blank" rel="noreferrer noopener">NOM-046-SSA2-2005. VIOLENCIA FAMILIAR, SEXUAL Y CONTRA LAS MUJERES. CRITERIOS PARA LA PREVENCIÓN Y ATENCIÓN.</a></strong></li>



<li><strong><a href="https://www.ssaver.gob.mx/unidaddegenero/wp-content/uploads/sites/21/2022/07/AVGM4TRIPTICO_AVGM.pdf" target="_blank" rel="noreferrer noopener">ALERTA DE VIOLENCIA DE GÉNERO CONTRA LAS MUJERES EN VERACRUZ (TRÍPTICO).</a></strong></li>



<li><strong><a href="https://www.ssaver.gob.mx/unidaddegenero/wp-content/uploads/sites/21/2022/07/AVGM5CARTEL_AVGM-scaled.jpg" target="_blank" rel="noreferrer noopener">ALERTA DE VIOLENCIA DE GÉNERO CONTRA LAS MUJERES EN VERACRUZ (CARTEL).</a></strong></li>



<li><strong><a href="https://www.ssaver.gob.mx/unidaddegenero/wp-content/uploads/sites/21/2022/07/AVGM6Tarjeta_indicadores_de_violencia.jpg" target="_blank" rel="noreferrer noopener">INDICADORES DE VIOLENCIA (TARJETA).</a></strong></li>



<li><strong><a href="https://www.ssaver.gob.mx/unidaddegenero/wp-content/uploads/sites/21/2022/07/AVGM7Tarjeta_tiempos_de_atencion.jpg" target="_blank" rel="noreferrer noopener">TIEMPOS DE ATENCIÓN EN LA VIOLACIÓN SEXUAL EN CENTROS DE SALUD (TARJETA).</a></strong></li>
</ul>
</div>
</div>
</div>
