{"id":634,"date":"2022-07-20T14:50:22","date_gmt":"2022-07-20T19:50:22","guid":{"rendered":"https:\/\/www.ssaver.gob.mx\/unidaddegenero\/?page_id=634"},"modified":"2026-03-18T12:25:21","modified_gmt":"2026-03-18T18:25:21","slug":"seres-humanos-diversos-con-los-mismos-derechos-igualdad-sustantiva-y-no-discriminacion","status":"publish","type":"page","link":"https:\/\/www.ssaver.gob.mx\/unidaddegenero\/material-informativo\/seres-humanos-diversos-con-los-mismos-derechos-igualdad-sustantiva-y-no-discriminacion\/","title":{"rendered":"Seres Humanos Diversos con los mismos Derechos. Igualdad Sustantiva y No Discriminaci\u00f3n"},"content":{"rendered":"\n<div class=\"wp-block-group is-layout-constrained wp-container-core-group-is-layout-9517baca wp-block-group-is-layout-constrained\">\n<div class=\"wp-block-columns is-layout-flex wp-container-core-columns-is-layout-d39e70f1 wp-block-columns-is-layout-flex\" style=\"margin-top:0;margin-bottom:0;padding-top:0;padding-bottom:0\">\n<div class=\"wp-block-column has-background is-layout-flow wp-block-column-is-layout-flow\" style=\"border-radius:0px;background-color:#530000;padding-top:0;padding-right:0;padding-bottom:0;padding-left:0;flex-basis:100%\">\n<div class=\"wp-block-cover wp-elements-400fb5391914048e795ef106940632b7 has-aspect-ratio\" style=\"margin-top:0;margin-bottom:0;padding-top:0;padding-right:0;padding-bottom:0;padding-left:0;aspect-ratio:auto;min-height:unset;\"><img loading=\"lazy\" decoding=\"async\" width=\"2560\" height=\"389\" class=\"wp-block-cover__image-background wp-image-1236 size-full\" alt=\"\" src=\"https:\/\/www.ssaver.gob.mx\/unidaddegenero\/wp-content\/uploads\/sites\/21\/2025\/10\/UG_banner_SERES_HUMANOS_DIVERSOS-scaled.png\" data-object-fit=\"cover\" srcset=\"https:\/\/www.ssaver.gob.mx\/unidaddegenero\/wp-content\/uploads\/sites\/21\/2025\/10\/UG_banner_SERES_HUMANOS_DIVERSOS-scaled.png 2560w, https:\/\/www.ssaver.gob.mx\/unidaddegenero\/wp-content\/uploads\/sites\/21\/2025\/10\/UG_banner_SERES_HUMANOS_DIVERSOS-300x46.png 300w, https:\/\/www.ssaver.gob.mx\/unidaddegenero\/wp-content\/uploads\/sites\/21\/2025\/10\/UG_banner_SERES_HUMANOS_DIVERSOS-1024x156.png 1024w, https:\/\/www.ssaver.gob.mx\/unidaddegenero\/wp-content\/uploads\/sites\/21\/2025\/10\/UG_banner_SERES_HUMANOS_DIVERSOS-768x117.png 768w, https:\/\/www.ssaver.gob.mx\/unidaddegenero\/wp-content\/uploads\/sites\/21\/2025\/10\/UG_banner_SERES_HUMANOS_DIVERSOS-1536x234.png 1536w, https:\/\/www.ssaver.gob.mx\/unidaddegenero\/wp-content\/uploads\/sites\/21\/2025\/10\/UG_banner_SERES_HUMANOS_DIVERSOS-2048x312.png 2048w\" sizes=\"auto, (max-width: 2560px) 100vw, 2560px\" \/><span aria-hidden=\"true\" class=\"wp-block-cover__background has-background-dim-0 has-background-dim\" style=\"background-color:#720f37\"><\/span><div class=\"wp-block-cover__inner-container is-layout-constrained wp-container-core-cover-is-layout-72190d31 wp-block-cover-is-layout-constrained\">\n<p class=\"has-text-align-center\" style=\"font-size:28px\"><strong>Seres Humanos Diversos con los mismos Derechos.  Igualdad Sustantiva y No Discriminaci\u00f3n.<\/strong><\/p>\n<\/div><\/div>\n<\/div>\n<\/div>\n\n\n\n<div class=\"wp-block-columns is-layout-flex wp-container-core-columns-is-layout-b2864ded wp-block-columns-is-layout-flex\" style=\"margin-top:0;margin-bottom:0;padding-top:0;padding-bottom:0\">\n<div class=\"wp-block-column is-vertically-aligned-center has-background is-layout-flow wp-block-column-is-layout-flow\" style=\"background:linear-gradient(180deg,rgb(233,231,225) 32%,rgba(232,230,225,0) 100%);padding-top:var(--wp--preset--spacing--40);padding-right:var(--wp--preset--spacing--40);padding-bottom:var(--wp--preset--spacing--40);padding-left:var(--wp--preset--spacing--70);flex-basis:100%\">\n<figure class=\"wp-block-image size-full is-resized\"><img loading=\"lazy\" decoding=\"async\" width=\"685\" height=\"171\" src=\"https:\/\/www.ssaver.gob.mx\/unidaddegenero\/wp-content\/uploads\/sites\/21\/2022\/07\/bannerUG4.jpg\" alt=\"\" class=\"wp-image-592\" style=\"width:1500px\" srcset=\"https:\/\/www.ssaver.gob.mx\/unidaddegenero\/wp-content\/uploads\/sites\/21\/2022\/07\/bannerUG4.jpg 685w, https:\/\/www.ssaver.gob.mx\/unidaddegenero\/wp-content\/uploads\/sites\/21\/2022\/07\/bannerUG4-300x75.jpg 300w\" sizes=\"auto, (max-width: 685px) 100vw, 685px\" \/><\/figure>\n\n\n\n<ul style=\"color:#5b4c0d;background-color:#fff4e0;font-size:22px\" class=\"wp-block-list has-text-color has-background\">\n<li><strong><a href=\"https:\/\/www.ssaver.gob.mx\/unidaddegenero\/wp-content\/uploads\/sites\/21\/2023\/05\/Igualdad_de_derechos-scaled.jpg\" target=\"_blank\" rel=\"noreferrer noopener\">IGUALDAD DE DERECHOS.<\/a><\/strong><\/li>\n\n\n\n<li><strong><a href=\"https:\/\/www.ssaver.gob.mx\/unidaddegenero\/wp-content\/uploads\/sites\/21\/2023\/05\/Tramite_de_cambio_de_Genero.jpg\" target=\"_blank\" rel=\"noreferrer noopener\">TR\u00c1MITE DE CAMBIO DE G\u00c9NERO.<\/a><\/strong><\/li>\n\n\n\n<li><strong><a rel=\"noreferrer noopener\" href=\"https:\/\/www.ssaver.gob.mx\/unidaddegenero\/wp-content\/uploads\/sites\/21\/2022\/10\/RESPETA-SUS-DERECHOS.jpeg\" target=\"_blank\">RESPETA SUS DERECHOS.<\/a><\/strong><\/li>\n\n\n\n<li><strong><a href=\"https:\/\/www.ssaver.gob.mx\/unidaddegenero\/wp-content\/uploads\/sites\/21\/2022\/08\/LOS_ESTEREOTIPOS_DE_GENERO.jpeg\" target=\"_blank\" rel=\"noreferrer noopener\">\u00bfPOR QU\u00c9 SON MALOS LOS ESTEREOTIPOS DE G\u00c9NERO?.<\/a><\/strong><\/li>\n\n\n\n<li><strong><a href=\"https:\/\/www.ssaver.gob.mx\/unidaddegenero\/wp-content\/uploads\/sites\/21\/2022\/08\/MISMOS_DERECHOS.jpeg\" target=\"_blank\" rel=\"noreferrer noopener\">\u00abMIS DERECHOS NO AFECTAN LOS TUYOS, PORQUE SON LOS MISMOS\u00bb.<\/a><\/strong><\/li>\n\n\n\n<li><strong><a href=\"https:\/\/www.ssaver.gob.mx\/unidaddegenero\/wp-content\/uploads\/sites\/21\/2022\/07\/LGBTTTI1_CAMPANA_SERES_HUMANOS_DIVERSOS.docx\" target=\"_blank\" rel=\"noreferrer noopener\">CAMPA\u00d1A \u00abSERES HUMANOS DIVERSOS CON LOS MISMOS DERECHOS, IGUALDAD SUSTANTIVA Y NO DISCRIMINACI\u00d3N\u00bb.<\/a><\/strong><\/li>\n\n\n\n<li><strong><a href=\"https:\/\/www.ssaver.gob.mx\/unidaddegenero\/wp-content\/uploads\/sites\/21\/2022\/07\/LGBTTTI2_PROTOCOLO_ATN_MEDICA.pdf\" target=\"_blank\" rel=\"noreferrer noopener\">PROTOCOLO PARA EL ACCESO SIN DISCRIMINACI\u00d3N A LA PRESTACI\u00d3N DE SERVICIOS DE ATENCI\u00d3N M\u00c9DICA DE LAS PERSONAS LGBTTTI Y GU\u00cdAS DE ATENCI\u00d3N ESPEC\u00cdFICAS.<\/a><\/strong><\/li>\n\n\n\n<li><strong><a href=\"https:\/\/www.ssaver.gob.mx\/unidaddegenero\/wp-content\/uploads\/sites\/21\/2022\/07\/LGBTTTI3_STORIES_LGBT_18.png\" target=\"_blank\" rel=\"noreferrer noopener\">DISCRIMINACI\u00d3N HACIA LA COMUNIDAD LGBTTTIQ+ ES UN PROBLEMA HABITUAL (STORIES 1).<\/a><\/strong><\/li>\n\n\n\n<li><strong><a href=\"https:\/\/www.ssaver.gob.mx\/unidaddegenero\/wp-content\/uploads\/sites\/21\/2022\/07\/LGBTTTI4_STORIES_LGBT-19.png\" target=\"_blank\" rel=\"noreferrer noopener\">NO CERREMOS LOS OJOS ANTE ESTA SITUACI\u00d3N (STORIES 2).<\/a><\/strong><\/li>\n<\/ul>\n<\/div>\n<\/div>\n<\/div>\n","protected":false},"excerpt":{"rendered":"","protected":false},"author":2,"featured_media":0,"parent":521,"menu_order":4,"comment_status":"closed","ping_status":"closed","template":"","meta":{"colormag_page_container_layout":"default_layout","colormag_page_sidebar_layout":"default_layout","footnotes":""},"class_list":["post-634","page","type-page","status-publish","hentry"],"_links":{"self":[{"href":"https:\/\/www.ssaver.gob.mx\/unidaddegenero\/wp-json\/wp\/v2\/pages\/634","targetHints":{"allow":["GET"]}}],"collection":[{"href":"https:\/\/www.ssaver.gob.mx\/unidaddegenero\/wp-json\/wp\/v2\/pages"}],"about":[{"href":"https:\/\/www.ssaver.gob.mx\/unidaddegenero\/wp-json\/wp\/v2\/types\/page"}],"author":[{"embeddable":true,"href":"https:\/\/www.ssaver.gob.mx\/unidaddegenero\/wp-json\/wp\/v2\/users\/2"}],"replies":[{"embeddable":true,"href":"https:\/\/www.ssaver.gob.mx\/unidaddegenero\/wp-json\/wp\/v2\/comments?post=634"}],"version-history":[{"count":12,"href":"https:\/\/www.ssaver.gob.mx\/unidaddegenero\/wp-json\/wp\/v2\/pages\/634\/revisions"}],"predecessor-version":[{"id":1368,"href":"https:\/\/www.ssaver.gob.mx\/unidaddegenero\/wp-json\/wp\/v2\/pages\/634\/revisions\/1368"}],"up":[{"embeddable":true,"href":"https:\/\/www.ssaver.gob.mx\/unidaddegenero\/wp-json\/wp\/v2\/pages\/521"}],"wp:attachment":[{"href":"https:\/\/www.ssaver.gob.mx\/unidaddegenero\/wp-json\/wp\/v2\/media?parent=634"}],"curies":[{"name":"wp","href":"https:\/\/api.w.org\/{rel}","templated":true}]}}

Seres Humanos Diversos con los mismos Derechos. Igualdad Sustantiva y No Discriminación

<div class="wp-block-group is-layout-constrained wp-container-core-group-is-layout-9517baca wp-block-group-is-layout-constrained">
<div class="wp-block-columns is-layout-flex wp-container-core-columns-is-layout-d39e70f1 wp-block-columns-is-layout-flex" style="margin-top:0;margin-bottom:0;padding-top:0;padding-bottom:0">
<div class="wp-block-column has-background is-layout-flow wp-block-column-is-layout-flow" style="border-radius:0px;background-color:#530000;padding-top:0;padding-right:0;padding-bottom:0;padding-left:0;flex-basis:100%">
<div class="wp-block-cover wp-elements-400fb5391914048e795ef106940632b7 has-aspect-ratio" style="margin-top:0;margin-bottom:0;padding-top:0;padding-right:0;padding-bottom:0;padding-left:0;aspect-ratio:auto;min-height:unset;"><img loading="lazy" decoding="async" width="2560" height="389" class="wp-block-cover__image-background wp-image-1236 size-full" alt="" src="https://www.ssaver.gob.mx/unidaddegenero/wp-content/uploads/sites/21/2025/10/UG_banner_SERES_HUMANOS_DIVERSOS-scaled.png" data-object-fit="cover" srcset="https://www.ssaver.gob.mx/unidaddegenero/wp-content/uploads/sites/21/2025/10/UG_banner_SERES_HUMANOS_DIVERSOS-scaled.png 2560w, https://www.ssaver.gob.mx/unidaddegenero/wp-content/uploads/sites/21/2025/10/UG_banner_SERES_HUMANOS_DIVERSOS-300x46.png 300w, https://www.ssaver.gob.mx/unidaddegenero/wp-content/uploads/sites/21/2025/10/UG_banner_SERES_HUMANOS_DIVERSOS-1024x156.png 1024w, https://www.ssaver.gob.mx/unidaddegenero/wp-content/uploads/sites/21/2025/10/UG_banner_SERES_HUMANOS_DIVERSOS-768x117.png 768w, https://www.ssaver.gob.mx/unidaddegenero/wp-content/uploads/sites/21/2025/10/UG_banner_SERES_HUMANOS_DIVERSOS-1536x234.png 1536w, https://www.ssaver.gob.mx/unidaddegenero/wp-content/uploads/sites/21/2025/10/UG_banner_SERES_HUMANOS_DIVERSOS-2048x312.png 2048w" sizes="auto, (max-width: 2560px) 100vw, 2560px" /><span aria-hidden="true" class="wp-block-cover__background has-background-dim-0 has-background-dim" style="background-color:#720f37"></span><div class="wp-block-cover__inner-container is-layout-constrained wp-container-core-cover-is-layout-72190d31 wp-block-cover-is-layout-constrained">
<p class="has-text-align-center" style="font-size:28px"><strong>Seres Humanos Diversos con los mismos Derechos.  Igualdad Sustantiva y No Discriminación.</strong></p>
</div></div>
</div>
</div>



<div class="wp-block-columns is-layout-flex wp-container-core-columns-is-layout-b2864ded wp-block-columns-is-layout-flex" style="margin-top:0;margin-bottom:0;padding-top:0;padding-bottom:0">
<div class="wp-block-column is-vertically-aligned-center has-background is-layout-flow wp-block-column-is-layout-flow" style="background:linear-gradient(180deg,rgb(233,231,225) 32%,rgba(232,230,225,0) 100%);padding-top:var(--wp--preset--spacing--40);padding-right:var(--wp--preset--spacing--40);padding-bottom:var(--wp--preset--spacing--40);padding-left:var(--wp--preset--spacing--70);flex-basis:100%">
<figure class="wp-block-image size-full is-resized"><img loading="lazy" decoding="async" width="685" height="171" src="https://www.ssaver.gob.mx/unidaddegenero/wp-content/uploads/sites/21/2022/07/bannerUG4.jpg" alt="" class="wp-image-592" style="width:1500px" srcset="https://www.ssaver.gob.mx/unidaddegenero/wp-content/uploads/sites/21/2022/07/bannerUG4.jpg 685w, https://www.ssaver.gob.mx/unidaddegenero/wp-content/uploads/sites/21/2022/07/bannerUG4-300x75.jpg 300w" sizes="auto, (max-width: 685px) 100vw, 685px" /></figure>



<ul style="color:#5b4c0d;background-color:#fff4e0;font-size:22px" class="wp-block-list has-text-color has-background">
<li><strong><a href="https://www.ssaver.gob.mx/unidaddegenero/wp-content/uploads/sites/21/2023/05/Igualdad_de_derechos-scaled.jpg" target="_blank" rel="noreferrer noopener">IGUALDAD DE DERECHOS.</a></strong></li>



<li><strong><a href="https://www.ssaver.gob.mx/unidaddegenero/wp-content/uploads/sites/21/2023/05/Tramite_de_cambio_de_Genero.jpg" target="_blank" rel="noreferrer noopener">TRÁMITE DE CAMBIO DE GÉNERO.</a></strong></li>



<li><strong><a rel="noreferrer noopener" href="https://www.ssaver.gob.mx/unidaddegenero/wp-content/uploads/sites/21/2022/10/RESPETA-SUS-DERECHOS.jpeg" target="_blank">RESPETA SUS DERECHOS.</a></strong></li>



<li><strong><a href="https://www.ssaver.gob.mx/unidaddegenero/wp-content/uploads/sites/21/2022/08/LOS_ESTEREOTIPOS_DE_GENERO.jpeg" target="_blank" rel="noreferrer noopener">¿POR QUÉ SON MALOS LOS ESTEREOTIPOS DE GÉNERO?.</a></strong></li>



<li><strong><a href="https://www.ssaver.gob.mx/unidaddegenero/wp-content/uploads/sites/21/2022/08/MISMOS_DERECHOS.jpeg" target="_blank" rel="noreferrer noopener">«MIS DERECHOS NO AFECTAN LOS TUYOS, PORQUE SON LOS MISMOS».</a></strong></li>



<li><strong><a href="https://www.ssaver.gob.mx/unidaddegenero/wp-content/uploads/sites/21/2022/07/LGBTTTI1_CAMPANA_SERES_HUMANOS_DIVERSOS.docx" target="_blank" rel="noreferrer noopener">CAMPAÑA «SERES HUMANOS DIVERSOS CON LOS MISMOS DERECHOS, IGUALDAD SUSTANTIVA Y NO DISCRIMINACIÓN».</a></strong></li>



<li><strong><a href="https://www.ssaver.gob.mx/unidaddegenero/wp-content/uploads/sites/21/2022/07/LGBTTTI2_PROTOCOLO_ATN_MEDICA.pdf" target="_blank" rel="noreferrer noopener">PROTOCOLO PARA EL ACCESO SIN DISCRIMINACIÓN A LA PRESTACIÓN DE SERVICIOS DE ATENCIÓN MÉDICA DE LAS PERSONAS LGBTTTI Y GUÍAS DE ATENCIÓN ESPECÍFICAS.</a></strong></li>



<li><strong><a href="https://www.ssaver.gob.mx/unidaddegenero/wp-content/uploads/sites/21/2022/07/LGBTTTI3_STORIES_LGBT_18.png" target="_blank" rel="noreferrer noopener">DISCRIMINACIÓN HACIA LA COMUNIDAD LGBTTTIQ+ ES UN PROBLEMA HABITUAL (STORIES 1).</a></strong></li>



<li><strong><a href="https://www.ssaver.gob.mx/unidaddegenero/wp-content/uploads/sites/21/2022/07/LGBTTTI4_STORIES_LGBT-19.png" target="_blank" rel="noreferrer noopener">NO CERREMOS LOS OJOS ANTE ESTA SITUACIÓN (STORIES 2).</a></strong></li>
</ul>
</div>
</div>
</div>
